{"id":193,"date":"2025-12-16T11:48:25","date_gmt":"2025-12-16T11:48:25","guid":{"rendered":"https:\/\/mercigracias.ch\/?page_id=193"},"modified":"2026-07-13T05:16:00","modified_gmt":"2026-07-13T05:16:00","slug":"ma-grand-mere","status":"publish","type":"page","link":"https:\/\/mercigracias.ch\/?page_id=193","title":{"rendered":"Ma grand-m\u00e8re"},"content":{"rendered":"\n<p class=\"wp-block-paragraph\">&lt;Enregistr\u00e9 le 04 septembre 2014&gt;<\/p>\n\n\n\n<p class=\"wp-block-paragraph\">Ma m\u00e8re avait une tr\u00e8s mauvaise image de l&rsquo;homme, et une tr\u00e8s mauvaise image de son propre p\u00e8re&#8230; Alors elle ne pouvait pas avoir une bonne image de son mari&#8230;<\/p>\n\n\n\n<p class=\"wp-block-paragraph\">Et quand tu n&rsquo;as pas une bonne image des hommes, quelle image peux tu avoir des fruits du p\u00e9ch\u00e9&#8230; ?<\/p>\n\n\n\n<p class=\"wp-block-paragraph\">Mais elle avait une image surfaite de ma Grand-Maman&#8230; Quoique \u00e7a a d\u00fb \u00eatre une sacr\u00e9e femme&#8230; car je ne l&rsquo;ai jamais entendue dire un mot sur sa propre m\u00e8re&#8230; Jamais.<\/p>\n\n\n\n<p class=\"wp-block-paragraph\">De sa maman, elle en \u00e9tait admirative&#8230; Elle disait : <br>&#8211; Alors \u00e7a, c&rsquo;\u00e9tait une femme !&#8230; <\/p>\n\n\n\n<p class=\"wp-block-paragraph\">Il \u00e9tait \u00e9vident que c&rsquo;\u00e9tait son mod\u00e8le&#8230; Sa m\u00e8re faisait des 6 \u00e0 l&rsquo;\u00e9cole, et elle \u00e9tait n\u00e9e en 1898.<\/p>\n\n\n\n<p class=\"wp-block-paragraph\">Quand ma m\u00e8re parlait de ma Grand-Maman, elle parlait de sa brillance et elle disait : <br>&#8211; Quand je la voyais passer pour aller au march\u00e9, comment elle organisait ses affaires, comment elle pr\u00e9parait, que tout \u00e9tait pr\u00eat, et qu&rsquo;au march\u00e9 tout fonctionnait tr\u00e8s bien&#8230;Tu vois ? <br>Qui c&rsquo;est qui allait au jardin pour pr\u00e9parer tout ce qui devait \u00eatre emport\u00e9, couper du tout frais juste avant d&rsquo;y aller&#8230;?<br>Car avec elle et \u00e0 cette \u00e9poque, tout \u00e9tait frais&#8230;Les frigos n&rsquo;existaient pas et les clients voulaient tous du tout frais au march\u00e9&#8230; L\u00e0-bas, ils savaient que chez nous, c&rsquo;\u00e9tait coup\u00e9 juste avant d&rsquo;arriver&#8230;C&rsquo;\u00e9tait pas du soir avant, alors ils en \u00e9taient friands au march\u00e9&#8230;<\/p>\n\n\n\n<p class=\"wp-block-paragraph\">Ma Grand-Maman, elle \u00e9tait connue au march\u00e9 de Fribourg. <br>Elle y avait sa place.<\/p>\n\n\n\n<p class=\"wp-block-paragraph\">&#8211; Elle \u00e9tait tr\u00e8s comp\u00e9tente, et pour partir, \u00e7a lui \u00e9tait \u00e9gale de se lever \u00e0 3 h du matin. Il fallait y aller&#8230;!<br>Une force de la nature. Elle partait \u00e0 cheval avec sa cariole alors qu&rsquo;il faisait encore nuit et que tu ne voyais pas les chemins&#8230; Il n&rsquo;y avait pas d&rsquo;\u00e9clairage \u00e0 cette \u00e9poque, et il fallait m\u00eame traverser un bois&#8230;<\/p>\n\n\n\n<p class=\"wp-block-paragraph\">Maman m&rsquo;avait dit quand elle avait d\u00fb la remplacer un jour, pour aller au march\u00e9 alors que ma Grand-Maman \u00e9tait \u00e0 l&rsquo;h\u00f4pital :<br>&#8211; Mais je pleurais en y allant&#8230;Tellement c&rsquo;\u00e9tait difficile !<\/p>\n\n\n\n<p class=\"wp-block-paragraph\">Alors Elle s&rsquo;\u00e9tait dit :<br>&#8211; Faut y aller&#8230; faut y aller, faut y aller. personne le fera pour toi ! <br>Maman y va bien, alors moi aussi je peux y aller&#8230;<\/p>\n\n\n\n<p class=\"wp-block-paragraph\">&#8230;C&rsquo;\u00e9tait pour se donner du courage.<\/p>\n\n\n\n<p class=\"wp-block-paragraph\">Ma m\u00e8re avait toujours ce c\u00f4t\u00e9 d\u00e9passement par rapport \u00e0 sa propre m\u00e8re, une m\u00e8re qui \u00e9tait tellement brillante&#8230;<\/p>\n\n\n\n<p class=\"wp-block-paragraph\">Mais ma Grand-Maman, au moins elle savait vivre, parce que quand elle avait fait un bon march\u00e9, elle leur achetait un mille-feuille, ou une plaque de chocolat. <br>Ma m\u00e8re m&rsquo;avait racont\u00e9 que tr\u00e8s souvent quand elle avait fait un bon march\u00e9 elle revenait avec quelque chose&#8230;<\/p>\n\n\n\n<p class=\"wp-block-paragraph\">Maman disait de sa m\u00e8re, qu&rsquo;elle avait une sagesse et une fa\u00e7on de faire qui \u00e9tait hors du commun&#8230; Alors elle a toujours voulu lui ressembler, se montrer \u00ab\u00a0\u00e0 la hauteur\u00a0\u00bb&#8230; Sans doute que \u00e7a primait sur tout le reste.<\/p>\n\n\n\n<p class=\"wp-block-paragraph\">Alors \u00e9videment, on passait derri\u00e8re&#8230;<\/p>\n","protected":false},"excerpt":{"rendered":"<p>&lt;Enregistr\u00e9 le 04 septembre 2014&gt; Ma m\u00e8re avait une tr\u00e8s mauvaise image de l&rsquo;homme, et une tr\u00e8s mauvaise image de son propre p\u00e8re&#8230; Alors elle ne pouvait pas avoir une bonne image de son mari&#8230; Et quand tu n&rsquo;as pas une bonne image des hommes, quelle image peux tu avoir des fruits du p\u00e9ch\u00e9&#8230; ? [&hellip;]<\/p>\n","protected":false},"author":1,"featured_media":0,"parent":0,"menu_order":0,"comment_status":"open","ping_status":"closed","template":"pages-chapitre-01","meta":{"footnotes":""},"class_list":["post-193","page","type-page","status-publish","hentry"],"jetpack_sharing_enabled":true,"_links":{"self":[{"href":"https:\/\/mercigracias.ch\/index.php?rest_route=\/wp\/v2\/pages\/193","targetHints":{"allow":["GET"]}}],"collection":[{"href":"https:\/\/mercigracias.ch\/index.php?rest_route=\/wp\/v2\/pages"}],"about":[{"href":"https:\/\/mercigracias.ch\/index.php?rest_route=\/wp\/v2\/types\/page"}],"author":[{"embeddable":true,"href":"https:\/\/mercigracias.ch\/index.php?rest_route=\/wp\/v2\/users\/1"}],"replies":[{"embeddable":true,"href":"https:\/\/mercigracias.ch\/index.php?rest_route=%2Fwp%2Fv2%2Fcomments&post=193"}],"version-history":[{"count":8,"href":"https:\/\/mercigracias.ch\/index.php?rest_route=\/wp\/v2\/pages\/193\/revisions"}],"predecessor-version":[{"id":5639,"href":"https:\/\/mercigracias.ch\/index.php?rest_route=\/wp\/v2\/pages\/193\/revisions\/5639"}],"wp:attachment":[{"href":"https:\/\/mercigracias.ch\/index.php?rest_route=%2Fwp%2Fv2%2Fmedia&parent=193"}],"curies":[{"name":"wp","href":"https:\/\/api.w.org\/{rel}","templated":true}]}}

Ma grand-mère

<p class="wp-block-paragraph">&lt;Enregistré le 04 septembre 2014&gt;</p>



<p class="wp-block-paragraph">Ma mère avait une très mauvaise image de l&rsquo;homme, et une très mauvaise image de son propre père&#8230; Alors elle ne pouvait pas avoir une bonne image de son mari&#8230;</p>



<p class="wp-block-paragraph">Et quand tu n&rsquo;as pas une bonne image des hommes, quelle image peux tu avoir des fruits du péché&#8230; ?</p>



<p class="wp-block-paragraph">Mais elle avait une image surfaite de ma Grand-Maman&#8230; Quoique ça a dû être une sacrée femme&#8230; car je ne l&rsquo;ai jamais entendue dire un mot sur sa propre mère&#8230; Jamais.</p>



<p class="wp-block-paragraph">De sa maman, elle en était admirative&#8230; Elle disait : <br>&#8211; Alors ça, c&rsquo;était une femme !&#8230; </p>



<p class="wp-block-paragraph">Il était évident que c&rsquo;était son modèle&#8230; Sa mère faisait des 6 à l&rsquo;école, et elle était née en 1898.</p>



<p class="wp-block-paragraph">Quand ma mère parlait de ma Grand-Maman, elle parlait de sa brillance et elle disait : <br>&#8211; Quand je la voyais passer pour aller au marché, comment elle organisait ses affaires, comment elle préparait, que tout était prêt, et qu&rsquo;au marché tout fonctionnait très bien&#8230;Tu vois ? <br>Qui c&rsquo;est qui allait au jardin pour préparer tout ce qui devait être emporté, couper du tout frais juste avant d&rsquo;y aller&#8230;?<br>Car avec elle et à cette époque, tout était frais&#8230;Les frigos n&rsquo;existaient pas et les clients voulaient tous du tout frais au marché&#8230; Là-bas, ils savaient que chez nous, c&rsquo;était coupé juste avant d&rsquo;arriver&#8230;C&rsquo;était pas du soir avant, alors ils en étaient friands au marché&#8230;</p>



<p class="wp-block-paragraph">Ma Grand-Maman, elle était connue au marché de Fribourg. <br>Elle y avait sa place.</p>



<p class="wp-block-paragraph">&#8211; Elle était très compétente, et pour partir, ça lui était égale de se lever à 3 h du matin. Il fallait y aller&#8230;!<br>Une force de la nature. Elle partait à cheval avec sa cariole alors qu&rsquo;il faisait encore nuit et que tu ne voyais pas les chemins&#8230; Il n&rsquo;y avait pas d&rsquo;éclairage à cette époque, et il fallait même traverser un bois&#8230;</p>



<p class="wp-block-paragraph">Maman m&rsquo;avait dit quand elle avait dû la remplacer un jour, pour aller au marché alors que ma Grand-Maman était à l&rsquo;hôpital :<br>&#8211; Mais je pleurais en y allant&#8230;Tellement c&rsquo;était difficile !</p>



<p class="wp-block-paragraph">Alors Elle s&rsquo;était dit :<br>&#8211; Faut y aller&#8230; faut y aller, faut y aller. personne le fera pour toi ! <br>Maman y va bien, alors moi aussi je peux y aller&#8230;</p>



<p class="wp-block-paragraph">&#8230;C&rsquo;était pour se donner du courage.</p>



<p class="wp-block-paragraph">Ma mère avait toujours ce côté dépassement par rapport à sa propre mère, une mère qui était tellement brillante&#8230;</p>



<p class="wp-block-paragraph">Mais ma Grand-Maman, au moins elle savait vivre, parce que quand elle avait fait un bon marché, elle leur achetait un mille-feuille, ou une plaque de chocolat. <br>Ma mère m&rsquo;avait raconté que très souvent quand elle avait fait un bon marché elle revenait avec quelque chose&#8230;</p>



<p class="wp-block-paragraph">Maman disait de sa mère, qu&rsquo;elle avait une sagesse et une façon de faire qui était hors du commun&#8230; Alors elle a toujours voulu lui ressembler, se montrer « à la hauteur »&#8230; Sans doute que ça primait sur tout le reste.</p>



<p class="wp-block-paragraph">Alors évidement, on passait derrière&#8230;</p>

<p>&lt;Enregistré le 04 septembre 2014&gt; Ma mère avait une très mauvaise image de l&rsquo;homme, et une très mauvaise image de son propre père&#8230; Alors elle ne pouvait pas avoir une bonne image de son mari&#8230; Et quand tu n&rsquo;as pas une bonne image des hommes, quelle image peux tu avoir des fruits du péché&#8230; ? [&hellip;]</p>
