{"id":1932,"date":"2026-02-27T21:59:10","date_gmt":"2026-02-27T21:59:10","guid":{"rendered":"https:\/\/mercigracias.ch\/?page_id=1932"},"modified":"2026-06-27T17:19:10","modified_gmt":"2026-06-27T17:19:10","slug":"derniere-tentative","status":"publish","type":"page","link":"https:\/\/mercigracias.ch\/?page_id=1932","title":{"rendered":"Il est o\u00f9 ton soleil maintenant ?"},"content":{"rendered":"\n<p class=\"wp-block-paragraph\">&lt;Enregistr\u00e9 le 03 D\u00e9cembre 2016&gt;<\/p>\n\n\n\n<p class=\"wp-block-paragraph\">Michelangelo nous avait invit\u00e9s pour aller manger le soir dans un chalet le soir, \u00e7a c&rsquo;\u00e9tait la deuxi\u00e8me fois qu&rsquo;il \u00e9tait revenu me rechercher&#8230; C&rsquo;\u00e9tait en plein hiver, et il y avait sa copine et mon fianc\u00e9.<\/p>\n\n\n\n<p class=\"wp-block-paragraph\">Il nous avait invit\u00e9s tous ensemble parce qu&rsquo;il s&rsquo;\u00e9tait rendu compte la premi\u00e8re saison qu&rsquo;il n&rsquo;avait pas r\u00e9ussi \u00e0 me convaincre, alors la deuxi\u00e8me saison, il invite tout le monde&#8230; et la troisi\u00e8me saison, il est revenu seul&#8230;<\/p>\n\n\n\n<p class=\"wp-block-paragraph\">Chaque saison, il \u00e9tait revenu. Il \u00e9tait remont\u00e9 \u00e0 Gstaad pour me dire maintenant vous avez fini la saison, vous redescendez, vous revenez&#8230;!<\/p>\n\n\n\n<p class=\"wp-block-paragraph\">\u00c7a l&rsquo;a quand m\u00eame perturb\u00e9, pendant 2 ans&#8230; La premi\u00e8re fois, j&rsquo;\u00e9tais parti de chez lui en d\u00e9cembre et il \u00e9tait venu en f\u00e9vrier&#8230; <br>Il m&rsquo;avait invit\u00e9 \u00e0 l&rsquo;Olden&#8230; et il m&rsquo;avait dit :<br>&#8211; Bon la saison va bient\u00f4t finir&#8230; Vous recommencer quand ?<\/p>\n\n\n\n<p class=\"wp-block-paragraph\">Il ne voulait plus me l\u00e2cher&#8230; et la deuxi\u00e8me fois, d\u00e9j\u00e0 la m\u00eame ann\u00e9e je finis la deuxi\u00e8me saison, rebelote&#8230; Il m&rsquo;avait dit&#8230;<br>&#8211; On ira dans un endroit tout \u00e0 fait exceptionnel&#8230;<\/p>\n\n\n\n<p class=\"wp-block-paragraph\">Et c&rsquo;\u00e9tait vrai, on \u00e9tait mont\u00e9 dans la neige, on avait eu la trouille dans ces chemins compl\u00e8tement perdus&#8230; mais c&rsquo;\u00e9tait magnifique !<\/p>\n\n\n\n<p class=\"wp-block-paragraph\">Il avait sa Range Rover&#8230; On \u00e9tait arriv\u00e9 dans un restaurant, je ne t&rsquo;explique pas, c&rsquo;\u00e9tait le soir, il y avait la pleine lune&#8230; Il y avait une lumi\u00e8re tout autour !<br>Mais c&rsquo;est comme si c&rsquo;\u00e9tait au bout du monde&#8230; et au milieu de la neige.<\/p>\n\n\n\n<p class=\"wp-block-paragraph\">Tout \u00e9tait vitr\u00e9, l\u00e0-bas, avec des petites fen\u00eatres avec vue sur l&rsquo;ext\u00e9rieur&#8230; Il faisait un froid de canard, c&rsquo;\u00e9tait verglac\u00e9, tu avais l&rsquo;impression de risquer de te casser la figure dans tous les coins&#8230;<\/p>\n\n\n\n<p class=\"wp-block-paragraph\">Mais c&rsquo;\u00e9tait magnifique, grandiose&#8230;<\/p>\n\n\n\n<p class=\"wp-block-paragraph\">Je me souviendrais toujours, de ce clair de lune et Michelangelo avec son grand manteau, qui disait \u00e0 sa copine :<br>&#8211; Tiens, regarde la lune&#8230; Regarde la lune ! Toutes les cinq minutes, tu vois c&rsquo;est un signe&#8230; avec toutes ces lumi\u00e8res autour, toute la nuit, il \u00e9tait tout fou&#8230; Avec toutes ces \u00e9toiles \u00e9tincelantes, qui brillaient, c&rsquo;\u00e9tait magnifique !<\/p>\n\n\n\n<p class=\"wp-block-paragraph\">Mon fianc\u00e9, il \u00e9tait pli\u00e9 parce que Michelangelo me tenait par le bras et il me disait regarde l\u00e0&#8230; et maintenant tu reviens, tu reviens&#8230; tu redescends&#8230; maintenant tu reviens&#8230;<\/p>\n\n\n\n<p class=\"wp-block-paragraph\">&#8211; Non, je ne vais pas revenir&#8230; <\/p>\n\n\n\n<p class=\"wp-block-paragraph\">Et mon fianc\u00e9, il n&rsquo;en pouvait plus&#8230; Il \u00e9tait mort de rire&#8230;<br>&#8211; Alors l\u00e0, c&rsquo;est du fou de fou&#8230; Alors l\u00e0 c&rsquo;est quelqu&rsquo;un d&rsquo;un extr\u00eame&#8230;<\/p>\n\n\n\n<p class=\"wp-block-paragraph\">Il \u00e9tait au comble du bonheur devant Michelangelo&#8230; il m&rsquo;a dit :<br>&#8211; Mais quelqu&rsquo;un de plus fou que \u00e7a, je n&rsquo;ai jamais vu, vraiment d&rsquo;un extr\u00e9misme&#8230;<\/p>\n\n\n\n<p class=\"wp-block-paragraph\">Alors quand il est revenu pour la troisi\u00e8me fois, seul, \u00e0 la fin de la saison d&rsquo;\u00e9t\u00e9&#8230; et que je lui ai dit :<br>&#8211; Non, mais je ne reviendrai jamais&#8230; C&rsquo;est fini Michelangelo&#8230;<br>J&rsquo;\u00e9tais triste pour lui, mais je devais avancer&#8230;<\/p>\n\n\n\n<p class=\"wp-block-paragraph\">Mais \u00e0 la quatri\u00e8me saison, quand je suis partie&#8230; L\u00e0, le jour m\u00eame, il t\u00e9l\u00e9phone \u00e0 Ferdinand pour lui dire&#8230;<br>&#8211; H\u00e9&#8230; Salut Ferdinand&#8230; Alors comment tu te sens aujourd&rsquo;hui&#8230;? (Rire)<\/p>\n\n\n\n<p class=\"wp-block-paragraph\">Alors pour savoir le jour o\u00f9 je partais de Gstaad, et t\u00e9l\u00e9phoner \u00e0 Ferdinand&#8230; Tout \u00e7a, parce que quand j&rsquo;\u00e9tais parti pour Gstaad, il avait dit \u00e0 Ferdinand&#8230; <br>&#8211; Tu m&rsquo;enl\u00e8ves le soleil de ma vie&#8230;!<\/p>\n\n\n\n<p class=\"wp-block-paragraph\">Alors Ferdinand, lui avait r\u00e9pondu&#8230;:<br>&#8211; Alors moi, j&rsquo;ai envie de le conna\u00eetre, celui-l\u00e0 aussi&#8230; S&rsquo;il va pour toi, il va aussi pour moi&#8230; !<\/p>\n\n\n\n<p class=\"wp-block-paragraph\">Et le jour o\u00f9 je suis parti de Gstaad, Ferdinand me dit : <br>&#8211; Tu te rends compte, ce salaud, il m&rsquo;a t\u00e9l\u00e9phon\u00e9 pour me dire :<br>&#8211; Alors, il est o\u00f9 ton soleil maintenant ? Tu te sens bien ? \u00c7a va bien ?<\/p>\n\n\n\n<p class=\"wp-block-paragraph\">Il ne l&rsquo;avait pas loup\u00e9&#8230; Mais \u00e7a, je n&rsquo;ai jamais compris non plus&#8230;<br>Qu&rsquo;est ce qu&rsquo;il y avait, qui \u00e9tait tellement fort pour agir ainsi ?<br>Qu&rsquo;est ce qui faisait que j&rsquo;avais un tel impact sur Michelangelo et sur Ferdinand aussi&#8230; ?<\/p>\n\n\n\n<p class=\"wp-block-paragraph\">\u00c7a lui avait pris la t\u00eate, hein ?<\/p>\n\n\n\n<p class=\"wp-block-paragraph\">&#8211; <em>Ils \u00e9taient amoureux de toi, il y avait une admiration&#8230;?<\/em><br>&#8211; Non, parce que, pour Ferdinand, j&rsquo;\u00e9tais sa fille&#8230; et Michelangelo,  il aimait sa copine !<br><\/p>\n\n\n\n<p class=\"wp-block-paragraph\"><\/p>\n","protected":false},"excerpt":{"rendered":"<p>&lt;Enregistr\u00e9 le 03 D\u00e9cembre 2016&gt; Michelangelo nous avait invit\u00e9s pour aller manger le soir dans un chalet le soir, \u00e7a c&rsquo;\u00e9tait la deuxi\u00e8me fois qu&rsquo;il \u00e9tait revenu me rechercher&#8230; C&rsquo;\u00e9tait en plein hiver, et il y avait sa copine et mon fianc\u00e9. Il nous avait invit\u00e9s tous ensemble parce qu&rsquo;il s&rsquo;\u00e9tait rendu compte la premi\u00e8re [&hellip;]<\/p>\n","protected":false},"author":1,"featured_media":0,"parent":0,"menu_order":0,"comment_status":"open","ping_status":"closed","template":"pages-chapitre-07","meta":{"footnotes":""},"class_list":["post-1932","page","type-page","status-publish","hentry"],"jetpack_sharing_enabled":true,"_links":{"self":[{"href":"https:\/\/mercigracias.ch\/index.php?rest_route=\/wp\/v2\/pages\/1932","targetHints":{"allow":["GET"]}}],"collection":[{"href":"https:\/\/mercigracias.ch\/index.php?rest_route=\/wp\/v2\/pages"}],"about":[{"href":"https:\/\/mercigracias.ch\/index.php?rest_route=\/wp\/v2\/types\/page"}],"author":[{"embeddable":true,"href":"https:\/\/mercigracias.ch\/index.php?rest_route=\/wp\/v2\/users\/1"}],"replies":[{"embeddable":true,"href":"https:\/\/mercigracias.ch\/index.php?rest_route=%2Fwp%2Fv2%2Fcomments&post=1932"}],"version-history":[{"count":8,"href":"https:\/\/mercigracias.ch\/index.php?rest_route=\/wp\/v2\/pages\/1932\/revisions"}],"predecessor-version":[{"id":4941,"href":"https:\/\/mercigracias.ch\/index.php?rest_route=\/wp\/v2\/pages\/1932\/revisions\/4941"}],"wp:attachment":[{"href":"https:\/\/mercigracias.ch\/index.php?rest_route=%2Fwp%2Fv2%2Fmedia&parent=1932"}],"curies":[{"name":"wp","href":"https:\/\/api.w.org\/{rel}","templated":true}]}}

Il est où ton soleil maintenant ?

<p class="wp-block-paragraph">&lt;Enregistré le 03 Décembre 2016&gt;</p>



<p class="wp-block-paragraph">Michelangelo nous avait invités pour aller manger le soir dans un chalet le soir, ça c&rsquo;était la deuxième fois qu&rsquo;il était revenu me rechercher&#8230; C&rsquo;était en plein hiver, et il y avait sa copine et mon fiancé.</p>



<p class="wp-block-paragraph">Il nous avait invités tous ensemble parce qu&rsquo;il s&rsquo;était rendu compte la première saison qu&rsquo;il n&rsquo;avait pas réussi à me convaincre, alors la deuxième saison, il invite tout le monde&#8230; et la troisième saison, il est revenu seul&#8230;</p>



<p class="wp-block-paragraph">Chaque saison, il était revenu. Il était remonté à Gstaad pour me dire maintenant vous avez fini la saison, vous redescendez, vous revenez&#8230;!</p>



<p class="wp-block-paragraph">Ça l&rsquo;a quand même perturbé, pendant 2 ans&#8230; La première fois, j&rsquo;étais parti de chez lui en décembre et il était venu en février&#8230; <br>Il m&rsquo;avait invité à l&rsquo;Olden&#8230; et il m&rsquo;avait dit :<br>&#8211; Bon la saison va bientôt finir&#8230; Vous recommencer quand ?</p>



<p class="wp-block-paragraph">Il ne voulait plus me lâcher&#8230; et la deuxième fois, déjà la même année je finis la deuxième saison, rebelote&#8230; Il m&rsquo;avait dit&#8230;<br>&#8211; On ira dans un endroit tout à fait exceptionnel&#8230;</p>



<p class="wp-block-paragraph">Et c&rsquo;était vrai, on était monté dans la neige, on avait eu la trouille dans ces chemins complètement perdus&#8230; mais c&rsquo;était magnifique !</p>



<p class="wp-block-paragraph">Il avait sa Range Rover&#8230; On était arrivé dans un restaurant, je ne t&rsquo;explique pas, c&rsquo;était le soir, il y avait la pleine lune&#8230; Il y avait une lumière tout autour !<br>Mais c&rsquo;est comme si c&rsquo;était au bout du monde&#8230; et au milieu de la neige.</p>



<p class="wp-block-paragraph">Tout était vitré, là-bas, avec des petites fenêtres avec vue sur l&rsquo;extérieur&#8230; Il faisait un froid de canard, c&rsquo;était verglacé, tu avais l&rsquo;impression de risquer de te casser la figure dans tous les coins&#8230;</p>



<p class="wp-block-paragraph">Mais c&rsquo;était magnifique, grandiose&#8230;</p>



<p class="wp-block-paragraph">Je me souviendrais toujours, de ce clair de lune et Michelangelo avec son grand manteau, qui disait à sa copine :<br>&#8211; Tiens, regarde la lune&#8230; Regarde la lune ! Toutes les cinq minutes, tu vois c&rsquo;est un signe&#8230; avec toutes ces lumières autour, toute la nuit, il était tout fou&#8230; Avec toutes ces étoiles étincelantes, qui brillaient, c&rsquo;était magnifique !</p>



<p class="wp-block-paragraph">Mon fiancé, il était plié parce que Michelangelo me tenait par le bras et il me disait regarde là&#8230; et maintenant tu reviens, tu reviens&#8230; tu redescends&#8230; maintenant tu reviens&#8230;</p>



<p class="wp-block-paragraph">&#8211; Non, je ne vais pas revenir&#8230; </p>



<p class="wp-block-paragraph">Et mon fiancé, il n&rsquo;en pouvait plus&#8230; Il était mort de rire&#8230;<br>&#8211; Alors là, c&rsquo;est du fou de fou&#8230; Alors là c&rsquo;est quelqu&rsquo;un d&rsquo;un extrême&#8230;</p>



<p class="wp-block-paragraph">Il était au comble du bonheur devant Michelangelo&#8230; il m&rsquo;a dit :<br>&#8211; Mais quelqu&rsquo;un de plus fou que ça, je n&rsquo;ai jamais vu, vraiment d&rsquo;un extrémisme&#8230;</p>



<p class="wp-block-paragraph">Alors quand il est revenu pour la troisième fois, seul, à la fin de la saison d&rsquo;été&#8230; et que je lui ai dit :<br>&#8211; Non, mais je ne reviendrai jamais&#8230; C&rsquo;est fini Michelangelo&#8230;<br>J&rsquo;étais triste pour lui, mais je devais avancer&#8230;</p>



<p class="wp-block-paragraph">Mais à la quatrième saison, quand je suis partie&#8230; Là, le jour même, il téléphone à Ferdinand pour lui dire&#8230;<br>&#8211; Hé&#8230; Salut Ferdinand&#8230; Alors comment tu te sens aujourd&rsquo;hui&#8230;? (Rire)</p>



<p class="wp-block-paragraph">Alors pour savoir le jour où je partais de Gstaad, et téléphoner à Ferdinand&#8230; Tout ça, parce que quand j&rsquo;étais parti pour Gstaad, il avait dit à Ferdinand&#8230; <br>&#8211; Tu m&rsquo;enlèves le soleil de ma vie&#8230;!</p>



<p class="wp-block-paragraph">Alors Ferdinand, lui avait répondu&#8230;:<br>&#8211; Alors moi, j&rsquo;ai envie de le connaître, celui-là aussi&#8230; S&rsquo;il va pour toi, il va aussi pour moi&#8230; !</p>



<p class="wp-block-paragraph">Et le jour où je suis parti de Gstaad, Ferdinand me dit : <br>&#8211; Tu te rends compte, ce salaud, il m&rsquo;a téléphoné pour me dire :<br>&#8211; Alors, il est où ton soleil maintenant ? Tu te sens bien ? Ça va bien ?</p>



<p class="wp-block-paragraph">Il ne l&rsquo;avait pas loupé&#8230; Mais ça, je n&rsquo;ai jamais compris non plus&#8230;<br>Qu&rsquo;est ce qu&rsquo;il y avait, qui était tellement fort pour agir ainsi ?<br>Qu&rsquo;est ce qui faisait que j&rsquo;avais un tel impact sur Michelangelo et sur Ferdinand aussi&#8230; ?</p>



<p class="wp-block-paragraph">Ça lui avait pris la tête, hein ?</p>



<p class="wp-block-paragraph">&#8211; <em>Ils étaient amoureux de toi, il y avait une admiration&#8230;?</em><br>&#8211; Non, parce que, pour Ferdinand, j&rsquo;étais sa fille&#8230; et Michelangelo,  il aimait sa copine !<br></p>



<p class="wp-block-paragraph"></p>

<p>&lt;Enregistré le 03 Décembre 2016&gt; Michelangelo nous avait invités pour aller manger le soir dans un chalet le soir, ça c&rsquo;était la deuxième fois qu&rsquo;il était revenu me rechercher&#8230; C&rsquo;était en plein hiver, et il y avait sa copine et mon fiancé. Il nous avait invités tous ensemble parce qu&rsquo;il s&rsquo;était rendu compte la première [&hellip;]</p>
