{"id":1954,"date":"2026-02-28T09:15:54","date_gmt":"2026-02-28T09:15:54","guid":{"rendered":"https:\/\/mercigracias.ch\/?page_id=1954"},"modified":"2026-06-27T21:04:07","modified_gmt":"2026-06-27T21:04:07","slug":"mon-salon-et-rien-dautre","status":"publish","type":"page","link":"https:\/\/mercigracias.ch\/?page_id=1954","title":{"rendered":"Mon salon et rien d&rsquo;autre !"},"content":{"rendered":"\n<p class=\"wp-block-paragraph\">&lt;Enregistr\u00e9 le 27 Juin 2021&gt;<\/p>\n\n\n\n<p class=\"wp-block-paragraph\">Apr\u00e8s avoir travaill\u00e9 \u00e0 Gstaad, mon but quand je suis descendue c&rsquo;\u00e9tait de mettre en place mon salon de coiffure&#8230;<\/p>\n\n\n\n<p class=\"wp-block-paragraph\">Et je vois mon fianc\u00e9, qui allait me chercher des salons de coiffure&#8230; je lui dis : <br>&#8211; Eeeh, mais \u00e7a ne va pas la t\u00eate&#8230;? <br>Moi, je ne veux pas travailler dans un salon de coiffure&#8230;<br>Non !&#8230; Maintenant j&rsquo;ai fait le tour&#8230; Je ne vais pas aller comme manoyon dans la r\u00e9gion !<\/p>\n\n\n\n<ul class=\"wp-block-list\">\n<li>L\u00e0, je r\u00e9gresse !<\/li>\n<\/ul>\n\n\n\n<p class=\"wp-block-paragraph\">Alors le prochain stade, c&rsquo;est mon salon de coiffure ! <br>Je ne viens pas pour r\u00e9gresser !<\/p>\n\n\n\n<p class=\"wp-block-paragraph\">Ici \u00e0 Gstaad, si je reste je peux reprendre le salon de coiffure de Ferdinand&#8230; Alors ce n&rsquo;est pas pour descendre et aller travailler comme une boniche, hein ! <br>&#8211; \u00c7a c&rsquo;est fini&#8230; Si je descends, c&rsquo;est pour mon salon de coiffure&#8230;<br>Je veux \u00eatre patronne&#8230; Patronne !<\/p>\n\n\n\n<p class=\"wp-block-paragraph\">Je ne veux plus de patron&#8230; Je suis mon patron moi-m\u00eame&#8230;<\/p>\n\n\n\n<p class=\"wp-block-paragraph\">Parce que mon fr\u00e8re aussi, en ayant vu mes parents, il aurait pu prendre son garage, et puis \u00eatre ind\u00e9pendant&#8230;<\/p>\n\n\n\n<p class=\"wp-block-paragraph\">&#8211; <em>Mais il aurait fallu qu&rsquo;il change de pr\u00e9nom pour avoir le droit de d\u00e9cider, finalement il n&rsquo;a jamais d\u00e9cid\u00e9&#8230; Il a laisser sa femme d\u00e9cider pour lui&#8230;?<\/em><\/p>\n\n\n\n<p class=\"wp-block-paragraph\">&#8211; Oui, mais quand m\u00eame, quand il \u00e9tait adolescent il avait quand m\u00eame confront\u00e9 mes parents&#8230; et de tout temps. <br>Il grimpait par le mur, puis Il montait par les tuiles pour rentrer dans sa chambre&#8230; Il a fait son adolescence ! <br>C&rsquo;est sa femme, qui lui a mis la main dessus, qui l&rsquo;a redescendu !<\/p>\n\n\n\n<ul class=\"wp-block-list\">\n<li>Il le voulait son garage, hein&#8230; !<\/li>\n<\/ul>\n\n\n\n<p class=\"wp-block-paragraph\">&#8211; <em>Il a cru qu&rsquo;il pourrait avoir&#8230;<\/em><br>&#8211; Il voulait se r\u00e9aliser aussi !<\/p>\n\n\n\n<p class=\"wp-block-paragraph\">&#8211; <em>Alors finalement il n&rsquo;avait pas choisi la bonne personne&#8230;?<\/em><br>&#8211; Moi, j&rsquo;ai perdu la partie, quand j&rsquo;ai accept\u00e9 de vendre mon salon de coiffure&#8230;<\/p>\n\n\n\n<p class=\"wp-block-paragraph\">C&rsquo;\u00e9tait les suites de la manipulation de mon mari, une fois que je me suis retrouv\u00e9e avec mes deux enfants&#8230; C&rsquo;est comme si je me retrouvais dans une position o\u00f9 j&rsquo;\u00e9tais coinc\u00e9e&#8230; Je ne pouvais pas avoir le salon de coiffure et des enfants&#8230; C&rsquo;\u00e9taient des besoins oppos\u00e9s.<\/p>\n\n\n\n<p class=\"wp-block-paragraph\">J&rsquo;aurais fait de l&rsquo;ombre \u00e0 mes enfants parce que je ne serais pas arriv\u00e9e partout&#8230; Et je ne voulais pas reproduire ce que mes parents m&rsquo;avaient fait&#8230;<\/p>\n\n\n\n<p class=\"wp-block-paragraph\">&#8211; <em>Mais aussi que les salons de coiffure \u00e9taient associ\u00e9s au pr\u00e9nom Isabelle&#8230; Sans ton salon, tu n&rsquo;\u00e9tais plus Isabelle&#8230;<\/em><\/p>\n\n\n\n<p class=\"wp-block-paragraph\"><em>Isabelle n&rsquo;existait que parce qu&rsquo;il y avait la coiffure&#8230;!<\/em><\/p>\n\n\n\n<p class=\"wp-block-paragraph\">&#8211; <em>Est ce que \u00e7a aurait chang\u00e9 quelque chose dans ta repr\u00e9sentation mentale si ta propre famille t&rsquo;avais appel\u00e9e Isabelle, au lieu de continuer de t&rsquo;appeler par ton pr\u00e9nom de bapt\u00eame ?<\/em><\/p>\n\n\n\n<p class=\"wp-block-paragraph\"><em>&#8230;Parce que finalement, c&rsquo;\u00e9tait les seuls \u00e0 continuer \u00e0 le faire, non ? <\/em><\/p>\n\n\n\n<p class=\"wp-block-paragraph\">&#8211; Ah oui ! <br>Parce qu&rsquo;il fallait que je change compl\u00e8tement d&rsquo;identit\u00e9 apr\u00e8s&#8230; <br>C&rsquo;est pour \u00e7a que quand je suis revenue, j&rsquo;ai voulu officialiser mon changement de pr\u00e9nom aupr\u00e8s du canton&#8230; <\/p>\n\n\n\n<p class=\"wp-block-paragraph\">Je n&rsquo;avais plus le salon de coiffure, sinon Isabelle serait morte !<\/p>\n\n\n\n<p class=\"wp-block-paragraph\">Mais ma famille, en continuant \u00e0 m&rsquo;appeler par mon pr\u00e9nom de bapt\u00eame, \u00e0 la maison, ils continuaient \u00e0 avoir la main mise sur moi !<\/p>\n\n\n\n<p class=\"wp-block-paragraph\">&#8211; <em>Donc l&rsquo;ancienne petite fille, utilis\u00e9e, celle qui ne comptait pas, elle \u00e9tait toujours l\u00e0&#8230;<\/em><br>&#8211; Oui ! <br>Par contre avec mon mari, c&rsquo;\u00e9tait quand m\u00eame Isabelle&#8230; <\/p>\n\n\n\n<p class=\"wp-block-paragraph\">&#8211; <em>T&rsquo;avais la double \u00e9tiquette&#8230;<\/em><br>&#8211; Ouais<\/p>\n\n\n\n<p class=\"wp-block-paragraph\">&#8211; <em>C&rsquo;est pas une double personnalit\u00e9 mais une double \u00e9tiquette&#8230;<br>Finalement c&rsquo;est perturbant&#8230;<\/em> <em>Tu en arrives \u00e0 ne plus savoir qui tu es !<\/em><br>&#8211; Oui<\/p>\n\n\n\n<p class=\"wp-block-paragraph\">&#8211;<em> Et Isabelle avait perdue sa repr\u00e9sentation, du fait que t&rsquo;avais perdu ton salon de coiffure !<\/em><br>&#8211; Oui&#8230;<\/p>\n\n\n\n<p class=\"wp-block-paragraph\">&#8211;<em> Elle ne pouvait plus se repr\u00e9senter&#8230; \u00eatre l\u00e0, pr\u00e9sente&#8230;<\/em><br>&#8211; Oui, elle ne pouvait plus arriver avec sa force !<\/p>\n\n\n\n<p class=\"wp-block-paragraph\">&#8211; <em>C&rsquo;\u00e9tait le salon de coiffure qui mat\u00e9rialisait Isabelle ! <br>Ce qui fait qu&rsquo;elle \u00e9tait vraiment l\u00e0&#8230; qu&rsquo;elle existait vraiment.<\/em><\/p>\n\n\n\n<p class=\"wp-block-paragraph\">&#8211; Voil\u00e0, qu&rsquo;elle pouvait avoir sa place&#8230; !<br>Avec deux enfants je faisais quoi ? Alors soit je faisais \u00e7a et je blessais mes enfants&#8230; ?<\/p>\n\n\n\n<p class=\"wp-block-paragraph\">&#8211; <em>Alors Isabelle n&rsquo;existait plus&#8230; Ah, il avait bien compris ton ex-mari&#8230; quand il a tout fait pour t&rsquo;enlever ton salon de coiffure&#8230;<\/em><\/p>\n\n\n\n<p class=\"wp-block-paragraph\">Mais quand je suis arriv\u00e9e \u00e0 Gstaad&#8230; j&rsquo;avais dit \u00e0 Ferdinand : <br>&#8211; Ecoutez&#8230; Moi je m&rsquo;appelle XXX&#8230; mais \u00e0 Bern comme il y en avait deux, et bien j&rsquo;ai chang\u00e9 de pr\u00e9nom en Isabelle&#8230;<\/p>\n\n\n\n<p class=\"wp-block-paragraph\">Et il m&rsquo;a dit :<br>&#8211; Mais il y aura des clientes qui viendront de Bern et qui voudront vous voir et ils chercheront Isabelle !<\/p>\n\n\n\n<p class=\"wp-block-paragraph\">Donc il faut garder Isabelle&#8230;<\/p>\n\n\n\n<p class=\"wp-block-paragraph\">Quand j&rsquo;ai rencontr\u00e9 mon fianc\u00e9, je lui avais aussi donn\u00e9 le choix :<br>&#8211; Ecoute je m&rsquo;appelle XXX&#8230; dans ma famille, tout le monde&#8230; <br>Qu&rsquo;est ce que tu choisis, qu&rsquo;est ce que tu souhaites&#8230; ? <br>XXX ou Isabelle, parce que je pars avec ces deux cartes&#8230;<\/p>\n\n\n\n<p class=\"wp-block-paragraph\">Il m&rsquo;avait dit : <br>&#8211; Aah ben non&#8230; Isabelle !<\/p>\n\n\n\n<p class=\"wp-block-paragraph\">et quand je me suis mis en m\u00e9nage avec lui, je me suis dit :<br>&#8211; Bon&#8230; pour finir l&rsquo;\u00e9tiquette&#8230;<\/p>\n\n\n\n<ul class=\"wp-block-list\">\n<li>Appelle ton salon de coiffure : Isabelle !<\/li>\n<\/ul>\n\n\n\n<p class=\"wp-block-paragraph\">&#8230;comme \u00e7a, \u00e7a fixe.<\/p>\n\n\n\n<p class=\"wp-block-paragraph\">Alors la premi\u00e8re chose que j&rsquo;ai fait quand je me suis divorc\u00e9e, c&rsquo;\u00e9tait d&rsquo;\u00e9crire au ch\u00e2teau pour faire rajouter ce pr\u00e9nom sur mon passeport, en leur disant :<br>&#8211; Ecoutez, voil\u00e0&#8230; \u00e7a a \u00e9t\u00e9 une th\u00e9rapie lib\u00e9ratrice. <br>J&rsquo;ai d\u00fb changer de nom parce que je me suis retrouv\u00e9e dans un salon de coiffure o\u00f9 les choses \u00e9taient comme elles \u00e9taient&#8230; et Isabelle m&rsquo;a lib\u00e9r\u00e9e&#8230; <br>Maintenant elle fait partie de moi. \u00c7a fait tant d&rsquo;ann\u00e9e que je le porte, aussi j&rsquo;aimerai l&rsquo;ajouter sur mon passeport&#8230;<\/p>\n\n\n\n<p class=\"wp-block-paragraph\">Ils m&rsquo;avaient mis une facture de 350 Francs avec&#8230; et que je n&rsquo;ai jamais pay\u00e9e. J&rsquo;avais ce bulletin de versement, mais je ne sais pas ce que j&rsquo;en ai fait, jamais pay\u00e9e&#8230; \u00e7a m&rsquo;a \u00e9chapp\u00e9.<\/p>\n\n\n\n<p class=\"wp-block-paragraph\">C&rsquo;\u00e9tait comme avec le truc de la voiture, quand j&rsquo;ai vu le truc dans la voiture de ma copine qui s&rsquo;\u00e9tait suicid\u00e9e&#8230;<\/p>\n\n\n\n<p class=\"wp-block-paragraph\">C&rsquo;est comme si je ne devais pas me retourner et laisser \u00e7a derri\u00e8re !<\/p>\n\n\n\n<p class=\"wp-block-paragraph\">&#8230;<em>En \u00e9coutant aujourd&rsquo;hui cet enregistrement : <br>Je comprenais tout le drame que \u00e7a avait \u00e9t\u00e9 pour elle&#8230; et tout ce qu&rsquo;elle en pleurait ! <br>Quand elle s&rsquo;est retrouv\u00e9e au ch\u00f4mage en 2015 et que le ch\u00f4mage l&rsquo;avait oblig\u00e9 d&rsquo;aller faire des stages d&rsquo;aptitudes&#8230; dans des salons de coiffures de merde, apr\u00e8s plus de 30 ans, et qu&rsquo;elle retombait plus bas que terre.<\/em><\/p>\n\n\n\n<p class=\"wp-block-paragraph\"><em>Et moi qui voyais sa peine et que je ne pouvais rien faire, \u00e0 part la soutenir dans sa peine&#8230;<\/em><\/p>\n\n\n\n<p class=\"wp-block-paragraph\"><em>Je comprenais toute la signification de ce qu&rsquo;elle m&rsquo;avait dit clairement, avec ces mots&#8230; <\/em><br><em>La pr\u00e9monition de ce qui allait se passer bient\u00f4t&#8230;<\/em><\/p>\n\n\n\n<p class=\"wp-block-paragraph\"><em>Un f\u00e9minicide avait \u00e9t\u00e9 mis en place !<\/em><\/p>\n\n\n\n<p class=\"wp-block-paragraph\"><\/p>\n","protected":false},"excerpt":{"rendered":"<p>&lt;Enregistr\u00e9 le 27 Juin 2021&gt; Apr\u00e8s avoir travaill\u00e9 \u00e0 Gstaad, mon but quand je suis descendue c&rsquo;\u00e9tait de mettre en place mon salon de coiffure&#8230; Et je vois mon fianc\u00e9, qui allait me chercher des salons de coiffure&#8230; je lui dis : &#8211; Eeeh, mais \u00e7a ne va pas la t\u00eate&#8230;? Moi, je ne veux [&hellip;]<\/p>\n","protected":false},"author":1,"featured_media":0,"parent":0,"menu_order":0,"comment_status":"open","ping_status":"closed","template":"pages-chapitre-07","meta":{"footnotes":""},"class_list":["post-1954","page","type-page","status-publish","hentry"],"jetpack_sharing_enabled":true,"_links":{"self":[{"href":"https:\/\/mercigracias.ch\/index.php?rest_route=\/wp\/v2\/pages\/1954","targetHints":{"allow":["GET"]}}],"collection":[{"href":"https:\/\/mercigracias.ch\/index.php?rest_route=\/wp\/v2\/pages"}],"about":[{"href":"https:\/\/mercigracias.ch\/index.php?rest_route=\/wp\/v2\/types\/page"}],"author":[{"embeddable":true,"href":"https:\/\/mercigracias.ch\/index.php?rest_route=\/wp\/v2\/users\/1"}],"replies":[{"embeddable":true,"href":"https:\/\/mercigracias.ch\/index.php?rest_route=%2Fwp%2Fv2%2Fcomments&post=1954"}],"version-history":[{"count":6,"href":"https:\/\/mercigracias.ch\/index.php?rest_route=\/wp\/v2\/pages\/1954\/revisions"}],"predecessor-version":[{"id":4945,"href":"https:\/\/mercigracias.ch\/index.php?rest_route=\/wp\/v2\/pages\/1954\/revisions\/4945"}],"wp:attachment":[{"href":"https:\/\/mercigracias.ch\/index.php?rest_route=%2Fwp%2Fv2%2Fmedia&parent=1954"}],"curies":[{"name":"wp","href":"https:\/\/api.w.org\/{rel}","templated":true}]}}

<p class="wp-block-paragraph">&lt;Enregistré le 27 Juin 2021&gt;</p>



<p class="wp-block-paragraph">Après avoir travaillé à Gstaad, mon but quand je suis descendue c&rsquo;était de mettre en place mon salon de coiffure&#8230;</p>



<p class="wp-block-paragraph">Et je vois mon fiancé, qui allait me chercher des salons de coiffure&#8230; je lui dis : <br>&#8211; Eeeh, mais ça ne va pas la tête&#8230;? <br>Moi, je ne veux pas travailler dans un salon de coiffure&#8230;<br>Non !&#8230; Maintenant j&rsquo;ai fait le tour&#8230; Je ne vais pas aller comme manoyon dans la région !</p>



<ul class="wp-block-list">
<li>Là, je régresse !</li>
</ul>



<p class="wp-block-paragraph">Alors le prochain stade, c&rsquo;est mon salon de coiffure ! <br>Je ne viens pas pour régresser !</p>



<p class="wp-block-paragraph">Ici à Gstaad, si je reste je peux reprendre le salon de coiffure de Ferdinand&#8230; Alors ce n&rsquo;est pas pour descendre et aller travailler comme une boniche, hein ! <br>&#8211; Ça c&rsquo;est fini&#8230; Si je descends, c&rsquo;est pour mon salon de coiffure&#8230;<br>Je veux être patronne&#8230; Patronne !</p>



<p class="wp-block-paragraph">Je ne veux plus de patron&#8230; Je suis mon patron moi-même&#8230;</p>



<p class="wp-block-paragraph">Parce que mon frère aussi, en ayant vu mes parents, il aurait pu prendre son garage, et puis être indépendant&#8230;</p>



<p class="wp-block-paragraph">&#8211; <em>Mais il aurait fallu qu&rsquo;il change de prénom pour avoir le droit de décider, finalement il n&rsquo;a jamais décidé&#8230; Il a laisser sa femme décider pour lui&#8230;?</em></p>



<p class="wp-block-paragraph">&#8211; Oui, mais quand même, quand il était adolescent il avait quand même confronté mes parents&#8230; et de tout temps. <br>Il grimpait par le mur, puis Il montait par les tuiles pour rentrer dans sa chambre&#8230; Il a fait son adolescence ! <br>C&rsquo;est sa femme, qui lui a mis la main dessus, qui l&rsquo;a redescendu !</p>



<ul class="wp-block-list">
<li>Il le voulait son garage, hein&#8230; !</li>
</ul>



<p class="wp-block-paragraph">&#8211; <em>Il a cru qu&rsquo;il pourrait avoir&#8230;</em><br>&#8211; Il voulait se réaliser aussi !</p>



<p class="wp-block-paragraph">&#8211; <em>Alors finalement il n&rsquo;avait pas choisi la bonne personne&#8230;?</em><br>&#8211; Moi, j&rsquo;ai perdu la partie, quand j&rsquo;ai accepté de vendre mon salon de coiffure&#8230;</p>



<p class="wp-block-paragraph">C&rsquo;était les suites de la manipulation de mon mari, une fois que je me suis retrouvée avec mes deux enfants&#8230; C&rsquo;est comme si je me retrouvais dans une position où j&rsquo;étais coincée&#8230; Je ne pouvais pas avoir le salon de coiffure et des enfants&#8230; C&rsquo;étaient des besoins opposés.</p>



<p class="wp-block-paragraph">J&rsquo;aurais fait de l&rsquo;ombre à mes enfants parce que je ne serais pas arrivée partout&#8230; Et je ne voulais pas reproduire ce que mes parents m&rsquo;avaient fait&#8230;</p>



<p class="wp-block-paragraph">&#8211; <em>Mais aussi que les salons de coiffure étaient associés au prénom Isabelle&#8230; Sans ton salon, tu n&rsquo;étais plus Isabelle&#8230;</em></p>



<p class="wp-block-paragraph"><em>Isabelle n&rsquo;existait que parce qu&rsquo;il y avait la coiffure&#8230;!</em></p>



<p class="wp-block-paragraph">&#8211; <em>Est ce que ça aurait changé quelque chose dans ta représentation mentale si ta propre famille t&rsquo;avais appelée Isabelle, au lieu de continuer de t&rsquo;appeler par ton prénom de baptême ?</em></p>



<p class="wp-block-paragraph"><em>&#8230;Parce que finalement, c&rsquo;était les seuls à continuer à le faire, non ? </em></p>



<p class="wp-block-paragraph">&#8211; Ah oui ! <br>Parce qu&rsquo;il fallait que je change complètement d&rsquo;identité après&#8230; <br>C&rsquo;est pour ça que quand je suis revenue, j&rsquo;ai voulu officialiser mon changement de prénom auprès du canton&#8230; </p>



<p class="wp-block-paragraph">Je n&rsquo;avais plus le salon de coiffure, sinon Isabelle serait morte !</p>



<p class="wp-block-paragraph">Mais ma famille, en continuant à m&rsquo;appeler par mon prénom de baptême, à la maison, ils continuaient à avoir la main mise sur moi !</p>



<p class="wp-block-paragraph">&#8211; <em>Donc l&rsquo;ancienne petite fille, utilisée, celle qui ne comptait pas, elle était toujours là&#8230;</em><br>&#8211; Oui ! <br>Par contre avec mon mari, c&rsquo;était quand même Isabelle&#8230; </p>



<p class="wp-block-paragraph">&#8211; <em>T&rsquo;avais la double étiquette&#8230;</em><br>&#8211; Ouais</p>



<p class="wp-block-paragraph">&#8211; <em>C&rsquo;est pas une double personnalité mais une double étiquette&#8230;<br>Finalement c&rsquo;est perturbant&#8230;</em> <em>Tu en arrives à ne plus savoir qui tu es !</em><br>&#8211; Oui</p>



<p class="wp-block-paragraph">&#8211;<em> Et Isabelle avait perdue sa représentation, du fait que t&rsquo;avais perdu ton salon de coiffure !</em><br>&#8211; Oui&#8230;</p>



<p class="wp-block-paragraph">&#8211;<em> Elle ne pouvait plus se représenter&#8230; être là, présente&#8230;</em><br>&#8211; Oui, elle ne pouvait plus arriver avec sa force !</p>



<p class="wp-block-paragraph">&#8211; <em>C&rsquo;était le salon de coiffure qui matérialisait Isabelle ! <br>Ce qui fait qu&rsquo;elle était vraiment là&#8230; qu&rsquo;elle existait vraiment.</em></p>



<p class="wp-block-paragraph">&#8211; Voilà, qu&rsquo;elle pouvait avoir sa place&#8230; !<br>Avec deux enfants je faisais quoi ? Alors soit je faisais ça et je blessais mes enfants&#8230; ?</p>



<p class="wp-block-paragraph">&#8211; <em>Alors Isabelle n&rsquo;existait plus&#8230; Ah, il avait bien compris ton ex-mari&#8230; quand il a tout fait pour t&rsquo;enlever ton salon de coiffure&#8230;</em></p>



<p class="wp-block-paragraph">Mais quand je suis arrivée à Gstaad&#8230; j&rsquo;avais dit à Ferdinand : <br>&#8211; Ecoutez&#8230; Moi je m&rsquo;appelle XXX&#8230; mais à Bern comme il y en avait deux, et bien j&rsquo;ai changé de prénom en Isabelle&#8230;</p>



<p class="wp-block-paragraph">Et il m&rsquo;a dit :<br>&#8211; Mais il y aura des clientes qui viendront de Bern et qui voudront vous voir et ils chercheront Isabelle !</p>



<p class="wp-block-paragraph">Donc il faut garder Isabelle&#8230;</p>



<p class="wp-block-paragraph">Quand j&rsquo;ai rencontré mon fiancé, je lui avais aussi donné le choix :<br>&#8211; Ecoute je m&rsquo;appelle XXX&#8230; dans ma famille, tout le monde&#8230; <br>Qu&rsquo;est ce que tu choisis, qu&rsquo;est ce que tu souhaites&#8230; ? <br>XXX ou Isabelle, parce que je pars avec ces deux cartes&#8230;</p>



<p class="wp-block-paragraph">Il m&rsquo;avait dit : <br>&#8211; Aah ben non&#8230; Isabelle !</p>



<p class="wp-block-paragraph">et quand je me suis mis en ménage avec lui, je me suis dit :<br>&#8211; Bon&#8230; pour finir l&rsquo;étiquette&#8230;</p>



<ul class="wp-block-list">
<li>Appelle ton salon de coiffure : Isabelle !</li>
</ul>



<p class="wp-block-paragraph">&#8230;comme ça, ça fixe.</p>



<p class="wp-block-paragraph">Alors la première chose que j&rsquo;ai fait quand je me suis divorcée, c&rsquo;était d&rsquo;écrire au château pour faire rajouter ce prénom sur mon passeport, en leur disant :<br>&#8211; Ecoutez, voilà&#8230; ça a été une thérapie libératrice. <br>J&rsquo;ai dû changer de nom parce que je me suis retrouvée dans un salon de coiffure où les choses étaient comme elles étaient&#8230; et Isabelle m&rsquo;a libérée&#8230; <br>Maintenant elle fait partie de moi. Ça fait tant d&rsquo;année que je le porte, aussi j&rsquo;aimerai l&rsquo;ajouter sur mon passeport&#8230;</p>



<p class="wp-block-paragraph">Ils m&rsquo;avaient mis une facture de 350 Francs avec&#8230; et que je n&rsquo;ai jamais payée. J&rsquo;avais ce bulletin de versement, mais je ne sais pas ce que j&rsquo;en ai fait, jamais payée&#8230; ça m&rsquo;a échappé.</p>



<p class="wp-block-paragraph">C&rsquo;était comme avec le truc de la voiture, quand j&rsquo;ai vu le truc dans la voiture de ma copine qui s&rsquo;était suicidée&#8230;</p>



<p class="wp-block-paragraph">C&rsquo;est comme si je ne devais pas me retourner et laisser ça derrière !</p>



<p class="wp-block-paragraph">&#8230;<em>En écoutant aujourd&rsquo;hui cet enregistrement : <br>Je comprenais tout le drame que ça avait été pour elle&#8230; et tout ce qu&rsquo;elle en pleurait ! <br>Quand elle s&rsquo;est retrouvée au chômage en 2015 et que le chômage l&rsquo;avait obligé d&rsquo;aller faire des stages d&rsquo;aptitudes&#8230; dans des salons de coiffures de merde, après plus de 30 ans, et qu&rsquo;elle retombait plus bas que terre.</em></p>



<p class="wp-block-paragraph"><em>Et moi qui voyais sa peine et que je ne pouvais rien faire, à part la soutenir dans sa peine&#8230;</em></p>



<p class="wp-block-paragraph"><em>Je comprenais toute la signification de ce qu&rsquo;elle m&rsquo;avait dit clairement, avec ces mots&#8230; </em><br><em>La prémonition de ce qui allait se passer bientôt&#8230;</em></p>



<p class="wp-block-paragraph"><em>Un féminicide avait été mis en place !</em></p>



<p class="wp-block-paragraph"></p>

<p>&lt;Enregistré le 27 Juin 2021&gt; Après avoir travaillé à Gstaad, mon but quand je suis descendue c&rsquo;était de mettre en place mon salon de coiffure&#8230; Et je vois mon fiancé, qui allait me chercher des salons de coiffure&#8230; je lui dis : &#8211; Eeeh, mais ça ne va pas la tête&#8230;? Moi, je ne veux [&hellip;]</p>
