{"id":197,"date":"2025-12-16T18:44:14","date_gmt":"2025-12-16T18:44:14","guid":{"rendered":"https:\/\/mercigracias.ch\/?page_id=197"},"modified":"2026-07-13T05:16:32","modified_gmt":"2026-07-13T05:16:32","slug":"mon-pere","status":"publish","type":"page","link":"https:\/\/mercigracias.ch\/?page_id=197","title":{"rendered":"Mon P\u00e8re"},"content":{"rendered":"\n<p class=\"wp-block-paragraph\">&lt;Enregistr\u00e9 le 13 octobre 2013&gt;<\/p>\n\n\n\n<p class=\"wp-block-paragraph\">Mon p\u00e8re aurait dit \u00e0 ma m\u00e8re : <br>&#8211; Ne vient pas avec cet enfant l\u00e0, on ne peut pas s&rsquo;en occuper !<\/p>\n\n\n\n<p class=\"wp-block-paragraph\">Bon, il faut dire que c&rsquo;\u00e9tait d\u00e9j\u00e0 lui qui avait d\u00fb s&rsquo;occuper de ma s\u0153ur b\u00e9b\u00e9, pendant que ma m\u00e8re \u00e9tait aux fourneaux&#8230; Alors, une deuxi\u00e8me fille&#8230;<\/p>\n\n\n\n<p class=\"wp-block-paragraph\">Alors, ils m&rsquo;ont plac\u00e9e en nurserie. Une nurserie du c\u00f4t\u00e9 de Fribourg tenue par des s\u0153urs fran\u00e7aises&#8230;<\/p>\n\n\n\n<p class=\"wp-block-paragraph\">J&rsquo;ai tout \u00e0 fait compris que l&rsquo;arriv\u00e9e d&rsquo;un b\u00e9b\u00e9, \u00e9tait humainement pas possible&#8230; Le Buffet \u00e9tait plein, Il y avait plus de 100 pensionnaires, et quand tu n&rsquo;as pas la capacit\u00e9 de prendre du monde, ni d&rsquo;engager du personnel, tu fais quoi&#8230;?<\/p>\n\n\n\n<p class=\"wp-block-paragraph\">De plus, y en avait il encore, \u00e0 cette \u00e9poque des personnes disponibles ? Va savoir&#8230;<\/p>\n\n\n\n<p class=\"wp-block-paragraph\">&#8211; <em>Et cette id\u00e9e restait dans l&rsquo;acceptable pour eux, car ton p\u00e8re, lui m\u00eame avait d\u00e9j\u00e0 v\u00e9cu un \u00e9loignement par sa famille, quand ses parents l&rsquo;ont envoy\u00e9 travailler dans une ferme quand sa petite s\u0153ur est n\u00e9e&#8230; C&rsquo;\u00e9tait l&rsquo;ain\u00e9 de leurs 4 enfants, et tu m&rsquo;avais racont\u00e9 qu&rsquo;il n&rsquo;y avait plus assez de place chez eux&#8230;<\/em><\/p>\n\n\n\n<p class=\"wp-block-paragraph\">&#8211; Oui, c&rsquo;est ce que j&rsquo;ai compris plus tard, comme \u00e7a avait \u00e9t\u00e9 fait chez lui, il reproduisait&#8230; Alors m&rsquo;envoyer en nurserie, je pense que pour lui, c&rsquo;\u00e9tait \u00e9videment dans l&rsquo;acceptable, le normal.<\/p>\n\n\n\n<p class=\"wp-block-paragraph\">C&rsquo;\u00e9tait une dr\u00f4le d&rsquo;\u00e9poque, il avait \u00e9t\u00e9 utilis\u00e9 comme une chose&#8230;<br>Oui, On l&rsquo;avait compl\u00e8tement r\u00e9duit \u00e0 une chose.<\/p>\n\n\n\n<p class=\"wp-block-paragraph\">Alors pour mon p\u00e8re, un enfant, un b\u00e9b\u00e9 ? Ouais, \u00e7a restait un b\u00e9b\u00e9&#8230; D\u00e9j\u00e0 qu&rsquo;un homme c&rsquo;est pas tr\u00e8s b\u00e9b\u00e9&#8230; Alors \u00e0 cette \u00e9poque, 1950-1960&#8230;<\/p>\n\n\n\n<p class=\"wp-block-paragraph\">Alors que pour lui, il \u00e9tait d\u00e9j\u00e0 presque un adulte, un \u00eatre humain de 14 ans&#8230; On avait fait \u00e7a \u00e0 un \u00eatre humain&#8230; Alors tu vois, pour moi, c&rsquo;\u00e9tait pas tr\u00e8s compliqu\u00e9 de me placer, un petit \u00eatre humain qui n&rsquo;avait encore rien vu&#8230;<\/p>\n\n\n\n<p class=\"wp-block-paragraph\">Alors toute ma vie, j&rsquo;ai du faire tout le tour de l&rsquo;\u00eatre&#8230; parce que je ne pouvais pas&#8230; parce qu&rsquo;il fallait que je comprenne ce qu&rsquo;il y avait tout au fond de moi&#8230;<\/p>\n\n\n\n<ul class=\"wp-block-list\">\n<li>Et c&rsquo;\u00e9tait l&rsquo;abandon&#8230;!<\/li>\n<\/ul>\n\n\n\n<p class=\"wp-block-paragraph\">Il a fallu aussi que je comprenne pourquoi \u00e7a s&rsquo;\u00e9tait pass\u00e9 comme \u00e7a, car je me disais si tu n&rsquo;as pas compris&#8230; \u00e7a va se r\u00e9p\u00e9ter !<br>Et tu ne vas pas pouvoir faire ta vie comme \u00e7a, car les r\u00e9p\u00e9titions de la vie, tant que tu n&rsquo;as pas compris, \u00e7a se repr\u00e9sente&#8230;<br>&#8211; Alors s&rsquo;il y a des choses que tu n&rsquo;as pas comprises, il faut que tu fasses le tour maintenant, que je me suis dit. Et il m&rsquo;a vraiment fallu du temps&#8230;<\/p>\n\n\n\n<p class=\"wp-block-paragraph\">Je me suis dit aussi :<br>&#8211; Tu ne te remettras pas avec un compagnon, tant que tu n&rsquo;auras pas fait le tour, parce qu&rsquo;il y a trop de choses qui t&rsquo;\u00e9chappent&#8230;<\/p>\n\n\n\n<p class=\"wp-block-paragraph\"><em>&#8211; Toi, tu as r\u00e9agis comme \u00e7a par contre r\u00e9action, tu as pris conscience du drame de l&rsquo;abandon, et tu n&rsquo;as pas voulu que tes enfants subissent aussi un abandon&#8230; Mais ce n&rsquo;est pas parce que les parents n&rsquo;abandonnent pas leurs enfants que leurs enfants ne risquent pas eux m\u00eames d&rsquo;abandonner les leurs&#8230;<\/em><\/p>\n\n\n\n<p class=\"wp-block-paragraph\">&#8211; Mais c&rsquo;est ce qui s&rsquo;\u00e9tait pass\u00e9 chez \u00ab\u00a0le P\u00e8re\u00a0\u00bb&#8230; <br>Il a provoqu\u00e9 l&rsquo;abandon dans son mariage, il l&rsquo;a provoqu\u00e9 lui m\u00eame parce qu&rsquo;il s&rsquo;est abandonn\u00e9 une derni\u00e8re fois lui-m\u00eame&#8230;<\/p>\n\n\n\n<p class=\"wp-block-paragraph\">Puisqu&rsquo;il est mort en \u00e9tant tout seul&#8230; En ayant eu le rejet, il n&rsquo;avait pas le droit&#8230; On ne lui avait pas donn\u00e9 le choix, et tout le monde l&rsquo;a rejet\u00e9&#8230; <br>Au fond c&rsquo;est lui m\u00eame qui s&rsquo;est cr\u00e9\u00e9 son propre sc\u00e9nario. Le rejet de sa m\u00e8re la poursuivi jusqu&rsquo;au bout, en acceptant que le monde le rejette aussi.<\/p>\n\n\n\n<p class=\"wp-block-paragraph\">Puis il est tomb\u00e9 sur la femme qui l&rsquo;a aid\u00e9, dans sa d\u00e9marche d&rsquo;autodestruction. Comme pour mon fr\u00e8re, o\u00f9 sa femme l&rsquo;a aid\u00e9, puis abus\u00e9, et aussi comme mon mari&#8230; qui m&rsquo;a abus\u00e9e.<\/p>\n\n\n\n<p class=\"wp-block-paragraph\">Nous sommes tomb\u00e9s chacun sur des \u00eatres qui nous ont aid\u00e9s \u00e0 nous an\u00e9antir totalement nous m\u00eames, par le rejet o\u00f9 le non-regard de nos parents, on \u00e9tait dans l&rsquo;acceptation de ne pas avoir le droit d&rsquo;exister. <\/p>\n\n\n\n<p class=\"wp-block-paragraph\">Alors nous avons trouv\u00e9 les personnes qui nous ont renvoy\u00e9s la confirmation de notre non-droit \u00e0 la vie, qu&rsquo;on ne nous aimait pas !<\/p>\n\n\n\n<p class=\"wp-block-paragraph\">Il s&rsquo;est donn\u00e9 l&rsquo;abandon tout seul, jusqu&rsquo;\u00e0 la fin&#8230; jusqu&rsquo;\u00e0 sa mort.<\/p>\n\n\n\n<p class=\"wp-block-paragraph\">Pourtant il a essay\u00e9 de me revoir mais mon mari l&rsquo;a bloqu\u00e9 juste apr\u00e8s avoir accouch\u00e9 de mon fils&#8230; deux mois avant d&rsquo;avoir sa crise cardiaque&#8230; Rejet\u00e9 par tous, il n&rsquo;avait pas d&rsquo;autres choix que de disparaitre de cette terre et de monter l\u00e0 haut vers la lumi\u00e8re, vers l&rsquo;Amour du haut, qui est immuable.<\/p>\n\n\n\n<p class=\"wp-block-paragraph\">M\u00eame quand il m&rsquo;avait dit : <br>&#8211; Mais je venais te chercher \u00e0 la fin&#8230;<\/p>\n\n\n\n<p class=\"wp-block-paragraph\">Mais tu ne pouvais m\u00eame plus aller le chercher, parce qu&rsquo;au fond l&rsquo;abandon avait \u00e9t\u00e9 tellement ancr\u00e9 en lui m\u00eame&#8230; <br>Mais malgr\u00e9 tout, il cherchait aussi, il cherchait la connaissance par \u00ab\u00a0Connais toi, toi-m\u00eame\u00a0\u00bb&#8230; Il avait une grande biblioth\u00e8que que j&rsquo;ai r\u00e9cup\u00e9r\u00e9 \u00e0 sa mort&#8230;<\/p>\n\n\n\n<p class=\"wp-block-paragraph\">&#8211; Et pourquoi il cherchait cette connaissance ? <br>Parce qu&rsquo;il ne comprenait pas lui m\u00eame, ce qui s&rsquo;\u00e9tait pass\u00e9&#8230;<br>Les parents sont inconscients de l&rsquo;h\u00e9ritage qu&rsquo;ils transmettent \u00e0 leurs enfants, c&rsquo;est triste&#8230;<\/p>\n\n\n\n<p class=\"wp-block-paragraph\">Quand tu voyais dans le chalet o\u00f9 il vivait&#8230; Il avait sa petite chambre, qui \u00e9tait toute petite, et elle donnait sur les champs. <br>Tu ouvrais, c&rsquo;\u00e9tait exactement ce que moi j&rsquo;avais choisi \u00e0 Gstaad&#8230; sur les champs, avec les vaches&#8230;Parce que lui aussi avait les vaches devant sa fen\u00eatre&#8230;<\/p>\n\n\n\n<p class=\"wp-block-paragraph\">A Gstaad, avec la montagne, j&rsquo;avais ce qu&rsquo;il r\u00eavait, du soleil au bout&#8230; J&rsquo;avais son soleil, j&rsquo;avais son r\u00eave&#8230;<\/p>\n\n\n\n<p class=\"wp-block-paragraph\">Parce que lui, il r\u00eavait du soleil qui pointait au dessus de la montagne&#8230; Je savais bien quand j&rsquo;\u00e9tais \u00e0 Gstaad que j&rsquo;avais son r\u00eave&#8230; Il avait fait les stations dans sa jeunesse, et moi sans le savoir j&rsquo;avais fait pareil.<\/p>\n\n\n\n<p class=\"wp-block-paragraph\">Si tu demandes \u00e0 mon fr\u00e8re et \u00e0 ma s\u0153ur ce qui se passait quand on allait en for\u00eat avec lui, quand on allait dans la ferme de ma grand-m\u00e8re maternelle&#8230; Je pense que ni l&rsquo;un ni l&rsquo;autre n&rsquo;auront remarqu\u00e9, mais moi je me souviens&#8230; Quand il \u00e9tait l\u00e0-bas, il sentait l&rsquo;herbe, il sentait les choses&#8230; Et quand on allait dans la for\u00eat, il sentait la terre, Il sentait les pives&#8230; Alors quand je suis arriv\u00e9e dans son chalet et que j&rsquo;ai vu l\u00e0, o\u00f9 il \u00e9tait plac\u00e9 dans sa chambre&#8230;<\/p>\n\n\n\n<p class=\"wp-block-paragraph\">Il n&rsquo;y avait rien dans sa chambre&#8230; Il y avait un lit, et puis directement en face, la r\u00e9union avec la nature, il y avait les champs, il y avait les vaches !<\/p>\n\n\n\n<p class=\"wp-block-paragraph\">Alors Je me suis dit : <br>&#8211; Mais alors le pot &#8230;! (rire)<\/p>\n\n\n\n<p class=\"wp-block-paragraph\">Oui, Il \u00e9tait en face de tout \u00e7a&#8230;et moi, \u00e7a m&rsquo;a fait vibrer&#8230;<\/p>\n\n\n\n<p class=\"wp-block-paragraph\">Mais si tu demandes \u00e0 ma s\u0153ur et \u00e0 mon fr\u00e8re, ils n&rsquo;ont sans doute rien per\u00e7u du tout&#8230; Oui, avec mon p\u00e8re, on devait avoir le m\u00eame cerveau, la m\u00eame sensibilit\u00e9, et il y avait l&rsquo;abandon total derri\u00e8re aussi&#8230;<\/p>\n\n\n\n<p class=\"wp-block-paragraph\">Abandonn\u00e9s jusqu&rsquo;au bout&#8230;<\/p>\n\n\n\n<p class=\"wp-block-paragraph\">Je suis contente parce que j&rsquo;ai d\u00e9pass\u00e9 la chaine de l&rsquo;abandon&#8230; Parce que j&rsquo;ai cherch\u00e9, et j&rsquo;ai voulu la couper, au niveau de mes enfants&#8230;<\/p>\n\n\n\n<p class=\"wp-block-paragraph\">Tu vas me dire pourquoi je disais de tout temps ? <br>&#8211; Il faut couper les chaines&#8230; Ce que je vis maintenant, il faut que je comprennes&#8230; et Il faut couper.<\/p>\n\n\n\n<p class=\"wp-block-paragraph\">Mais je ne savais m\u00eame pas ce que je disais&#8230; <br>&#8211; C&rsquo;\u00e9tait une petite voix !<\/p>\n\n\n\n<p class=\"wp-block-paragraph\">Mais j&rsquo;\u00e9tais loin d&rsquo;imaginer que \u00e7a me serait repr\u00e9sent\u00e9 en 2015 une derni\u00e8re fois&#8230;<br><\/p>\n","protected":false},"excerpt":{"rendered":"<p>&lt;Enregistr\u00e9 le 13 octobre 2013&gt; Mon p\u00e8re aurait dit \u00e0 ma m\u00e8re : &#8211; Ne vient pas avec cet enfant l\u00e0, on ne peut pas s&rsquo;en occuper ! Bon, il faut dire que c&rsquo;\u00e9tait d\u00e9j\u00e0 lui qui avait d\u00fb s&rsquo;occuper de ma s\u0153ur b\u00e9b\u00e9, pendant que ma m\u00e8re \u00e9tait aux fourneaux&#8230; Alors, une deuxi\u00e8me fille&#8230; [&hellip;]<\/p>\n","protected":false},"author":1,"featured_media":0,"parent":0,"menu_order":0,"comment_status":"open","ping_status":"closed","template":"pages-chapitre-01","meta":{"footnotes":""},"class_list":["post-197","page","type-page","status-publish","hentry"],"jetpack_sharing_enabled":true,"_links":{"self":[{"href":"https:\/\/mercigracias.ch\/index.php?rest_route=\/wp\/v2\/pages\/197","targetHints":{"allow":["GET"]}}],"collection":[{"href":"https:\/\/mercigracias.ch\/index.php?rest_route=\/wp\/v2\/pages"}],"about":[{"href":"https:\/\/mercigracias.ch\/index.php?rest_route=\/wp\/v2\/types\/page"}],"author":[{"embeddable":true,"href":"https:\/\/mercigracias.ch\/index.php?rest_route=\/wp\/v2\/users\/1"}],"replies":[{"embeddable":true,"href":"https:\/\/mercigracias.ch\/index.php?rest_route=%2Fwp%2Fv2%2Fcomments&post=197"}],"version-history":[{"count":9,"href":"https:\/\/mercigracias.ch\/index.php?rest_route=\/wp\/v2\/pages\/197\/revisions"}],"predecessor-version":[{"id":5640,"href":"https:\/\/mercigracias.ch\/index.php?rest_route=\/wp\/v2\/pages\/197\/revisions\/5640"}],"wp:attachment":[{"href":"https:\/\/mercigracias.ch\/index.php?rest_route=%2Fwp%2Fv2%2Fmedia&parent=197"}],"curies":[{"name":"wp","href":"https:\/\/api.w.org\/{rel}","templated":true}]}}

Mon Père

<p class="wp-block-paragraph">&lt;Enregistré le 13 octobre 2013&gt;</p>



<p class="wp-block-paragraph">Mon père aurait dit à ma mère : <br>&#8211; Ne vient pas avec cet enfant là, on ne peut pas s&rsquo;en occuper !</p>



<p class="wp-block-paragraph">Bon, il faut dire que c&rsquo;était déjà lui qui avait dû s&rsquo;occuper de ma sœur bébé, pendant que ma mère était aux fourneaux&#8230; Alors, une deuxième fille&#8230;</p>



<p class="wp-block-paragraph">Alors, ils m&rsquo;ont placée en nurserie. Une nurserie du côté de Fribourg tenue par des sœurs françaises&#8230;</p>



<p class="wp-block-paragraph">J&rsquo;ai tout à fait compris que l&rsquo;arrivée d&rsquo;un bébé, était humainement pas possible&#8230; Le Buffet était plein, Il y avait plus de 100 pensionnaires, et quand tu n&rsquo;as pas la capacité de prendre du monde, ni d&rsquo;engager du personnel, tu fais quoi&#8230;?</p>



<p class="wp-block-paragraph">De plus, y en avait il encore, à cette époque des personnes disponibles ? Va savoir&#8230;</p>



<p class="wp-block-paragraph">&#8211; <em>Et cette idée restait dans l&rsquo;acceptable pour eux, car ton père, lui même avait déjà vécu un éloignement par sa famille, quand ses parents l&rsquo;ont envoyé travailler dans une ferme quand sa petite sœur est née&#8230; C&rsquo;était l&rsquo;ainé de leurs 4 enfants, et tu m&rsquo;avais raconté qu&rsquo;il n&rsquo;y avait plus assez de place chez eux&#8230;</em></p>



<p class="wp-block-paragraph">&#8211; Oui, c&rsquo;est ce que j&rsquo;ai compris plus tard, comme ça avait été fait chez lui, il reproduisait&#8230; Alors m&rsquo;envoyer en nurserie, je pense que pour lui, c&rsquo;était évidement dans l&rsquo;acceptable, le normal.</p>



<p class="wp-block-paragraph">C&rsquo;était une drôle d&rsquo;époque, il avait été utilisé comme une chose&#8230;<br>Oui, On l&rsquo;avait complètement réduit à une chose.</p>



<p class="wp-block-paragraph">Alors pour mon père, un enfant, un bébé ? Ouais, ça restait un bébé&#8230; Déjà qu&rsquo;un homme c&rsquo;est pas très bébé&#8230; Alors à cette époque, 1950-1960&#8230;</p>



<p class="wp-block-paragraph">Alors que pour lui, il était déjà presque un adulte, un être humain de 14 ans&#8230; On avait fait ça à un être humain&#8230; Alors tu vois, pour moi, c&rsquo;était pas très compliqué de me placer, un petit être humain qui n&rsquo;avait encore rien vu&#8230;</p>



<p class="wp-block-paragraph">Alors toute ma vie, j&rsquo;ai du faire tout le tour de l&rsquo;être&#8230; parce que je ne pouvais pas&#8230; parce qu&rsquo;il fallait que je comprenne ce qu&rsquo;il y avait tout au fond de moi&#8230;</p>



<ul class="wp-block-list">
<li>Et c&rsquo;était l&rsquo;abandon&#8230;!</li>
</ul>



<p class="wp-block-paragraph">Il a fallu aussi que je comprenne pourquoi ça s&rsquo;était passé comme ça, car je me disais si tu n&rsquo;as pas compris&#8230; ça va se répéter !<br>Et tu ne vas pas pouvoir faire ta vie comme ça, car les répétitions de la vie, tant que tu n&rsquo;as pas compris, ça se représente&#8230;<br>&#8211; Alors s&rsquo;il y a des choses que tu n&rsquo;as pas comprises, il faut que tu fasses le tour maintenant, que je me suis dit. Et il m&rsquo;a vraiment fallu du temps&#8230;</p>



<p class="wp-block-paragraph">Je me suis dit aussi :<br>&#8211; Tu ne te remettras pas avec un compagnon, tant que tu n&rsquo;auras pas fait le tour, parce qu&rsquo;il y a trop de choses qui t&rsquo;échappent&#8230;</p>



<p class="wp-block-paragraph"><em>&#8211; Toi, tu as réagis comme ça par contre réaction, tu as pris conscience du drame de l&rsquo;abandon, et tu n&rsquo;as pas voulu que tes enfants subissent aussi un abandon&#8230; Mais ce n&rsquo;est pas parce que les parents n&rsquo;abandonnent pas leurs enfants que leurs enfants ne risquent pas eux mêmes d&rsquo;abandonner les leurs&#8230;</em></p>



<p class="wp-block-paragraph">&#8211; Mais c&rsquo;est ce qui s&rsquo;était passé chez « le Père »&#8230; <br>Il a provoqué l&rsquo;abandon dans son mariage, il l&rsquo;a provoqué lui même parce qu&rsquo;il s&rsquo;est abandonné une dernière fois lui-même&#8230;</p>



<p class="wp-block-paragraph">Puisqu&rsquo;il est mort en étant tout seul&#8230; En ayant eu le rejet, il n&rsquo;avait pas le droit&#8230; On ne lui avait pas donné le choix, et tout le monde l&rsquo;a rejeté&#8230; <br>Au fond c&rsquo;est lui même qui s&rsquo;est créé son propre scénario. Le rejet de sa mère la poursuivi jusqu&rsquo;au bout, en acceptant que le monde le rejette aussi.</p>



<p class="wp-block-paragraph">Puis il est tombé sur la femme qui l&rsquo;a aidé, dans sa démarche d&rsquo;autodestruction. Comme pour mon frère, où sa femme l&rsquo;a aidé, puis abusé, et aussi comme mon mari&#8230; qui m&rsquo;a abusée.</p>



<p class="wp-block-paragraph">Nous sommes tombés chacun sur des êtres qui nous ont aidés à nous anéantir totalement nous mêmes, par le rejet où le non-regard de nos parents, on était dans l&rsquo;acceptation de ne pas avoir le droit d&rsquo;exister. </p>



<p class="wp-block-paragraph">Alors nous avons trouvé les personnes qui nous ont renvoyés la confirmation de notre non-droit à la vie, qu&rsquo;on ne nous aimait pas !</p>



<p class="wp-block-paragraph">Il s&rsquo;est donné l&rsquo;abandon tout seul, jusqu&rsquo;à la fin&#8230; jusqu&rsquo;à sa mort.</p>



<p class="wp-block-paragraph">Pourtant il a essayé de me revoir mais mon mari l&rsquo;a bloqué juste après avoir accouché de mon fils&#8230; deux mois avant d&rsquo;avoir sa crise cardiaque&#8230; Rejeté par tous, il n&rsquo;avait pas d&rsquo;autres choix que de disparaitre de cette terre et de monter là haut vers la lumière, vers l&rsquo;Amour du haut, qui est immuable.</p>



<p class="wp-block-paragraph">Même quand il m&rsquo;avait dit : <br>&#8211; Mais je venais te chercher à la fin&#8230;</p>



<p class="wp-block-paragraph">Mais tu ne pouvais même plus aller le chercher, parce qu&rsquo;au fond l&rsquo;abandon avait été tellement ancré en lui même&#8230; <br>Mais malgré tout, il cherchait aussi, il cherchait la connaissance par « Connais toi, toi-même »&#8230; Il avait une grande bibliothèque que j&rsquo;ai récupéré à sa mort&#8230;</p>



<p class="wp-block-paragraph">&#8211; Et pourquoi il cherchait cette connaissance ? <br>Parce qu&rsquo;il ne comprenait pas lui même, ce qui s&rsquo;était passé&#8230;<br>Les parents sont inconscients de l&rsquo;héritage qu&rsquo;ils transmettent à leurs enfants, c&rsquo;est triste&#8230;</p>



<p class="wp-block-paragraph">Quand tu voyais dans le chalet où il vivait&#8230; Il avait sa petite chambre, qui était toute petite, et elle donnait sur les champs. <br>Tu ouvrais, c&rsquo;était exactement ce que moi j&rsquo;avais choisi à Gstaad&#8230; sur les champs, avec les vaches&#8230;Parce que lui aussi avait les vaches devant sa fenêtre&#8230;</p>



<p class="wp-block-paragraph">A Gstaad, avec la montagne, j&rsquo;avais ce qu&rsquo;il rêvait, du soleil au bout&#8230; J&rsquo;avais son soleil, j&rsquo;avais son rêve&#8230;</p>



<p class="wp-block-paragraph">Parce que lui, il rêvait du soleil qui pointait au dessus de la montagne&#8230; Je savais bien quand j&rsquo;étais à Gstaad que j&rsquo;avais son rêve&#8230; Il avait fait les stations dans sa jeunesse, et moi sans le savoir j&rsquo;avais fait pareil.</p>



<p class="wp-block-paragraph">Si tu demandes à mon frère et à ma sœur ce qui se passait quand on allait en forêt avec lui, quand on allait dans la ferme de ma grand-mère maternelle&#8230; Je pense que ni l&rsquo;un ni l&rsquo;autre n&rsquo;auront remarqué, mais moi je me souviens&#8230; Quand il était là-bas, il sentait l&rsquo;herbe, il sentait les choses&#8230; Et quand on allait dans la forêt, il sentait la terre, Il sentait les pives&#8230; Alors quand je suis arrivée dans son chalet et que j&rsquo;ai vu là, où il était placé dans sa chambre&#8230;</p>



<p class="wp-block-paragraph">Il n&rsquo;y avait rien dans sa chambre&#8230; Il y avait un lit, et puis directement en face, la réunion avec la nature, il y avait les champs, il y avait les vaches !</p>



<p class="wp-block-paragraph">Alors Je me suis dit : <br>&#8211; Mais alors le pot &#8230;! (rire)</p>



<p class="wp-block-paragraph">Oui, Il était en face de tout ça&#8230;et moi, ça m&rsquo;a fait vibrer&#8230;</p>



<p class="wp-block-paragraph">Mais si tu demandes à ma sœur et à mon frère, ils n&rsquo;ont sans doute rien perçu du tout&#8230; Oui, avec mon père, on devait avoir le même cerveau, la même sensibilité, et il y avait l&rsquo;abandon total derrière aussi&#8230;</p>



<p class="wp-block-paragraph">Abandonnés jusqu&rsquo;au bout&#8230;</p>



<p class="wp-block-paragraph">Je suis contente parce que j&rsquo;ai dépassé la chaine de l&rsquo;abandon&#8230; Parce que j&rsquo;ai cherché, et j&rsquo;ai voulu la couper, au niveau de mes enfants&#8230;</p>



<p class="wp-block-paragraph">Tu vas me dire pourquoi je disais de tout temps ? <br>&#8211; Il faut couper les chaines&#8230; Ce que je vis maintenant, il faut que je comprennes&#8230; et Il faut couper.</p>



<p class="wp-block-paragraph">Mais je ne savais même pas ce que je disais&#8230; <br>&#8211; C&rsquo;était une petite voix !</p>



<p class="wp-block-paragraph">Mais j&rsquo;étais loin d&rsquo;imaginer que ça me serait représenté en 2015 une dernière fois&#8230;<br></p>

<p>&lt;Enregistré le 13 octobre 2013&gt; Mon père aurait dit à ma mère : &#8211; Ne vient pas avec cet enfant là, on ne peut pas s&rsquo;en occuper ! Bon, il faut dire que c&rsquo;était déjà lui qui avait dû s&rsquo;occuper de ma sœur bébé, pendant que ma mère était aux fourneaux&#8230; Alors, une deuxième fille&#8230; [&hellip;]</p>
