{"id":2027,"date":"2026-03-09T11:22:36","date_gmt":"2026-03-09T11:22:36","guid":{"rendered":"https:\/\/mercigracias.ch\/?page_id=2027"},"modified":"2026-06-28T09:07:45","modified_gmt":"2026-06-28T09:07:45","slug":"nous-servons-et-je-prends","status":"publish","type":"page","link":"https:\/\/mercigracias.ch\/?page_id=2027","title":{"rendered":"Nous servons et Je prends&#8230;"},"content":{"rendered":"\n<p class=\"wp-block-paragraph\">&lt;Enregistr\u00e9e le 17 Ao\u00fbt 2014&gt;<\/p>\n\n\n\n<p class=\"wp-block-paragraph\">Ma m\u00e8re \u00e9tait oppos\u00e9e \u00e0 notre mariage&#8230; mais comme pour le sien, ils \u00e9taient deux oppos\u00e9s total&#8230; A mon mariage, mon oncle en arrivant m&rsquo;avait m\u00eame dit :<br>&#8211; J&rsquo;y crois pas, t&rsquo;as mari\u00e9 ton p\u00e8re\u00a0!<\/p>\n\n\n\n<p class=\"wp-block-paragraph\">Effectivement, Il y avait cette prestance&#8230; qui ressemblait tellement \u00e0 celle de mon P\u00e8re !<\/p>\n\n\n\n<p class=\"wp-block-paragraph\">J&rsquo;\u00e9tais la premi\u00e8re \u00e0 dire \u00e0 Maman, mais ce n&rsquo;\u00e9tait pas possible vous \u00e9tiez tellement diff\u00e9rents et en fin de compte j&rsquo;avais fait la m\u00eame chose&#8230; <\/p>\n\n\n\n<p class=\"wp-block-paragraph\">Oui&#8230; j&rsquo;ai fait exactement la m\u00eame chose.<\/p>\n\n\n\n<p class=\"wp-block-paragraph\">Et m\u00eame physiquement \u00e7a l&rsquo;\u00e9tait, puisqu&rsquo;il avait des cheveux noirs, les yeux bleus, on \u00e9tait, d\u00e9j\u00e0 rien que physiquement diff\u00e9rents&#8230;<\/p>\n\n\n\n<p class=\"wp-block-paragraph\">Il se mettait au soleil, il avait de suite la peau noire&#8230;<\/p>\n\n\n\n<p class=\"wp-block-paragraph\">Finalement il avait \u00e9t\u00e9 tr\u00e8s attir\u00e9 par moi, puisque moi j&rsquo;\u00e9tais dans le \u00ab\u00a0Nous servons&#8230;\u00a0\u00bb et lui, dans le \u00ab\u00a0Je prends&#8230;\u00a0\u00bb !<\/p>\n\n\n\n<p class=\"wp-block-paragraph\">Alors \u00e0 partir du moment o\u00f9 tu n&rsquo;arrives plus \u00e0 lui donner&#8230; <\/p>\n\n\n\n<p class=\"wp-block-paragraph\">Parce que quand j&rsquo;ai eu mes enfants, je donnais aux enfant&#8230; alors il ne pouvait qu&rsquo;\u00eatre insatisfait et \u00e7a ne pouvait que p\u00e9ter&#8230;<\/p>\n\n\n\n<p class=\"wp-block-paragraph\">C&rsquo;est marrant parce qu&rsquo;il me disait r\u00e9cemment :<br>&#8211; Moi j&rsquo;aimerais bien avoir une femme avec qui on fait du contact, qui parle avec les autres, qui s&rsquo;int\u00e9resse aux autres, qu&rsquo;il m&rsquo;a dit, et puis que sa copine actuelle, elle ne s&rsquo;int\u00e9ressait pas aux autres&#8230;<\/p>\n\n\n\n<p class=\"wp-block-paragraph\">Ma fille, lui a r\u00e9p\u00e9t\u00e9 :<br>&#8211; Oui, comme Maman, oui, Maman c&rsquo;\u00e9tait tout \u00e0 fait \u00e7a&#8230;!<\/p>\n\n\n\n<p class=\"wp-block-paragraph\">Mais au fond c&rsquo;\u00e9tait un lapsus, mais pour \u00eatre encore plus pr\u00e9cis, il aurait pu dire, qu&rsquo;il aurait aim\u00e9 une femme qui s&rsquo;int\u00e9resse \u00e0 lui, pas aux autres, aux autres c&rsquo;\u00e9tait pour ne pas dire \u00ab\u00a0Moi\u00a0\u00bb, mais dans son fort int\u00e9rieur, c&rsquo;\u00e9tait \u00ab\u00a0Moi\u00a0\u00bb&#8230;<\/p>\n\n\n\n<p class=\"wp-block-paragraph\">Le pire, c&rsquo;est que \u00e7a le mettait dans une telle insatisfaction, qu&rsquo;il disait :<br>&#8211; Il faut que j&rsquo;y retourne pour m&rsquo;en s\u00e9parer&#8230; Maintenant il faut que j&rsquo;y aille&#8230; Je ne supporte plus de savoir qu&rsquo;elle vit dans mon appartement&#8230; Elle ne peut pas vivre chez moi !<\/p>\n\n\n\n<p class=\"wp-block-paragraph\">&#8230;C&rsquo;\u00e9tait surtout sans le regarder&#8230; Lui !<\/p>\n","protected":false},"excerpt":{"rendered":"<p>&lt;Enregistr\u00e9e le 17 Ao\u00fbt 2014&gt; Ma m\u00e8re \u00e9tait oppos\u00e9e \u00e0 notre mariage&#8230; mais comme pour le sien, ils \u00e9taient deux oppos\u00e9s total&#8230; A mon mariage, mon oncle en arrivant m&rsquo;avait m\u00eame dit :&#8211; J&rsquo;y crois pas, t&rsquo;as mari\u00e9 ton p\u00e8re\u00a0! Effectivement, Il y avait cette prestance&#8230; qui ressemblait tellement \u00e0 celle de mon P\u00e8re ! [&hellip;]<\/p>\n","protected":false},"author":1,"featured_media":0,"parent":0,"menu_order":0,"comment_status":"open","ping_status":"closed","template":"pages-chapitre-08","meta":{"footnotes":""},"class_list":["post-2027","page","type-page","status-publish","hentry"],"jetpack_sharing_enabled":true,"_links":{"self":[{"href":"https:\/\/mercigracias.ch\/index.php?rest_route=\/wp\/v2\/pages\/2027","targetHints":{"allow":["GET"]}}],"collection":[{"href":"https:\/\/mercigracias.ch\/index.php?rest_route=\/wp\/v2\/pages"}],"about":[{"href":"https:\/\/mercigracias.ch\/index.php?rest_route=\/wp\/v2\/types\/page"}],"author":[{"embeddable":true,"href":"https:\/\/mercigracias.ch\/index.php?rest_route=\/wp\/v2\/users\/1"}],"replies":[{"embeddable":true,"href":"https:\/\/mercigracias.ch\/index.php?rest_route=%2Fwp%2Fv2%2Fcomments&post=2027"}],"version-history":[{"count":5,"href":"https:\/\/mercigracias.ch\/index.php?rest_route=\/wp\/v2\/pages\/2027\/revisions"}],"predecessor-version":[{"id":4961,"href":"https:\/\/mercigracias.ch\/index.php?rest_route=\/wp\/v2\/pages\/2027\/revisions\/4961"}],"wp:attachment":[{"href":"https:\/\/mercigracias.ch\/index.php?rest_route=%2Fwp%2Fv2%2Fmedia&parent=2027"}],"curies":[{"name":"wp","href":"https:\/\/api.w.org\/{rel}","templated":true}]}}

<p class="wp-block-paragraph">&lt;Enregistrée le 17 Août 2014&gt;</p>



<p class="wp-block-paragraph">Ma mère était opposée à notre mariage&#8230; mais comme pour le sien, ils étaient deux opposés total&#8230; A mon mariage, mon oncle en arrivant m&rsquo;avait même dit :<br>&#8211; J&rsquo;y crois pas, t&rsquo;as marié ton père !</p>



<p class="wp-block-paragraph">Effectivement, Il y avait cette prestance&#8230; qui ressemblait tellement à celle de mon Père !</p>



<p class="wp-block-paragraph">J&rsquo;étais la première à dire à Maman, mais ce n&rsquo;était pas possible vous étiez tellement différents et en fin de compte j&rsquo;avais fait la même chose&#8230; </p>



<p class="wp-block-paragraph">Oui&#8230; j&rsquo;ai fait exactement la même chose.</p>



<p class="wp-block-paragraph">Et même physiquement ça l&rsquo;était, puisqu&rsquo;il avait des cheveux noirs, les yeux bleus, on était, déjà rien que physiquement différents&#8230;</p>



<p class="wp-block-paragraph">Il se mettait au soleil, il avait de suite la peau noire&#8230;</p>



<p class="wp-block-paragraph">Finalement il avait été très attiré par moi, puisque moi j&rsquo;étais dans le « Nous servons&#8230; » et lui, dans le « Je prends&#8230; » !</p>



<p class="wp-block-paragraph">Alors à partir du moment où tu n&rsquo;arrives plus à lui donner&#8230; </p>



<p class="wp-block-paragraph">Parce que quand j&rsquo;ai eu mes enfants, je donnais aux enfant&#8230; alors il ne pouvait qu&rsquo;être insatisfait et ça ne pouvait que péter&#8230;</p>



<p class="wp-block-paragraph">C&rsquo;est marrant parce qu&rsquo;il me disait récemment :<br>&#8211; Moi j&rsquo;aimerais bien avoir une femme avec qui on fait du contact, qui parle avec les autres, qui s&rsquo;intéresse aux autres, qu&rsquo;il m&rsquo;a dit, et puis que sa copine actuelle, elle ne s&rsquo;intéressait pas aux autres&#8230;</p>



<p class="wp-block-paragraph">Ma fille, lui a répété :<br>&#8211; Oui, comme Maman, oui, Maman c&rsquo;était tout à fait ça&#8230;!</p>



<p class="wp-block-paragraph">Mais au fond c&rsquo;était un lapsus, mais pour être encore plus précis, il aurait pu dire, qu&rsquo;il aurait aimé une femme qui s&rsquo;intéresse à lui, pas aux autres, aux autres c&rsquo;était pour ne pas dire « Moi », mais dans son fort intérieur, c&rsquo;était « Moi »&#8230;</p>



<p class="wp-block-paragraph">Le pire, c&rsquo;est que ça le mettait dans une telle insatisfaction, qu&rsquo;il disait :<br>&#8211; Il faut que j&rsquo;y retourne pour m&rsquo;en séparer&#8230; Maintenant il faut que j&rsquo;y aille&#8230; Je ne supporte plus de savoir qu&rsquo;elle vit dans mon appartement&#8230; Elle ne peut pas vivre chez moi !</p>



<p class="wp-block-paragraph">&#8230;C&rsquo;était surtout sans le regarder&#8230; Lui !</p>

<p>&lt;Enregistrée le 17 Août 2014&gt; Ma mère était opposée à notre mariage&#8230; mais comme pour le sien, ils étaient deux opposés total&#8230; A mon mariage, mon oncle en arrivant m&rsquo;avait même dit :&#8211; J&rsquo;y crois pas, t&rsquo;as marié ton père ! Effectivement, Il y avait cette prestance&#8230; qui ressemblait tellement à celle de mon Père ! [&hellip;]</p>
