{"id":2033,"date":"2026-03-09T12:09:07","date_gmt":"2026-03-09T12:09:07","guid":{"rendered":"https:\/\/mercigracias.ch\/?page_id=2033"},"modified":"2026-07-12T16:57:01","modified_gmt":"2026-07-12T16:57:01","slug":"la-grand-mere","status":"publish","type":"page","link":"https:\/\/mercigracias.ch\/?page_id=2033","title":{"rendered":"La Grand-M\u00e8re&#8230;"},"content":{"rendered":"\n<p class=\"wp-block-paragraph\">&lt;Enregistr\u00e9e le 06 D\u00e9cembre 2014&gt;<\/p>\n\n\n\n<p class=\"wp-block-paragraph\">Il a voulu aussi partir au Costa Rica pour que sa m\u00e8re ne puisse pas avoir ses petits enfants, il savait qu&rsquo;il la touchait par l\u00e0&#8230;<\/p>\n\n\n\n<p class=\"wp-block-paragraph\">L\u00e0, il a vraiment voulu les toucher, vous ne nous verrez plus du tout !<\/p>\n\n\n\n<p class=\"wp-block-paragraph\">Il savait comment fonctionnait la Grand-M\u00e8re puisque c&rsquo;\u00e9tait le clone de sa m\u00e8re, il avait le m\u00eame cerveau, il savait tr\u00e8s bien le fonctionnement de la Grand-M\u00e8re.<\/p>\n\n\n\n<p class=\"wp-block-paragraph\">Quand j&rsquo;ai eu les enfants, il m&rsquo;avait dit : <br>&#8211; je ne veux pas que ma m\u00e8re ait les enfants&#8230;<\/p>\n\n\n\n<p class=\"wp-block-paragraph\">Il aurait \u00e9t\u00e9 sans doute jaloux qu&rsquo;elle les prenne et que lui comme il avait grandi et qu&rsquo;il n&rsquo;\u00e9tait plus son petit enfant&#8230;<\/p>\n\n\n\n<p class=\"wp-block-paragraph\">Mais je lui ai dit :<br>&#8211; T&rsquo;inqui\u00e8te&#8230; les grands-parents ils ont le droit d&rsquo;avoir leur petits enfants, et ils les auront une fois par semaine ! <br>&#8211; C&rsquo;est d\u00e9j\u00e0 beaucoup trop, qu&rsquo;il m&rsquo;a r\u00e9pondu&#8230;<\/p>\n\n\n\n<p class=\"wp-block-paragraph\">&#8211; Ecoute&#8230; Non, les relations sont bonnes, comme \u00e7a, on ne se met pas en guerre avec eux. Dans mon salon de coiffure, s&rsquo;ils sont veill\u00e9s ailleurs une fois par semaine, c&rsquo;est correct, \u00e7a va&#8230;<\/p>\n\n\n\n<p class=\"wp-block-paragraph\">Mais apr\u00e8s quand ses parents voulaient nous inviter \u00e0 manger, la Grand-M\u00e8re disait :<br>&#8211; J&rsquo;ai fait une centaines de filets de perches&#8230; Vous venez manger ?<\/p>\n\n\n\n<p class=\"wp-block-paragraph\">&#8230;et lui, il disait&nbsp;: <br>&#8211; Non !<\/p>\n\n\n\n<p class=\"wp-block-paragraph\">Alors je lui demandais&#8230;:<br>&#8211; Mais pourquoi, Non&nbsp;?&#8230;<br>Ce  n&rsquo;est pas toi qui fait la cuisine le soir&#8230; Moi, je finis mon salon de coiffure, \u00e7a me fait plaisir d&rsquo;aller manger chez tes parents, et j&rsquo;aime bien aller chez eux&#8230;<\/p>\n\n\n\n<p class=\"wp-block-paragraph\">&#8211; Tu ne connais pas ma m\u00e8re, je ne veux pas qu&rsquo;on aille chez eux ! <br>Et je ne veux pas que tu sois en contact avec eux&#8230;<br>Je ne veux pas que tu sois en contact avec la femme de mon fr\u00e8re, c&rsquo;est la pire des&#8230;. C&rsquo;\u00e9tait vraiment&#8230; non, non et non&#8230; <br>Pour tout le monde, c&rsquo;\u00e9tait non !<\/p>\n\n\n\n<p class=\"wp-block-paragraph\">Et pourtant, moi je disais :<br>&#8211; Et bien moi j&rsquo;aime bien aller manger chez tes parents&#8230;<\/p>\n\n\n\n<p class=\"wp-block-paragraph\">Alors bien s\u00fbr apr\u00e8s, c&rsquo;\u00e9tait moi la responsable, parce que lorsque ma fille est devenue un peu plus grande, et que je lui laissais les enfants, au d\u00e9but elle disait qu&rsquo;elle ne savait pas faire, parce que je lui donnais des petits pots, et que je lui demandais :<br>&#8211; Ecoutez&#8230; Je leur fais des fruits, \u00e9cras\u00e9s avec du blanc battu&#8230;<br>C&rsquo;est ce que mangent mes enfants&#8230; C&rsquo;est pas tr\u00e8s compliqu\u00e9.<\/p>\n\n\n\n<p class=\"wp-block-paragraph\">&#8211; Ouais&#8230; mais comme je ne savais pas ce qu&rsquo;ils mangeaient&#8230;<br>&#8211; Oui, mais je ne veux pas que vous leur donniez des galettes sucr\u00e9es, des bonbons, et de chips&#8230; Non ce n&rsquo;est pas l&rsquo;\u00e9ducation que je veux donner \u00e0 mes enfants, on commence par \u00e7a&#8230;<\/p>\n\n\n\n<p class=\"wp-block-paragraph\">Non, je ne voulais pas \u00e7a.<\/p>\n\n\n\n<p class=\"wp-block-paragraph\">Parce que la premi\u00e8re fille de mon mari, se promenait toujours avec un petit paquet de chips ou des galettes sucr\u00e9es quand elle allait chez la Grand-M\u00e8re&#8230;<\/p>\n\n\n\n<p class=\"wp-block-paragraph\">Alors en fin de compte elle \u00e9tait en rage contre moi&#8230; Mais apr\u00e8s quand elle venait au salon de coiffure qu&rsquo;est ce quelle amenait ?<br>&#8230; Une galette sucr\u00e9e !<\/p>\n\n\n\n<p class=\"wp-block-paragraph\">Alors je leur disais clairement :<br>&#8211; Oui, vous pouvez prendre la galette sucr\u00e9e quand Grand-Maman vient, mais c&rsquo;est une fois par semaine, pas plus qu&rsquo;une fois par semaine, ce n&rsquo;est pas bon pour vous !<\/p>\n\n\n\n<p class=\"wp-block-paragraph\">Alors quand on \u00e9tait en vacances en Espagne avec eux, de nouveau elle ne voulait pas que j&rsquo;aille chercher du fromage ni du pain, elle allait chercher des Donuts, des machins comme \u00e7a, pour le midi&#8230;<\/p>\n\n\n\n<p class=\"wp-block-paragraph\">Je disais mais ce n&rsquo;est pas \u00e7a, apr\u00e8s on a tous mal au ventre&#8230; <br>Ce n&rsquo;est pas sain ! Ce n&rsquo;\u00e9tait m\u00eame pas ce que les enfants aimaient, ils n&rsquo;\u00e9taient pas drogu\u00e9s au sucre&#8230;<\/p>\n\n\n\n<p class=\"wp-block-paragraph\">Alors finalement quand elle arrivait avec ses trucs, et que je lui avais dit des centaines de fois, pendants des ann\u00e9es, quand ils \u00e9taient adolescents, ils disaient :<br>&#8211; Maman&#8230; on a faim, on a faim !<\/p>\n\n\n\n<p class=\"wp-block-paragraph\">Je lui redisais :<br>&#8211; Non \u00e7a ne va pas, \u00e7a&#8230; Nous on veut manger du fromage, du pain , et du jambon en tranche ou alors du poulet l\u00e0-bas. Nous on ne veut pas \u00e7a&#8230; Alors je lui redonnais ses machins et je lui disais :<br>&#8211; Ben&#8230; mangez les, puisque vous voulez \u00e7a&#8230; Nous on va chercher \u00e0 manger&#8230;<\/p>\n\n\n\n<p class=\"wp-block-paragraph\">C&rsquo;\u00e9tait toujours pour s\u00e9duire les autres, pour passer devant&#8230;<\/p>\n\n\n\n<p class=\"wp-block-paragraph\">Il fallait r\u00e9sister !<\/p>\n","protected":false},"excerpt":{"rendered":"<p>&lt;Enregistr\u00e9e le 06 D\u00e9cembre 2014&gt; Il a voulu aussi partir au Costa Rica pour que sa m\u00e8re ne puisse pas avoir ses petits enfants, il savait qu&rsquo;il la touchait par l\u00e0&#8230; L\u00e0, il a vraiment voulu les toucher, vous ne nous verrez plus du tout ! Il savait comment fonctionnait la Grand-M\u00e8re puisque c&rsquo;\u00e9tait le [&hellip;]<\/p>\n","protected":false},"author":1,"featured_media":0,"parent":0,"menu_order":0,"comment_status":"open","ping_status":"closed","template":"pages-chapitre-08","meta":{"footnotes":""},"class_list":["post-2033","page","type-page","status-publish","hentry"],"jetpack_sharing_enabled":true,"_links":{"self":[{"href":"https:\/\/mercigracias.ch\/index.php?rest_route=\/wp\/v2\/pages\/2033","targetHints":{"allow":["GET"]}}],"collection":[{"href":"https:\/\/mercigracias.ch\/index.php?rest_route=\/wp\/v2\/pages"}],"about":[{"href":"https:\/\/mercigracias.ch\/index.php?rest_route=\/wp\/v2\/types\/page"}],"author":[{"embeddable":true,"href":"https:\/\/mercigracias.ch\/index.php?rest_route=\/wp\/v2\/users\/1"}],"replies":[{"embeddable":true,"href":"https:\/\/mercigracias.ch\/index.php?rest_route=%2Fwp%2Fv2%2Fcomments&post=2033"}],"version-history":[{"count":6,"href":"https:\/\/mercigracias.ch\/index.php?rest_route=\/wp\/v2\/pages\/2033\/revisions"}],"predecessor-version":[{"id":5532,"href":"https:\/\/mercigracias.ch\/index.php?rest_route=\/wp\/v2\/pages\/2033\/revisions\/5532"}],"wp:attachment":[{"href":"https:\/\/mercigracias.ch\/index.php?rest_route=%2Fwp%2Fv2%2Fmedia&parent=2033"}],"curies":[{"name":"wp","href":"https:\/\/api.w.org\/{rel}","templated":true}]}}

La Grand-Mère&#8230;

<p class="wp-block-paragraph">&lt;Enregistrée le 06 Décembre 2014&gt;</p>



<p class="wp-block-paragraph">Il a voulu aussi partir au Costa Rica pour que sa mère ne puisse pas avoir ses petits enfants, il savait qu&rsquo;il la touchait par là&#8230;</p>



<p class="wp-block-paragraph">Là, il a vraiment voulu les toucher, vous ne nous verrez plus du tout !</p>



<p class="wp-block-paragraph">Il savait comment fonctionnait la Grand-Mère puisque c&rsquo;était le clone de sa mère, il avait le même cerveau, il savait très bien le fonctionnement de la Grand-Mère.</p>



<p class="wp-block-paragraph">Quand j&rsquo;ai eu les enfants, il m&rsquo;avait dit : <br>&#8211; je ne veux pas que ma mère ait les enfants&#8230;</p>



<p class="wp-block-paragraph">Il aurait été sans doute jaloux qu&rsquo;elle les prenne et que lui comme il avait grandi et qu&rsquo;il n&rsquo;était plus son petit enfant&#8230;</p>



<p class="wp-block-paragraph">Mais je lui ai dit :<br>&#8211; T&rsquo;inquiète&#8230; les grands-parents ils ont le droit d&rsquo;avoir leur petits enfants, et ils les auront une fois par semaine ! <br>&#8211; C&rsquo;est déjà beaucoup trop, qu&rsquo;il m&rsquo;a répondu&#8230;</p>



<p class="wp-block-paragraph">&#8211; Ecoute&#8230; Non, les relations sont bonnes, comme ça, on ne se met pas en guerre avec eux. Dans mon salon de coiffure, s&rsquo;ils sont veillés ailleurs une fois par semaine, c&rsquo;est correct, ça va&#8230;</p>



<p class="wp-block-paragraph">Mais après quand ses parents voulaient nous inviter à manger, la Grand-Mère disait :<br>&#8211; J&rsquo;ai fait une centaines de filets de perches&#8230; Vous venez manger ?</p>



<p class="wp-block-paragraph">&#8230;et lui, il disait&nbsp;: <br>&#8211; Non !</p>



<p class="wp-block-paragraph">Alors je lui demandais&#8230;:<br>&#8211; Mais pourquoi, Non&nbsp;?&#8230;<br>Ce  n&rsquo;est pas toi qui fait la cuisine le soir&#8230; Moi, je finis mon salon de coiffure, ça me fait plaisir d&rsquo;aller manger chez tes parents, et j&rsquo;aime bien aller chez eux&#8230;</p>



<p class="wp-block-paragraph">&#8211; Tu ne connais pas ma mère, je ne veux pas qu&rsquo;on aille chez eux ! <br>Et je ne veux pas que tu sois en contact avec eux&#8230;<br>Je ne veux pas que tu sois en contact avec la femme de mon frère, c&rsquo;est la pire des&#8230;. C&rsquo;était vraiment&#8230; non, non et non&#8230; <br>Pour tout le monde, c&rsquo;était non !</p>



<p class="wp-block-paragraph">Et pourtant, moi je disais :<br>&#8211; Et bien moi j&rsquo;aime bien aller manger chez tes parents&#8230;</p>



<p class="wp-block-paragraph">Alors bien sûr après, c&rsquo;était moi la responsable, parce que lorsque ma fille est devenue un peu plus grande, et que je lui laissais les enfants, au début elle disait qu&rsquo;elle ne savait pas faire, parce que je lui donnais des petits pots, et que je lui demandais :<br>&#8211; Ecoutez&#8230; Je leur fais des fruits, écrasés avec du blanc battu&#8230;<br>C&rsquo;est ce que mangent mes enfants&#8230; C&rsquo;est pas très compliqué.</p>



<p class="wp-block-paragraph">&#8211; Ouais&#8230; mais comme je ne savais pas ce qu&rsquo;ils mangeaient&#8230;<br>&#8211; Oui, mais je ne veux pas que vous leur donniez des galettes sucrées, des bonbons, et de chips&#8230; Non ce n&rsquo;est pas l&rsquo;éducation que je veux donner à mes enfants, on commence par ça&#8230;</p>



<p class="wp-block-paragraph">Non, je ne voulais pas ça.</p>



<p class="wp-block-paragraph">Parce que la première fille de mon mari, se promenait toujours avec un petit paquet de chips ou des galettes sucrées quand elle allait chez la Grand-Mère&#8230;</p>



<p class="wp-block-paragraph">Alors en fin de compte elle était en rage contre moi&#8230; Mais après quand elle venait au salon de coiffure qu&rsquo;est ce quelle amenait ?<br>&#8230; Une galette sucrée !</p>



<p class="wp-block-paragraph">Alors je leur disais clairement :<br>&#8211; Oui, vous pouvez prendre la galette sucrée quand Grand-Maman vient, mais c&rsquo;est une fois par semaine, pas plus qu&rsquo;une fois par semaine, ce n&rsquo;est pas bon pour vous !</p>



<p class="wp-block-paragraph">Alors quand on était en vacances en Espagne avec eux, de nouveau elle ne voulait pas que j&rsquo;aille chercher du fromage ni du pain, elle allait chercher des Donuts, des machins comme ça, pour le midi&#8230;</p>



<p class="wp-block-paragraph">Je disais mais ce n&rsquo;est pas ça, après on a tous mal au ventre&#8230; <br>Ce n&rsquo;est pas sain ! Ce n&rsquo;était même pas ce que les enfants aimaient, ils n&rsquo;étaient pas drogués au sucre&#8230;</p>



<p class="wp-block-paragraph">Alors finalement quand elle arrivait avec ses trucs, et que je lui avais dit des centaines de fois, pendants des années, quand ils étaient adolescents, ils disaient :<br>&#8211; Maman&#8230; on a faim, on a faim !</p>



<p class="wp-block-paragraph">Je lui redisais :<br>&#8211; Non ça ne va pas, ça&#8230; Nous on veut manger du fromage, du pain , et du jambon en tranche ou alors du poulet là-bas. Nous on ne veut pas ça&#8230; Alors je lui redonnais ses machins et je lui disais :<br>&#8211; Ben&#8230; mangez les, puisque vous voulez ça&#8230; Nous on va chercher à manger&#8230;</p>



<p class="wp-block-paragraph">C&rsquo;était toujours pour séduire les autres, pour passer devant&#8230;</p>



<p class="wp-block-paragraph">Il fallait résister !</p>

<p>&lt;Enregistrée le 06 Décembre 2014&gt; Il a voulu aussi partir au Costa Rica pour que sa mère ne puisse pas avoir ses petits enfants, il savait qu&rsquo;il la touchait par là&#8230; Là, il a vraiment voulu les toucher, vous ne nous verrez plus du tout ! Il savait comment fonctionnait la Grand-Mère puisque c&rsquo;était le [&hellip;]</p>
