{"id":2062,"date":"2026-03-09T17:11:16","date_gmt":"2026-03-09T17:11:16","guid":{"rendered":"https:\/\/mercigracias.ch\/?page_id=2062"},"modified":"2026-06-28T10:15:15","modified_gmt":"2026-06-28T10:15:15","slug":"il-faut-prevoir","status":"publish","type":"page","link":"https:\/\/mercigracias.ch\/?page_id=2062","title":{"rendered":"Il faut pr\u00e9voir&#8230;"},"content":{"rendered":"\n<p class=\"wp-block-paragraph\">&lt;Enregistr\u00e9 le 04 D\u00e9cembre 2016&gt;<\/p>\n\n\n\n<p class=\"wp-block-paragraph\">Alors tu as la pleine conscience de plein de choses, mais d\u00e9j\u00e0 pour commencer tu te dis que tu n&rsquo;auras pas d&rsquo;enfants&#8230; avant que tu ne puisses les recevoir.<\/p>\n\n\n\n<p class=\"wp-block-paragraph\">Parce qu&rsquo;une famille \u00e7a se re\u00e7oit, \u00e7a s&rsquo;accueille !<\/p>\n\n\n\n<p class=\"wp-block-paragraph\">On ne fait pas d&rsquo;enfants quand on n&rsquo;est pas pr\u00eats&#8230;<br>Donc chaque chose devait \u00eatre bien l\u00e0 !<\/p>\n\n\n\n<p class=\"wp-block-paragraph\">J&rsquo;avais cette conscience&#8230; que chaque chose devait \u00eatre pr\u00eate. <br>C&rsquo;est \u00e0 dire qu&rsquo;il fallait que j&rsquo;ai v\u00e9cu diff\u00e9rentes choses avant.<\/p>\n\n\n\n<p class=\"wp-block-paragraph\">Alors quand j&rsquo;ai commenc\u00e9, je m&rsquo;\u00e9tais dit :<br>&#8211; Non, mais tu n&rsquo;es pas pr\u00eate d&rsquo;avoir des enfants&#8230; Tu ne peux pas les recevoir si financi\u00e8rement, tu n&rsquo;es pas pos\u00e9e&#8230; Parce que les enfants, \u00e7a co\u00fbte&#8230; <\/p>\n\n\n\n<p class=\"wp-block-paragraph\">Je voyais bien comment mon mari payait ses pensions alors que finalement il avait des dettes&#8230; Alors je me disais, des enfants \u00e7a ne se fait pas comme \u00e7a, hein !?<\/p>\n\n\n\n<p class=\"wp-block-paragraph\">D&rsquo;ailleurs c&rsquo;est ce que je lui disais&#8230;<br>&#8211; Mais \u00e7a ne va pas chez toi&#8230;? <br>Tu veux m&rsquo;inviter \u00e0 manger des tournedos&#8230; Euhh&#8230; <br>Si t&rsquo;as un Franc tu n&rsquo;en d\u00e9penses pas deux ou trois, hein&#8230;!?<\/p>\n\n\n\n<p class=\"wp-block-paragraph\">Je lui disais&#8230;<br>&#8211; Non, chez nous \u00e7a ne fonctionne pas comme \u00e7a&#8230; <br>Chez nous si tu as 2 Francs&#8230; Tu peux en d\u00e9penser 1&#8230; ou 1.50&#8230;<\/p>\n\n\n\n<p class=\"wp-block-paragraph\">En tout cas il y a une partie, qui va rester pour si tu n&rsquo;as pas de travail, si t&rsquo;es malade&#8230; Voil\u00e0, tu fais des r\u00e9serves !<\/p>\n\n\n\n<p class=\"wp-block-paragraph\">Et maintenant il faut vraiment de bonnes r\u00e9serves&#8230; parce qu&rsquo;il faut construire pour acheter tes machines&#8230; il faut pouvoir les acheter et si tu as des enfants&#8230;?<\/p>\n\n\n\n<p class=\"wp-block-paragraph\">Si tu veux travailler moins, il faut bien que tu puisses le faire, tu vois&#8230;?<\/p>\n\n\n\n<p class=\"wp-block-paragraph\">Voil\u00e0, je ne suis pas descendue de Gstaad en ouvrant un salon de coiffure, en ayant rien !<br>Et je n&rsquo;aurais pas pu dire, je fais un enfant tout en ouvrant mon salon de coiffure, m\u00eame pendant la premi\u00e8re ann\u00e9e !<\/p>\n\n\n\n<p class=\"wp-block-paragraph\">Non non, il fallait que je sois vraiment pos\u00e9e&#8230;<\/p>\n","protected":false},"excerpt":{"rendered":"<p>&lt;Enregistr\u00e9 le 04 D\u00e9cembre 2016&gt; Alors tu as la pleine conscience de plein de choses, mais d\u00e9j\u00e0 pour commencer tu te dis que tu n&rsquo;auras pas d&rsquo;enfants&#8230; avant que tu ne puisses les recevoir. Parce qu&rsquo;une famille \u00e7a se re\u00e7oit, \u00e7a s&rsquo;accueille ! On ne fait pas d&rsquo;enfants quand on n&rsquo;est pas pr\u00eats&#8230;Donc chaque chose [&hellip;]<\/p>\n","protected":false},"author":1,"featured_media":0,"parent":0,"menu_order":0,"comment_status":"open","ping_status":"closed","template":"pages-chapitre-08","meta":{"footnotes":""},"class_list":["post-2062","page","type-page","status-publish","hentry"],"jetpack_sharing_enabled":true,"_links":{"self":[{"href":"https:\/\/mercigracias.ch\/index.php?rest_route=\/wp\/v2\/pages\/2062","targetHints":{"allow":["GET"]}}],"collection":[{"href":"https:\/\/mercigracias.ch\/index.php?rest_route=\/wp\/v2\/pages"}],"about":[{"href":"https:\/\/mercigracias.ch\/index.php?rest_route=\/wp\/v2\/types\/page"}],"author":[{"embeddable":true,"href":"https:\/\/mercigracias.ch\/index.php?rest_route=\/wp\/v2\/users\/1"}],"replies":[{"embeddable":true,"href":"https:\/\/mercigracias.ch\/index.php?rest_route=%2Fwp%2Fv2%2Fcomments&post=2062"}],"version-history":[{"count":5,"href":"https:\/\/mercigracias.ch\/index.php?rest_route=\/wp\/v2\/pages\/2062\/revisions"}],"predecessor-version":[{"id":4972,"href":"https:\/\/mercigracias.ch\/index.php?rest_route=\/wp\/v2\/pages\/2062\/revisions\/4972"}],"wp:attachment":[{"href":"https:\/\/mercigracias.ch\/index.php?rest_route=%2Fwp%2Fv2%2Fmedia&parent=2062"}],"curies":[{"name":"wp","href":"https:\/\/api.w.org\/{rel}","templated":true}]}}

Il faut prévoir&#8230;

<p class="wp-block-paragraph">&lt;Enregistré le 04 Décembre 2016&gt;</p>



<p class="wp-block-paragraph">Alors tu as la pleine conscience de plein de choses, mais déjà pour commencer tu te dis que tu n&rsquo;auras pas d&rsquo;enfants&#8230; avant que tu ne puisses les recevoir.</p>



<p class="wp-block-paragraph">Parce qu&rsquo;une famille ça se reçoit, ça s&rsquo;accueille !</p>



<p class="wp-block-paragraph">On ne fait pas d&rsquo;enfants quand on n&rsquo;est pas prêts&#8230;<br>Donc chaque chose devait être bien là !</p>



<p class="wp-block-paragraph">J&rsquo;avais cette conscience&#8230; que chaque chose devait être prête. <br>C&rsquo;est à dire qu&rsquo;il fallait que j&rsquo;ai vécu différentes choses avant.</p>



<p class="wp-block-paragraph">Alors quand j&rsquo;ai commencé, je m&rsquo;étais dit :<br>&#8211; Non, mais tu n&rsquo;es pas prête d&rsquo;avoir des enfants&#8230; Tu ne peux pas les recevoir si financièrement, tu n&rsquo;es pas posée&#8230; Parce que les enfants, ça coûte&#8230; </p>



<p class="wp-block-paragraph">Je voyais bien comment mon mari payait ses pensions alors que finalement il avait des dettes&#8230; Alors je me disais, des enfants ça ne se fait pas comme ça, hein !?</p>



<p class="wp-block-paragraph">D&rsquo;ailleurs c&rsquo;est ce que je lui disais&#8230;<br>&#8211; Mais ça ne va pas chez toi&#8230;? <br>Tu veux m&rsquo;inviter à manger des tournedos&#8230; Euhh&#8230; <br>Si t&rsquo;as un Franc tu n&rsquo;en dépenses pas deux ou trois, hein&#8230;!?</p>



<p class="wp-block-paragraph">Je lui disais&#8230;<br>&#8211; Non, chez nous ça ne fonctionne pas comme ça&#8230; <br>Chez nous si tu as 2 Francs&#8230; Tu peux en dépenser 1&#8230; ou 1.50&#8230;</p>



<p class="wp-block-paragraph">En tout cas il y a une partie, qui va rester pour si tu n&rsquo;as pas de travail, si t&rsquo;es malade&#8230; Voilà, tu fais des réserves !</p>



<p class="wp-block-paragraph">Et maintenant il faut vraiment de bonnes réserves&#8230; parce qu&rsquo;il faut construire pour acheter tes machines&#8230; il faut pouvoir les acheter et si tu as des enfants&#8230;?</p>



<p class="wp-block-paragraph">Si tu veux travailler moins, il faut bien que tu puisses le faire, tu vois&#8230;?</p>



<p class="wp-block-paragraph">Voilà, je ne suis pas descendue de Gstaad en ouvrant un salon de coiffure, en ayant rien !<br>Et je n&rsquo;aurais pas pu dire, je fais un enfant tout en ouvrant mon salon de coiffure, même pendant la première année !</p>



<p class="wp-block-paragraph">Non non, il fallait que je sois vraiment posée&#8230;</p>

<p>&lt;Enregistré le 04 Décembre 2016&gt; Alors tu as la pleine conscience de plein de choses, mais déjà pour commencer tu te dis que tu n&rsquo;auras pas d&rsquo;enfants&#8230; avant que tu ne puisses les recevoir. Parce qu&rsquo;une famille ça se reçoit, ça s&rsquo;accueille ! On ne fait pas d&rsquo;enfants quand on n&rsquo;est pas prêts&#8230;Donc chaque chose [&hellip;]</p>
