{"id":2079,"date":"2026-03-09T23:14:55","date_gmt":"2026-03-09T23:14:55","guid":{"rendered":"https:\/\/mercigracias.ch\/?page_id=2079"},"modified":"2026-06-28T10:42:34","modified_gmt":"2026-06-28T10:42:34","slug":"3-sacs-je-reve","status":"publish","type":"page","link":"https:\/\/mercigracias.ch\/?page_id=2079","title":{"rendered":"3 sacs ? Je r\u00eave&#8230;"},"content":{"rendered":"\n<p class=\"wp-block-paragraph\">&lt;Enregistr\u00e9 le 14 Septembre 2016&gt;<\/p>\n\n\n\n<p class=\"wp-block-paragraph\">J&rsquo;avais ouvert mon salon de coiffure et lui, il allait chercher les pierres \u00e0 Lyon&#8230; Il prenait la camionnette de son p\u00e8re, celle du Grand-P\u00e8re&#8230; C&rsquo;\u00e9tait une camionnette avec la toile, \u00e0 l&rsquo;\u00e9poque&#8230; parce que c&rsquo;\u00e9tait ancien, il \u00e9tait vigneron&#8230;<\/p>\n\n\n\n<p class=\"wp-block-paragraph\">Il me dit :<br>&#8211; Bon, je vais \u00e0 Lyon&#8230; Je vais chercher de la marchandise.<br>&#8211; Ok<\/p>\n\n\n\n<p class=\"wp-block-paragraph\">Bon, tu vas chercher de la marchandise, quoi&#8230; C&rsquo;\u00e9tait la premi\u00e8re fois. Je pense qu&rsquo;il avait d\u00fb faire quelques jours, je ne me souviens plus, peut-\u00eatre trois jours&#8230; ? <br>Tu vois un jour pour le voyage, un jour pour la marchandise, puis un pour revenir&#8230; C&rsquo;\u00e9tait un voyage \u00e0 l&rsquo;\u00e9poque !<\/p>\n\n\n\n<p class=\"wp-block-paragraph\">Il fallait cinq \u00e0 six heures pour aller jusque Lyon&#8230; Il n&rsquo;y avait pas encore les autoroutes de maintenant et avec la camionnette, tu vois un petit peu ? Il ne fallait pas rouler plus que 100 km\/h&#8230; <br>Alors l\u00e0-dessus, quand il \u00e9tait de retour, je lui dis&#8230;<br>&#8211; Mais elle est o\u00f9 la marchandise ? <br>&#8211; Ben l\u00e0, qu&rsquo;il me dit&#8230; \u00e0 la cuisine !<\/p>\n\n\n\n<p class=\"wp-block-paragraph\">Et il me montre 3 sacs&#8230; Bon, c&rsquo;\u00e9tait 3 sacs de 60 litres \u00e0 peu pr\u00e8s&#8230; Mais bon&#8230; C&rsquo;\u00e9tait des sacs poubelle, des sacs blancs. <br>Oh non, \u00e7a ne devait pas \u00eatre des 110 litres&#8230;<\/p>\n\n\n\n<p class=\"wp-block-paragraph\">Mais en fin de compte, c&rsquo;\u00e9tait 3 sacs&#8230; ! <br>Ce n&rsquo;\u00e9tait pas grand chose&#8230; et puis je dis :<br>&#8211; Mais c&rsquo;est \u00e7a ? <br>Tu as fait le voyage, tu as pay\u00e9 l&rsquo;h\u00f4tel et tout \u00e7a, pour \u00e7a&#8230; ?<br>Non mais je r\u00eave ou bien&#8230; ? Et pour les vendre, il va falloir encore payer la poste&#8230; Je n&rsquo;y crois pas ! &#8230;Mais on va o\u00f9, l\u00e0 ?<br>Non non&#8230; La prochaine fois, moi je viens avec, casser des cailloux&#8230; On va d\u00e9j\u00e0 voir&#8230; On ne ram\u00e8nera pas trois sacs, on va ramener la tonne !<\/p>\n\n\n\n<p class=\"wp-block-paragraph\">Alors bien s\u00fbr quand je disais \u00e7a, il faisait sa t\u00eate de petit gar\u00e7on&#8230; en fin de compte celle d&rsquo;un gamin qui \u00e9tait pris en faute, et qui n&rsquo;avait pas beaucoup travaill\u00e9&#8230; alors il n&rsquo;\u00e9tait pas content !<\/p>\n\n\n\n<p class=\"wp-block-paragraph\">Mais avec lui, tu ne voyais pas de grandes significations, tu vois&#8230; <br>Il n&rsquo;\u00e9tait pas tr\u00e8s expressif.<\/p>\n\n\n\n<p class=\"wp-block-paragraph\">Bon&#8230; Ce qui veut dire que la fois d&rsquo;apr\u00e8s quand il a dit :<br>&#8211; J&rsquo;ai de nouveau besoin de marchandise&#8230;<\/p>\n\n\n\n<p class=\"wp-block-paragraph\">Je lui dis :<br>&#8211; Alors on va organiser&#8230; Moi je vais fermer mon salon de coiffure le mardi, et on va partir le dimanche soir, ou lundi \u00e0 2 heures du matin de chez nous&#8230; Comme \u00e7a on arrivera l\u00e0-bas \u00e0 7 heures du matin sur place&#8230; On aura le temps de prendre les caf\u00e9s et on commence \u00e0 7 heures et demi.<\/p>\n\n\n\n<p class=\"wp-block-paragraph\">Ah non&#8230; la premi\u00e8re fois, on est parti un dimanche parce qu&rsquo;il fallait chercher un h\u00f4tel&#8230; On \u00e9tait \u00e0 Tassin la Demi-Lune, on est entr\u00e9 dans ces petits h\u00f4tels, dans ces petits machins&#8230;<\/p>\n\n\n\n<p class=\"wp-block-paragraph\">Mais moi, tu me connais&#8230; si \u00e7a sent la poussi\u00e8re, le lit ce n&rsquo;est pas un lit, c&rsquo;est une cuvette. Alors non, non&#8230;!<\/p>\n\n\n\n<p class=\"wp-block-paragraph\">Alors on a fait tout le dimanche apr\u00e8s midi pour chercher un h\u00f4tel correct&#8230;<br>&#8211; Non, il n&rsquo;y a rien&#8230; On doit dormir dans un endroit correct ! <br>On va travailler demain, on doit dormir dans un endroit o\u00f9&#8230; tu vois, tu ne peux pas aller travailler le lendemain si tu es dans des machins \u00e0 poussi\u00e8re et tout&#8230;<\/p>\n\n\n\n<p class=\"wp-block-paragraph\">C&rsquo;est comme \u00e7a qu&rsquo;on a d\u00e9couvert, le Campanile&#8230; et je dis :<br>&#8211; Ah ben voil\u00e0&#8230;<\/p>\n\n\n\n<p class=\"wp-block-paragraph\">C&rsquo;\u00e9tait une petite chambre, tout \u00e0 fait correct, c&rsquo;\u00e9tait tout \u00e0 fait ce qu&rsquo;il nous fallait&#8230; Et \u00e0 l&rsquo;\u00e9poque, tu y dormais bien&#8230; <br>Le Campanile, c&rsquo;\u00e9tait un bon statut. C&rsquo;\u00e9tait un statut excellent pour moi&#8230; Ce qui veut dire que cette fois l\u00e0, on avait peu travaill\u00e9. On a d\u00e9pos\u00e9 nos affaires&#8230; Mais les fois suivantes on pouvait partir \u00e0 2 heures du matin pour pouvoir dormir le lundi soir&#8230;<\/p>\n\n\n\n<p class=\"wp-block-paragraph\">On ne faisait qu&rsquo;une nuit \u00e0 l&rsquo;h\u00f4tel et on savait dans quel h\u00f4tel, on allait dormir&#8230;  On savait que quand on avait cass\u00e9 des pierres toute la journ\u00e9e, tu rentrerais dans un h\u00f4tel, qui \u00e9tait correct !<\/p>\n\n\n\n<p class=\"wp-block-paragraph\">\u00c7a nous \u00e9tait aussi arriv\u00e9 de partir le dimanche et d&rsquo;aller aussi visiter Lyon, de dormir le soir et de partir travailler le lundi matin&#8230; <br>On a aussi fait&#8230; Mais on ramenait la tonne !<\/p>\n\n\n\n<p class=\"wp-block-paragraph\">Alors je me souviens la premi\u00e8re fois, il me dit dans l&rsquo;apr\u00e8s midi du lundi&#8230;<br>&#8211; Aah&#8230; ben non&#8230; Aaah&#8230; Ooooh&#8230; Je n&rsquo;en peux plus&#8230;!<\/p>\n\n\n\n<p class=\"wp-block-paragraph\">Et moi&#8230; <br>&#8211; Non non non&#8230; On ne part pas avant la tonne !<br>&#8211; Aah&#8230; mais comment tu fais \u00e7a ? Ah non&#8230; mais ce n&rsquo;est pas possible !<\/p>\n\n\n\n<p class=\"wp-block-paragraph\">Et moi&#8230;<br>&#8211; Mais non non, on ne l\u00e2che pas !<\/p>\n\n\n\n<p class=\"wp-block-paragraph\">Mais quand on a fini la premi\u00e8re fois la tonne&#8230; Ce n&rsquo;est pas ensemble qu&rsquo;on a fait la photo&#8230; C&rsquo;\u00e9tait lui tout seul devant son char, qu&rsquo;il a fait la photo !<\/p>\n\n\n\n<p class=\"wp-block-paragraph\">Il a donn\u00e9 la vision \u00e0 notre fils sur la tonne&#8230; que c&rsquo;\u00e9tait Monsieur qui avait fait la tonne ! C&rsquo;\u00e9tait toujours \u00e7a, en fin de compte, moi j&rsquo;\u00e9tais o\u00f9 moi ?<\/p>\n\n\n\n<p class=\"wp-block-paragraph\">Il y avait quand m\u00eame une photo qui avait \u00e9t\u00e9 prise quand j&rsquo;\u00e9tais en train de casser les cailloux&#8230; <br>J&rsquo;aimerais bien savoir o\u00f9 elle est celle-l\u00e0 &#8230;parce qu&rsquo;elle a disparue, hein ! <br>Celle-l\u00e0, on ne la montre pas&#8230; On ne veut pas en entendre parler&#8230;<\/p>\n\n\n\n<p class=\"wp-block-paragraph\">&#8211; <em>Parce que lui, il en avait fait que la moiti\u00e9 ?<\/em><br>&#8211; Non, parce que lui, tr\u00e8s vite c&rsquo;\u00e9tait :<\/p>\n\n\n\n<ul class=\"wp-block-list\">\n<li>Aie&#8230; ahhh&#8230; Isa&#8230; Aiiie&#8230; ooohhh&#8230; Ohh mon dieu !<\/li>\n<\/ul>\n\n\n\n<p class=\"wp-block-paragraph\">Apr\u00e8s il voulait me pr\u00e9parer des cailloux&#8230; Encore en plus de \u00e7a&#8230;!<\/p>\n\n\n\n<p class=\"wp-block-paragraph\">Il me disait :<br>&#8211; Mais t&rsquo;es horrible&#8230; <\/p>\n\n\n\n<p class=\"wp-block-paragraph\">Parce que quand ce n&rsquo;\u00e9tait pas des belles pierres, je les lui renvoyais, je disais :<br>&#8211; Ah ben non&#8230; des correctes ! <br>\u00c7a, ce n&rsquo;est pas vendable !<\/p>\n\n\n\n<p class=\"wp-block-paragraph\">Alors je les triais&#8230; et je lui disais :<br> &#8211; Mais la derni\u00e8re fois, quand tu es revenu, tu es revenu avec du chni&#8230; Alors on ne reviens pas avec du chni&#8230; mais avec de la marchandise qui est valable, qui est vraiment de qualit\u00e9.<\/p>\n\n\n\n<p class=\"wp-block-paragraph\">Avec \u00e7a, il trouvait que j&rsquo;\u00e9tais un tyran, parce que je le faisais travailler&#8230; Non, il fallait juste des choses propres en ordre !<\/p>\n\n\n\n<ul class=\"wp-block-list\">\n<li>Non, on ne vend pas n&rsquo;importe quoi !<\/li>\n<\/ul>\n","protected":false},"excerpt":{"rendered":"<p>&lt;Enregistr\u00e9 le 14 Septembre 2016&gt; J&rsquo;avais ouvert mon salon de coiffure et lui, il allait chercher les pierres \u00e0 Lyon&#8230; Il prenait la camionnette de son p\u00e8re, celle du Grand-P\u00e8re&#8230; C&rsquo;\u00e9tait une camionnette avec la toile, \u00e0 l&rsquo;\u00e9poque&#8230; parce que c&rsquo;\u00e9tait ancien, il \u00e9tait vigneron&#8230; Il me dit :&#8211; Bon, je vais \u00e0 Lyon&#8230; Je [&hellip;]<\/p>\n","protected":false},"author":1,"featured_media":0,"parent":0,"menu_order":0,"comment_status":"open","ping_status":"closed","template":"pages-chapitre-08","meta":{"footnotes":""},"class_list":["post-2079","page","type-page","status-publish","hentry"],"jetpack_sharing_enabled":true,"_links":{"self":[{"href":"https:\/\/mercigracias.ch\/index.php?rest_route=\/wp\/v2\/pages\/2079","targetHints":{"allow":["GET"]}}],"collection":[{"href":"https:\/\/mercigracias.ch\/index.php?rest_route=\/wp\/v2\/pages"}],"about":[{"href":"https:\/\/mercigracias.ch\/index.php?rest_route=\/wp\/v2\/types\/page"}],"author":[{"embeddable":true,"href":"https:\/\/mercigracias.ch\/index.php?rest_route=\/wp\/v2\/users\/1"}],"replies":[{"embeddable":true,"href":"https:\/\/mercigracias.ch\/index.php?rest_route=%2Fwp%2Fv2%2Fcomments&post=2079"}],"version-history":[{"count":6,"href":"https:\/\/mercigracias.ch\/index.php?rest_route=\/wp\/v2\/pages\/2079\/revisions"}],"predecessor-version":[{"id":4976,"href":"https:\/\/mercigracias.ch\/index.php?rest_route=\/wp\/v2\/pages\/2079\/revisions\/4976"}],"wp:attachment":[{"href":"https:\/\/mercigracias.ch\/index.php?rest_route=%2Fwp%2Fv2%2Fmedia&parent=2079"}],"curies":[{"name":"wp","href":"https:\/\/api.w.org\/{rel}","templated":true}]}}

3 sacs ? Je rêve&#8230;

<p class="wp-block-paragraph">&lt;Enregistré le 14 Septembre 2016&gt;</p>



<p class="wp-block-paragraph">J&rsquo;avais ouvert mon salon de coiffure et lui, il allait chercher les pierres à Lyon&#8230; Il prenait la camionnette de son père, celle du Grand-Père&#8230; C&rsquo;était une camionnette avec la toile, à l&rsquo;époque&#8230; parce que c&rsquo;était ancien, il était vigneron&#8230;</p>



<p class="wp-block-paragraph">Il me dit :<br>&#8211; Bon, je vais à Lyon&#8230; Je vais chercher de la marchandise.<br>&#8211; Ok</p>



<p class="wp-block-paragraph">Bon, tu vas chercher de la marchandise, quoi&#8230; C&rsquo;était la première fois. Je pense qu&rsquo;il avait dû faire quelques jours, je ne me souviens plus, peut-être trois jours&#8230; ? <br>Tu vois un jour pour le voyage, un jour pour la marchandise, puis un pour revenir&#8230; C&rsquo;était un voyage à l&rsquo;époque !</p>



<p class="wp-block-paragraph">Il fallait cinq à six heures pour aller jusque Lyon&#8230; Il n&rsquo;y avait pas encore les autoroutes de maintenant et avec la camionnette, tu vois un petit peu ? Il ne fallait pas rouler plus que 100 km/h&#8230; <br>Alors là-dessus, quand il était de retour, je lui dis&#8230;<br>&#8211; Mais elle est où la marchandise ? <br>&#8211; Ben là, qu&rsquo;il me dit&#8230; à la cuisine !</p>



<p class="wp-block-paragraph">Et il me montre 3 sacs&#8230; Bon, c&rsquo;était 3 sacs de 60 litres à peu près&#8230; Mais bon&#8230; C&rsquo;était des sacs poubelle, des sacs blancs. <br>Oh non, ça ne devait pas être des 110 litres&#8230;</p>



<p class="wp-block-paragraph">Mais en fin de compte, c&rsquo;était 3 sacs&#8230; ! <br>Ce n&rsquo;était pas grand chose&#8230; et puis je dis :<br>&#8211; Mais c&rsquo;est ça ? <br>Tu as fait le voyage, tu as payé l&rsquo;hôtel et tout ça, pour ça&#8230; ?<br>Non mais je rêve ou bien&#8230; ? Et pour les vendre, il va falloir encore payer la poste&#8230; Je n&rsquo;y crois pas ! &#8230;Mais on va où, là ?<br>Non non&#8230; La prochaine fois, moi je viens avec, casser des cailloux&#8230; On va déjà voir&#8230; On ne ramènera pas trois sacs, on va ramener la tonne !</p>



<p class="wp-block-paragraph">Alors bien sûr quand je disais ça, il faisait sa tête de petit garçon&#8230; en fin de compte celle d&rsquo;un gamin qui était pris en faute, et qui n&rsquo;avait pas beaucoup travaillé&#8230; alors il n&rsquo;était pas content !</p>



<p class="wp-block-paragraph">Mais avec lui, tu ne voyais pas de grandes significations, tu vois&#8230; <br>Il n&rsquo;était pas très expressif.</p>



<p class="wp-block-paragraph">Bon&#8230; Ce qui veut dire que la fois d&rsquo;après quand il a dit :<br>&#8211; J&rsquo;ai de nouveau besoin de marchandise&#8230;</p>



<p class="wp-block-paragraph">Je lui dis :<br>&#8211; Alors on va organiser&#8230; Moi je vais fermer mon salon de coiffure le mardi, et on va partir le dimanche soir, ou lundi à 2 heures du matin de chez nous&#8230; Comme ça on arrivera là-bas à 7 heures du matin sur place&#8230; On aura le temps de prendre les cafés et on commence à 7 heures et demi.</p>



<p class="wp-block-paragraph">Ah non&#8230; la première fois, on est parti un dimanche parce qu&rsquo;il fallait chercher un hôtel&#8230; On était à Tassin la Demi-Lune, on est entré dans ces petits hôtels, dans ces petits machins&#8230;</p>



<p class="wp-block-paragraph">Mais moi, tu me connais&#8230; si ça sent la poussière, le lit ce n&rsquo;est pas un lit, c&rsquo;est une cuvette. Alors non, non&#8230;!</p>



<p class="wp-block-paragraph">Alors on a fait tout le dimanche après midi pour chercher un hôtel correct&#8230;<br>&#8211; Non, il n&rsquo;y a rien&#8230; On doit dormir dans un endroit correct ! <br>On va travailler demain, on doit dormir dans un endroit où&#8230; tu vois, tu ne peux pas aller travailler le lendemain si tu es dans des machins à poussière et tout&#8230;</p>



<p class="wp-block-paragraph">C&rsquo;est comme ça qu&rsquo;on a découvert, le Campanile&#8230; et je dis :<br>&#8211; Ah ben voilà&#8230;</p>



<p class="wp-block-paragraph">C&rsquo;était une petite chambre, tout à fait correct, c&rsquo;était tout à fait ce qu&rsquo;il nous fallait&#8230; Et à l&rsquo;époque, tu y dormais bien&#8230; <br>Le Campanile, c&rsquo;était un bon statut. C&rsquo;était un statut excellent pour moi&#8230; Ce qui veut dire que cette fois là, on avait peu travaillé. On a déposé nos affaires&#8230; Mais les fois suivantes on pouvait partir à 2 heures du matin pour pouvoir dormir le lundi soir&#8230;</p>



<p class="wp-block-paragraph">On ne faisait qu&rsquo;une nuit à l&rsquo;hôtel et on savait dans quel hôtel, on allait dormir&#8230;  On savait que quand on avait cassé des pierres toute la journée, tu rentrerais dans un hôtel, qui était correct !</p>



<p class="wp-block-paragraph">Ça nous était aussi arrivé de partir le dimanche et d&rsquo;aller aussi visiter Lyon, de dormir le soir et de partir travailler le lundi matin&#8230; <br>On a aussi fait&#8230; Mais on ramenait la tonne !</p>



<p class="wp-block-paragraph">Alors je me souviens la première fois, il me dit dans l&rsquo;après midi du lundi&#8230;<br>&#8211; Aah&#8230; ben non&#8230; Aaah&#8230; Ooooh&#8230; Je n&rsquo;en peux plus&#8230;!</p>



<p class="wp-block-paragraph">Et moi&#8230; <br>&#8211; Non non non&#8230; On ne part pas avant la tonne !<br>&#8211; Aah&#8230; mais comment tu fais ça ? Ah non&#8230; mais ce n&rsquo;est pas possible !</p>



<p class="wp-block-paragraph">Et moi&#8230;<br>&#8211; Mais non non, on ne lâche pas !</p>



<p class="wp-block-paragraph">Mais quand on a fini la première fois la tonne&#8230; Ce n&rsquo;est pas ensemble qu&rsquo;on a fait la photo&#8230; C&rsquo;était lui tout seul devant son char, qu&rsquo;il a fait la photo !</p>



<p class="wp-block-paragraph">Il a donné la vision à notre fils sur la tonne&#8230; que c&rsquo;était Monsieur qui avait fait la tonne ! C&rsquo;était toujours ça, en fin de compte, moi j&rsquo;étais où moi ?</p>



<p class="wp-block-paragraph">Il y avait quand même une photo qui avait été prise quand j&rsquo;étais en train de casser les cailloux&#8230; <br>J&rsquo;aimerais bien savoir où elle est celle-là &#8230;parce qu&rsquo;elle a disparue, hein ! <br>Celle-là, on ne la montre pas&#8230; On ne veut pas en entendre parler&#8230;</p>



<p class="wp-block-paragraph">&#8211; <em>Parce que lui, il en avait fait que la moitié ?</em><br>&#8211; Non, parce que lui, très vite c&rsquo;était :</p>



<ul class="wp-block-list">
<li>Aie&#8230; ahhh&#8230; Isa&#8230; Aiiie&#8230; ooohhh&#8230; Ohh mon dieu !</li>
</ul>



<p class="wp-block-paragraph">Après il voulait me préparer des cailloux&#8230; Encore en plus de ça&#8230;!</p>



<p class="wp-block-paragraph">Il me disait :<br>&#8211; Mais t&rsquo;es horrible&#8230; </p>



<p class="wp-block-paragraph">Parce que quand ce n&rsquo;était pas des belles pierres, je les lui renvoyais, je disais :<br>&#8211; Ah ben non&#8230; des correctes ! <br>Ça, ce n&rsquo;est pas vendable !</p>



<p class="wp-block-paragraph">Alors je les triais&#8230; et je lui disais :<br> &#8211; Mais la dernière fois, quand tu es revenu, tu es revenu avec du chni&#8230; Alors on ne reviens pas avec du chni&#8230; mais avec de la marchandise qui est valable, qui est vraiment de qualité.</p>



<p class="wp-block-paragraph">Avec ça, il trouvait que j&rsquo;étais un tyran, parce que je le faisais travailler&#8230; Non, il fallait juste des choses propres en ordre !</p>



<ul class="wp-block-list">
<li>Non, on ne vend pas n&rsquo;importe quoi !</li>
</ul>

<p>&lt;Enregistré le 14 Septembre 2016&gt; J&rsquo;avais ouvert mon salon de coiffure et lui, il allait chercher les pierres à Lyon&#8230; Il prenait la camionnette de son père, celle du Grand-Père&#8230; C&rsquo;était une camionnette avec la toile, à l&rsquo;époque&#8230; parce que c&rsquo;était ancien, il était vigneron&#8230; Il me dit :&#8211; Bon, je vais à Lyon&#8230; Je [&hellip;]</p>
