{"id":2091,"date":"2026-03-10T10:32:13","date_gmt":"2026-03-10T10:32:13","guid":{"rendered":"https:\/\/mercigracias.ch\/?page_id=2091"},"modified":"2026-06-28T11:22:09","modified_gmt":"2026-06-28T11:22:09","slug":"un-coeur-dor","status":"publish","type":"page","link":"https:\/\/mercigracias.ch\/?page_id=2091","title":{"rendered":"Un c\u0153ur d&rsquo;or"},"content":{"rendered":"\n<p class=\"wp-block-paragraph\">&lt;Enregistr\u00e9 le 27 Ao\u00fbt 2014&gt;<\/p>\n\n\n\n<p class=\"wp-block-paragraph\">Deux ou trois jours apr\u00e8s avoir accouch\u00e9 de ma fille, et bien, il d\u00e9cide de partir au Japon&#8230;<\/p>\n\n\n\n<p class=\"wp-block-paragraph\">Mais tu vois quand tu as v\u00e9cu le temps de grossesse, que tu as eu une c\u00e9sarienne, tu as une pression !<\/p>\n\n\n\n<p class=\"wp-block-paragraph\">Tu as une pression d&rsquo;hormones qui retombe, et tu vas retourner \u00e0 la maison avec ton enfant, et tu as ton salon de coiffure&#8230; <br>Tu t&rsquo;inqui\u00e8tes pour savoir comment tu vas faire, comment g\u00e9rer&#8230;<br>Si tu vas \u00eatre capable, en tant que maman \u00e0 29 ans et avec tout mon parcours&#8230; <\/p>\n\n\n\n<p class=\"wp-block-paragraph\">La coiffure, je g\u00e8re, mais cette enfant, comment la g\u00e9rer&#8230; ?<\/p>\n\n\n\n<p class=\"wp-block-paragraph\">Et puis l\u00e0, il y a mon mari qui m&rsquo;annonce son d\u00e9part&#8230; il est venu me poser une t\u00e9l\u00e9vision, et puis il me dit :<br>&#8211; Voil\u00e0&#8230; Il y a des cassettes, voil\u00e0, je pars au japon&#8230;<\/p>\n\n\n\n<p class=\"wp-block-paragraph\">Comment tu es le lendemain matin, \u00e0 la maternit\u00e9 ?<\/p>\n\n\n\n<p class=\"wp-block-paragraph\">C&rsquo;\u00e9tait un dimanche, je me souviens, il y a le gyn\u00e9cologue qui arrive&#8230; J&rsquo;\u00e9tais en pleurs, je ne te dis pas&#8230; comme une fontaine !<\/p>\n\n\n\n<ul class=\"wp-block-list\">\n<li>Le baby blues, mais alors total&#8230;<\/li>\n<\/ul>\n\n\n\n<p class=\"wp-block-paragraph\">Il me dit :<br>&#8211; Ah non, ce n&rsquo;est pas possible&#8230; et puis l&rsquo;autre qui n&rsquo;est pas l\u00e0&#8230;(Rire) <br>Ecoutez&#8230; Je finis ma tourn\u00e9e des gens, j&rsquo;habite juste \u00e0 c\u00f4t\u00e9 au village&#8230; Je vais chercher mes quatre filles, et je viens prendre l&rsquo;ap\u00e9ritif chez vous&#8230; avec mes enfants.<\/p>\n\n\n\n<ul class=\"wp-block-list\">\n<li>On vient chez vous !<\/li>\n<\/ul>\n\n\n\n<p class=\"wp-block-paragraph\">Mais l\u00e0 aussi, c&rsquo;\u00e9tait un moment de gr\u00e2ce, parce qu&rsquo;il est arriv\u00e9 avec ses quatre enfants, ses quatre filles. Il y avait la mienne dans la couche&#8230; Elles \u00e9taient toutes petites, entre quatre et huit ans&#8230;<\/p>\n\n\n\n<p class=\"wp-block-paragraph\">C&rsquo;\u00e9tait tr\u00e8s tr\u00e8s vivant, et moi qui pleurais comme un saule pleureur&#8230; Ses enfants qui tournaient autour de ma fille, et lui qui essayait de me dire&#8230; Sant\u00e9 et de me consoler comme il pouvait&#8230; (Rire)<\/p>\n\n\n\n<ul class=\"wp-block-list\">\n<li>Gentil ce Monsieur Demeuron, un c\u0153ur d&rsquo;or !<\/li>\n<\/ul>\n","protected":false},"excerpt":{"rendered":"<p>&lt;Enregistr\u00e9 le 27 Ao\u00fbt 2014&gt; Deux ou trois jours apr\u00e8s avoir accouch\u00e9 de ma fille, et bien, il d\u00e9cide de partir au Japon&#8230; Mais tu vois quand tu as v\u00e9cu le temps de grossesse, que tu as eu une c\u00e9sarienne, tu as une pression ! Tu as une pression d&rsquo;hormones qui retombe, et tu vas [&hellip;]<\/p>\n","protected":false},"author":1,"featured_media":0,"parent":0,"menu_order":0,"comment_status":"open","ping_status":"closed","template":"pages-chapitre-08","meta":{"footnotes":""},"class_list":["post-2091","page","type-page","status-publish","hentry"],"jetpack_sharing_enabled":true,"_links":{"self":[{"href":"https:\/\/mercigracias.ch\/index.php?rest_route=\/wp\/v2\/pages\/2091","targetHints":{"allow":["GET"]}}],"collection":[{"href":"https:\/\/mercigracias.ch\/index.php?rest_route=\/wp\/v2\/pages"}],"about":[{"href":"https:\/\/mercigracias.ch\/index.php?rest_route=\/wp\/v2\/types\/page"}],"author":[{"embeddable":true,"href":"https:\/\/mercigracias.ch\/index.php?rest_route=\/wp\/v2\/users\/1"}],"replies":[{"embeddable":true,"href":"https:\/\/mercigracias.ch\/index.php?rest_route=%2Fwp%2Fv2%2Fcomments&post=2091"}],"version-history":[{"count":5,"href":"https:\/\/mercigracias.ch\/index.php?rest_route=\/wp\/v2\/pages\/2091\/revisions"}],"predecessor-version":[{"id":4986,"href":"https:\/\/mercigracias.ch\/index.php?rest_route=\/wp\/v2\/pages\/2091\/revisions\/4986"}],"wp:attachment":[{"href":"https:\/\/mercigracias.ch\/index.php?rest_route=%2Fwp%2Fv2%2Fmedia&parent=2091"}],"curies":[{"name":"wp","href":"https:\/\/api.w.org\/{rel}","templated":true}]}}

Un cœur d&rsquo;or

<p class="wp-block-paragraph">&lt;Enregistré le 27 Août 2014&gt;</p>



<p class="wp-block-paragraph">Deux ou trois jours après avoir accouché de ma fille, et bien, il décide de partir au Japon&#8230;</p>



<p class="wp-block-paragraph">Mais tu vois quand tu as vécu le temps de grossesse, que tu as eu une césarienne, tu as une pression !</p>



<p class="wp-block-paragraph">Tu as une pression d&rsquo;hormones qui retombe, et tu vas retourner à la maison avec ton enfant, et tu as ton salon de coiffure&#8230; <br>Tu t&rsquo;inquiètes pour savoir comment tu vas faire, comment gérer&#8230;<br>Si tu vas être capable, en tant que maman à 29 ans et avec tout mon parcours&#8230; </p>



<p class="wp-block-paragraph">La coiffure, je gère, mais cette enfant, comment la gérer&#8230; ?</p>



<p class="wp-block-paragraph">Et puis là, il y a mon mari qui m&rsquo;annonce son départ&#8230; il est venu me poser une télévision, et puis il me dit :<br>&#8211; Voilà&#8230; Il y a des cassettes, voilà, je pars au japon&#8230;</p>



<p class="wp-block-paragraph">Comment tu es le lendemain matin, à la maternité ?</p>



<p class="wp-block-paragraph">C&rsquo;était un dimanche, je me souviens, il y a le gynécologue qui arrive&#8230; J&rsquo;étais en pleurs, je ne te dis pas&#8230; comme une fontaine !</p>



<ul class="wp-block-list">
<li>Le baby blues, mais alors total&#8230;</li>
</ul>



<p class="wp-block-paragraph">Il me dit :<br>&#8211; Ah non, ce n&rsquo;est pas possible&#8230; et puis l&rsquo;autre qui n&rsquo;est pas là&#8230;(Rire) <br>Ecoutez&#8230; Je finis ma tournée des gens, j&rsquo;habite juste à côté au village&#8230; Je vais chercher mes quatre filles, et je viens prendre l&rsquo;apéritif chez vous&#8230; avec mes enfants.</p>



<ul class="wp-block-list">
<li>On vient chez vous !</li>
</ul>



<p class="wp-block-paragraph">Mais là aussi, c&rsquo;était un moment de grâce, parce qu&rsquo;il est arrivé avec ses quatre enfants, ses quatre filles. Il y avait la mienne dans la couche&#8230; Elles étaient toutes petites, entre quatre et huit ans&#8230;</p>



<p class="wp-block-paragraph">C&rsquo;était très très vivant, et moi qui pleurais comme un saule pleureur&#8230; Ses enfants qui tournaient autour de ma fille, et lui qui essayait de me dire&#8230; Santé et de me consoler comme il pouvait&#8230; (Rire)</p>



<ul class="wp-block-list">
<li>Gentil ce Monsieur Demeuron, un cœur d&rsquo;or !</li>
</ul>

<p>&lt;Enregistré le 27 Août 2014&gt; Deux ou trois jours après avoir accouché de ma fille, et bien, il décide de partir au Japon&#8230; Mais tu vois quand tu as vécu le temps de grossesse, que tu as eu une césarienne, tu as une pression ! Tu as une pression d&rsquo;hormones qui retombe, et tu vas [&hellip;]</p>
