{"id":2096,"date":"2026-03-10T10:57:14","date_gmt":"2026-03-10T10:57:14","guid":{"rendered":"https:\/\/mercigracias.ch\/?page_id=2096"},"modified":"2026-06-28T12:34:21","modified_gmt":"2026-06-28T12:34:21","slug":"il-se-cuite","status":"publish","type":"page","link":"https:\/\/mercigracias.ch\/?page_id=2096","title":{"rendered":"Il se cuite&#8230;"},"content":{"rendered":"\n<p class=\"wp-block-paragraph\">&lt;Enregistr\u00e9 le 27 Ao\u00fbt 2014&gt;<\/p>\n\n\n\n<p class=\"wp-block-paragraph\">Quand ma fille avait plus ou moins six mois, mon mari s&rsquo;\u00e9tait pris une cuite !<\/p>\n\n\n\n<ul class=\"wp-block-list\">\n<li>M\u00e9morable !<\/li>\n<\/ul>\n\n\n\n<p class=\"wp-block-paragraph\">Et puis il avait parqu\u00e9 sa voiture en ville, sur une pr\u00e9s\u00e9lection et \u00e9tait rentr\u00e9 \u00e0 pied&#8230;<\/p>\n\n\n\n<p class=\"wp-block-paragraph\">Tu sais o\u00f9 il y avait la poste \u00e0 l&rsquo;\u00e9poque&#8230; Il y avait un parking, maintenant c&rsquo;est une place pi\u00e9tonne, o\u00f9 les voitures tournaient pr\u00e8s de la place du port, il y avait une pr\u00e9s\u00e9lection avec un panneau pour s&rsquo;avancer et les gens tournaient tout autour&#8230;<\/p>\n\n\n\n<p class=\"wp-block-paragraph\">Il ne s&rsquo;\u00e9tait m\u00eame pas parqu\u00e9 sur une case&#8230; mais directement comme \u00e7a, et le soir il arrive \u00e0 la maison, il \u00e9tait rond&#8230;<\/p>\n\n\n\n<p class=\"wp-block-paragraph\">Alors le matin vers cinq heures, je ne sais plus quand est ce qu&rsquo;il me dit \u00e7a, il me dit :<br>&#8211; Ecoute&#8230; Hier soir comme j&rsquo;\u00e9tais rond, et que je n&rsquo;\u00e9tais pas tr\u00e8s bien, j&rsquo;ai laiss\u00e9 ma voiture en ville&#8230; Mais je ne sais plus o\u00f9 elle est&#8230;<br>Je ne sais plus o\u00f9 elle est plac\u00e9e, je crois qu&rsquo;elle est pr\u00e8s du port&#8230;<br>Mais enfin je ne sais plus&#8230; <br>Je ne sais pas si elle est dans une place de parking, je ne sais plus !<br>Je n&rsquo;en ai aucune id\u00e9e, je ne sais pas&#8230; Mais il y a la police qui va passer ce matin&#8230;<\/p>\n\n\n\n<p class=\"wp-block-paragraph\">Alors moi, je suis partie le matin avec le premier tram \u00e0 six heures avec ma fille de six mois pour aller chercher sa voiture en ville&#8230;<\/p>\n\n\n\n<p class=\"wp-block-paragraph\">Heureusement je l&rsquo;ai trouv\u00e9e sur une pr\u00e9s\u00e9lection, comme \u00e7a&#8230;<br>M\u00eame pas gar\u00e9e sur une place de parc&#8230; Il l&rsquo;avait plant\u00e9e comme \u00e7a&#8230; <\/p>\n\n\n\n<p class=\"wp-block-paragraph\">J&rsquo;avais \u00e9t\u00e9 cherch\u00e9 sa voiture avec ma fille qui n&rsquo;avait que six mois, un dimanche matin \u00e0 6 heures&#8230; du matin !<\/p>\n\n\n\n<p class=\"wp-block-paragraph\"><\/p>\n","protected":false},"excerpt":{"rendered":"<p>&lt;Enregistr\u00e9 le 27 Ao\u00fbt 2014&gt; Quand ma fille avait plus ou moins six mois, mon mari s&rsquo;\u00e9tait pris une cuite ! Et puis il avait parqu\u00e9 sa voiture en ville, sur une pr\u00e9s\u00e9lection et \u00e9tait rentr\u00e9 \u00e0 pied&#8230; Tu sais o\u00f9 il y avait la poste \u00e0 l&rsquo;\u00e9poque&#8230; Il y avait un parking, maintenant c&rsquo;est [&hellip;]<\/p>\n","protected":false},"author":1,"featured_media":0,"parent":0,"menu_order":0,"comment_status":"open","ping_status":"closed","template":"pages-chapitre-08","meta":{"footnotes":""},"class_list":["post-2096","page","type-page","status-publish","hentry"],"jetpack_sharing_enabled":true,"_links":{"self":[{"href":"https:\/\/mercigracias.ch\/index.php?rest_route=\/wp\/v2\/pages\/2096","targetHints":{"allow":["GET"]}}],"collection":[{"href":"https:\/\/mercigracias.ch\/index.php?rest_route=\/wp\/v2\/pages"}],"about":[{"href":"https:\/\/mercigracias.ch\/index.php?rest_route=\/wp\/v2\/types\/page"}],"author":[{"embeddable":true,"href":"https:\/\/mercigracias.ch\/index.php?rest_route=\/wp\/v2\/users\/1"}],"replies":[{"embeddable":true,"href":"https:\/\/mercigracias.ch\/index.php?rest_route=%2Fwp%2Fv2%2Fcomments&post=2096"}],"version-history":[{"count":5,"href":"https:\/\/mercigracias.ch\/index.php?rest_route=\/wp\/v2\/pages\/2096\/revisions"}],"predecessor-version":[{"id":4990,"href":"https:\/\/mercigracias.ch\/index.php?rest_route=\/wp\/v2\/pages\/2096\/revisions\/4990"}],"wp:attachment":[{"href":"https:\/\/mercigracias.ch\/index.php?rest_route=%2Fwp%2Fv2%2Fmedia&parent=2096"}],"curies":[{"name":"wp","href":"https:\/\/api.w.org\/{rel}","templated":true}]}}

<p class="wp-block-paragraph">&lt;Enregistré le 27 Août 2014&gt;</p>



<p class="wp-block-paragraph">Quand ma fille avait plus ou moins six mois, mon mari s&rsquo;était pris une cuite !</p>



<ul class="wp-block-list">
<li>Mémorable !</li>
</ul>



<p class="wp-block-paragraph">Et puis il avait parqué sa voiture en ville, sur une présélection et était rentré à pied&#8230;</p>



<p class="wp-block-paragraph">Tu sais où il y avait la poste à l&rsquo;époque&#8230; Il y avait un parking, maintenant c&rsquo;est une place piétonne, où les voitures tournaient près de la place du port, il y avait une présélection avec un panneau pour s&rsquo;avancer et les gens tournaient tout autour&#8230;</p>



<p class="wp-block-paragraph">Il ne s&rsquo;était même pas parqué sur une case&#8230; mais directement comme ça, et le soir il arrive à la maison, il était rond&#8230;</p>



<p class="wp-block-paragraph">Alors le matin vers cinq heures, je ne sais plus quand est ce qu&rsquo;il me dit ça, il me dit :<br>&#8211; Ecoute&#8230; Hier soir comme j&rsquo;étais rond, et que je n&rsquo;étais pas très bien, j&rsquo;ai laissé ma voiture en ville&#8230; Mais je ne sais plus où elle est&#8230;<br>Je ne sais plus où elle est placée, je crois qu&rsquo;elle est près du port&#8230;<br>Mais enfin je ne sais plus&#8230; <br>Je ne sais pas si elle est dans une place de parking, je ne sais plus !<br>Je n&rsquo;en ai aucune idée, je ne sais pas&#8230; Mais il y a la police qui va passer ce matin&#8230;</p>



<p class="wp-block-paragraph">Alors moi, je suis partie le matin avec le premier tram à six heures avec ma fille de six mois pour aller chercher sa voiture en ville&#8230;</p>



<p class="wp-block-paragraph">Heureusement je l&rsquo;ai trouvée sur une présélection, comme ça&#8230;<br>Même pas garée sur une place de parc&#8230; Il l&rsquo;avait plantée comme ça&#8230; </p>



<p class="wp-block-paragraph">J&rsquo;avais été cherché sa voiture avec ma fille qui n&rsquo;avait que six mois, un dimanche matin à 6 heures&#8230; du matin !</p>



<p class="wp-block-paragraph"></p>

<p>&lt;Enregistré le 27 Août 2014&gt; Quand ma fille avait plus ou moins six mois, mon mari s&rsquo;était pris une cuite ! Et puis il avait parqué sa voiture en ville, sur une présélection et était rentré à pied&#8230; Tu sais où il y avait la poste à l&rsquo;époque&#8230; Il y avait un parking, maintenant c&rsquo;est [&hellip;]</p>
