{"id":2099,"date":"2026-03-10T11:15:06","date_gmt":"2026-03-10T11:15:06","guid":{"rendered":"https:\/\/mercigracias.ch\/?page_id=2099"},"modified":"2026-06-28T11:28:05","modified_gmt":"2026-06-28T11:28:05","slug":"tu-las-oubliee","status":"publish","type":"page","link":"https:\/\/mercigracias.ch\/?page_id=2099","title":{"rendered":"Tu l&rsquo;as oubli\u00e9e&#8230; ?"},"content":{"rendered":"\n<p class=\"wp-block-paragraph\">&lt;Enregistr\u00e9 le 14 Septembre 2016&gt;<\/p>\n\n\n\n<p class=\"wp-block-paragraph\">Je venais d&rsquo;avoir ma fille, elle devait avoir 2 mois&#8230; <\/p>\n\n\n\n<p class=\"wp-block-paragraph\">On va en ville pour faire des achats, c&rsquo;\u00e9tait un lundi puisque j&rsquo;avais mon salon de coiffure pendant la semaine&#8230; Et moi je devais aller \u00e0 l&rsquo;Unip \u00e0 c\u00f4t\u00e9, \u00e0 l&rsquo;\u00e9tage et lui, il devait aller \u00e0 la banque&#8230;<\/p>\n\n\n\n<p class=\"wp-block-paragraph\">C&rsquo;\u00e9tait tout plat, la banque \u00e9tait juste en face. Alors je lui dis :<br>&#8211; Comme tu vas \u00e0 la banque et que c&rsquo;est tout plat, et que moi je vais au troisi\u00e8me \u00e9tage&#8230; Est ce que tu peux la prendre, elle et sa poussette, pour aller avec toi ?<br>Puisque c&rsquo;est tout plat, et on se rejoint d&rsquo;ici vingt minutes, une demi-heure&#8230;<\/p>\n\n\n\n<ul class=\"wp-block-list\">\n<li>Est ce que \u00e7a va pour toi ?<\/li>\n<\/ul>\n\n\n\n<p class=\"wp-block-paragraph\">Et puis je lui demande pour combien de temps il a \u00e0 faire \u00e0 la banque, et il me dit :<br>&#8211; Pour une demi heure&#8230;<br>&#8211; OK, si \u00e7a va pour toi.<\/p>\n\n\n\n<p class=\"wp-block-paragraph\">Et puis il me rajoute comme \u00e0 son habitude : <br>&#8211; Mais oui oui&#8230; mais pas de souci&#8230; Isa&#8230; !<\/p>\n\n\n\n<p class=\"wp-block-paragraph\">Et il prend la poussette, et il part avec&#8230;<\/p>\n\n\n\n<p class=\"wp-block-paragraph\">Donc je le rejoins, vingt minutes une demi-heure apr\u00e8s, et je le vois dehors&#8230; Je le vois revenir alors que moi je sortais juste de l&rsquo;Unip et lui, il sortait de sa banque&#8230;<\/p>\n\n\n\n<p class=\"wp-block-paragraph\">L\u00e0&#8230; et puis on arrive \u00e0 mi-chemin et je lui dis&#8230;<br>&#8211; Euhhh&#8230; mais enfin&#8230; Elle est o\u00f9&#8230; ? <br>&#8211; Oooohhhhhmmm ! Je l&rsquo;ai compl\u00e8tement&#8230; Je l&rsquo;ai oubli\u00e9e, mais moi, tu vois, je ne sais pas, mais je n&rsquo;allais pas rentrer dans une banque avec une poussette&#8230; J&rsquo;allais avoir l&rsquo;air ridicule, alors je l&rsquo;ai cach\u00e9e sous les escaliers&#8230;<\/p>\n\n\n\n<p class=\"wp-block-paragraph\">&#8211; Quoi !? &#8230;C&rsquo;\u00e9tait \u00e0 plein pied et tu l&rsquo;as cach\u00e9e sous les escaliers !?<\/p>\n\n\n\n<p class=\"wp-block-paragraph\">Et puis l\u00e0-dessus&#8230; Bon ben, je hurle comme une hyst\u00e9rique ! <br>Je pars et je vais chercher la poussette&#8230; Je cours&#8230;<\/p>\n\n\n\n<p class=\"wp-block-paragraph\">&#8211; <em>Il ne voulait pas perdre la face, avoir l&rsquo;air ridicule, d&rsquo;\u00eatre un homme avec une poussette, d&rsquo;avoir des enfants, c&rsquo;\u00e9tait castrateur&#8230;?<\/em><\/p>\n\n\n\n<p class=\"wp-block-paragraph\">&#8211; Moi, je ne vois pas tout \u00e0 fait comme \u00e7a&#8230; C&rsquo;est plus : <\/p>\n\n\n\n<ul class=\"wp-block-list\">\n<li>Je suis un s\u00e9ducteur&#8230; <\/li>\n\n\n\n<li>Je ne suis pas un homme mari\u00e9, <\/li>\n\n\n\n<li>Je ne suis pas un p\u00e8re&#8230; <\/li>\n\n\n\n<li>Je suis un homme libre&#8230;<\/li>\n\n\n\n<li>Regardez moi, regardez moi&#8230; Je suis toujours \u00e0 disposition&#8230; Vous avez vu comme je suis beau !<\/li>\n<\/ul>\n\n\n\n<p class=\"wp-block-paragraph\">Je vois plut\u00f4t la s\u00e9duction l\u00e0-dedans, alors que la poussette tu l&rsquo;annonces, je suis mari\u00e9, je suis p\u00e8re de famille&#8230; Je ne suis plus sur le march\u00e9 \u00e0 vendre&#8230; <\/p>\n\n\n\n<p class=\"wp-block-paragraph\">\u00c7a veut tout dire !<\/p>\n\n\n\n<p class=\"wp-block-paragraph\"><\/p>\n","protected":false},"excerpt":{"rendered":"<p>&lt;Enregistr\u00e9 le 14 Septembre 2016&gt; Je venais d&rsquo;avoir ma fille, elle devait avoir 2 mois&#8230; On va en ville pour faire des achats, c&rsquo;\u00e9tait un lundi puisque j&rsquo;avais mon salon de coiffure pendant la semaine&#8230; Et moi je devais aller \u00e0 l&rsquo;Unip \u00e0 c\u00f4t\u00e9, \u00e0 l&rsquo;\u00e9tage et lui, il devait aller \u00e0 la banque&#8230; C&rsquo;\u00e9tait [&hellip;]<\/p>\n","protected":false},"author":1,"featured_media":0,"parent":0,"menu_order":0,"comment_status":"open","ping_status":"closed","template":"pages-chapitre-08","meta":{"footnotes":""},"class_list":["post-2099","page","type-page","status-publish","hentry"],"jetpack_sharing_enabled":true,"_links":{"self":[{"href":"https:\/\/mercigracias.ch\/index.php?rest_route=\/wp\/v2\/pages\/2099","targetHints":{"allow":["GET"]}}],"collection":[{"href":"https:\/\/mercigracias.ch\/index.php?rest_route=\/wp\/v2\/pages"}],"about":[{"href":"https:\/\/mercigracias.ch\/index.php?rest_route=\/wp\/v2\/types\/page"}],"author":[{"embeddable":true,"href":"https:\/\/mercigracias.ch\/index.php?rest_route=\/wp\/v2\/users\/1"}],"replies":[{"embeddable":true,"href":"https:\/\/mercigracias.ch\/index.php?rest_route=%2Fwp%2Fv2%2Fcomments&post=2099"}],"version-history":[{"count":5,"href":"https:\/\/mercigracias.ch\/index.php?rest_route=\/wp\/v2\/pages\/2099\/revisions"}],"predecessor-version":[{"id":4988,"href":"https:\/\/mercigracias.ch\/index.php?rest_route=\/wp\/v2\/pages\/2099\/revisions\/4988"}],"wp:attachment":[{"href":"https:\/\/mercigracias.ch\/index.php?rest_route=%2Fwp%2Fv2%2Fmedia&parent=2099"}],"curies":[{"name":"wp","href":"https:\/\/api.w.org\/{rel}","templated":true}]}}

Tu l&rsquo;as oubliée&#8230; ?

<p class="wp-block-paragraph">&lt;Enregistré le 14 Septembre 2016&gt;</p>



<p class="wp-block-paragraph">Je venais d&rsquo;avoir ma fille, elle devait avoir 2 mois&#8230; </p>



<p class="wp-block-paragraph">On va en ville pour faire des achats, c&rsquo;était un lundi puisque j&rsquo;avais mon salon de coiffure pendant la semaine&#8230; Et moi je devais aller à l&rsquo;Unip à côté, à l&rsquo;étage et lui, il devait aller à la banque&#8230;</p>



<p class="wp-block-paragraph">C&rsquo;était tout plat, la banque était juste en face. Alors je lui dis :<br>&#8211; Comme tu vas à la banque et que c&rsquo;est tout plat, et que moi je vais au troisième étage&#8230; Est ce que tu peux la prendre, elle et sa poussette, pour aller avec toi ?<br>Puisque c&rsquo;est tout plat, et on se rejoint d&rsquo;ici vingt minutes, une demi-heure&#8230;</p>



<ul class="wp-block-list">
<li>Est ce que ça va pour toi ?</li>
</ul>



<p class="wp-block-paragraph">Et puis je lui demande pour combien de temps il a à faire à la banque, et il me dit :<br>&#8211; Pour une demi heure&#8230;<br>&#8211; OK, si ça va pour toi.</p>



<p class="wp-block-paragraph">Et puis il me rajoute comme à son habitude : <br>&#8211; Mais oui oui&#8230; mais pas de souci&#8230; Isa&#8230; !</p>



<p class="wp-block-paragraph">Et il prend la poussette, et il part avec&#8230;</p>



<p class="wp-block-paragraph">Donc je le rejoins, vingt minutes une demi-heure après, et je le vois dehors&#8230; Je le vois revenir alors que moi je sortais juste de l&rsquo;Unip et lui, il sortait de sa banque&#8230;</p>



<p class="wp-block-paragraph">Là&#8230; et puis on arrive à mi-chemin et je lui dis&#8230;<br>&#8211; Euhhh&#8230; mais enfin&#8230; Elle est où&#8230; ? <br>&#8211; Oooohhhhhmmm ! Je l&rsquo;ai complètement&#8230; Je l&rsquo;ai oubliée, mais moi, tu vois, je ne sais pas, mais je n&rsquo;allais pas rentrer dans une banque avec une poussette&#8230; J&rsquo;allais avoir l&rsquo;air ridicule, alors je l&rsquo;ai cachée sous les escaliers&#8230;</p>



<p class="wp-block-paragraph">&#8211; Quoi !? &#8230;C&rsquo;était à plein pied et tu l&rsquo;as cachée sous les escaliers !?</p>



<p class="wp-block-paragraph">Et puis là-dessus&#8230; Bon ben, je hurle comme une hystérique ! <br>Je pars et je vais chercher la poussette&#8230; Je cours&#8230;</p>



<p class="wp-block-paragraph">&#8211; <em>Il ne voulait pas perdre la face, avoir l&rsquo;air ridicule, d&rsquo;être un homme avec une poussette, d&rsquo;avoir des enfants, c&rsquo;était castrateur&#8230;?</em></p>



<p class="wp-block-paragraph">&#8211; Moi, je ne vois pas tout à fait comme ça&#8230; C&rsquo;est plus : </p>



<ul class="wp-block-list">
<li>Je suis un séducteur&#8230; </li>



<li>Je ne suis pas un homme marié, </li>



<li>Je ne suis pas un père&#8230; </li>



<li>Je suis un homme libre&#8230;</li>



<li>Regardez moi, regardez moi&#8230; Je suis toujours à disposition&#8230; Vous avez vu comme je suis beau !</li>
</ul>



<p class="wp-block-paragraph">Je vois plutôt la séduction là-dedans, alors que la poussette tu l&rsquo;annonces, je suis marié, je suis père de famille&#8230; Je ne suis plus sur le marché à vendre&#8230; </p>



<p class="wp-block-paragraph">Ça veut tout dire !</p>



<p class="wp-block-paragraph"></p>

<p>&lt;Enregistré le 14 Septembre 2016&gt; Je venais d&rsquo;avoir ma fille, elle devait avoir 2 mois&#8230; On va en ville pour faire des achats, c&rsquo;était un lundi puisque j&rsquo;avais mon salon de coiffure pendant la semaine&#8230; Et moi je devais aller à l&rsquo;Unip à côté, à l&rsquo;étage et lui, il devait aller à la banque&#8230; C&rsquo;était [&hellip;]</p>
