{"id":210,"date":"2025-12-16T23:03:13","date_gmt":"2025-12-16T23:03:13","guid":{"rendered":"https:\/\/mercigracias.ch\/?page_id=210"},"modified":"2026-07-13T05:17:20","modified_gmt":"2026-07-13T05:17:20","slug":"la-pouponiere","status":"publish","type":"page","link":"https:\/\/mercigracias.ch\/?page_id=210","title":{"rendered":"La pouponni\u00e8re"},"content":{"rendered":"\n<p class=\"wp-block-paragraph\">&lt;Enregistr\u00e9 le 06 Octobre 2016&gt;<\/p>\n\n\n\n<p class=\"wp-block-paragraph\">J&rsquo;ai du comprendre que mon fr\u00e8re et ma s\u0153ur n&rsquo;avaient pas \u00e9t\u00e9 en pouponni\u00e8re&#8230; et que ma premi\u00e8re ann\u00e9e ne s&rsquo;\u00e9tait pas pass\u00e9e en famille, et surtout que ce n&rsquo;\u00e9tait pas la normalit\u00e9&#8230;<\/p>\n\n\n\n<p class=\"wp-block-paragraph\">Et pourtant, c&rsquo;est ce qui m&rsquo;a fait ce que je suis :<\/p>\n\n\n\n<ul class=\"wp-block-list\">\n<li>Diff\u00e9rente.<\/li>\n<\/ul>\n\n\n\n<p class=\"wp-block-paragraph\">D&rsquo;un c\u00f4t\u00e9 il y a un plus, et de l&rsquo;autre il y a le c\u00f4t\u00e9 noir, ce qui est facile pour les autres, pour moi et ma construction, ce n&rsquo;\u00e9tait pas acquis&#8230; C&rsquo;\u00e9tait pas gagn\u00e9&#8230; et \u00e7a ne l&rsquo;est toujours pas !<\/p>\n\n\n\n<p class=\"wp-block-paragraph\">Tu comprends, ils mettaient les enfants l\u00e0-bas pour d\u00e9panner&#8230;<br>Donc ils pouvaient y rester 15 jours, 3 semaines&#8230; voire un mois mais maximum 3 mois&#8230; Et au bout de 3 mois, et bien on venait te rechercher&#8230; On ne te laissait pas comme \u00e7a, l\u00e0-bas, \u00e0 part ceux qui \u00e9taient orphelins, ou bien&#8230; Tu vois, \u00e7a sera int\u00e9ressant d&rsquo;aller voir ensemble \u00e0 Fribourg&#8230;<\/p>\n\n\n\n<p class=\"wp-block-paragraph\">C&rsquo;est comme je discutais l&rsquo;autre jour avec Marianne ma copine,<br>Elle me dit : <br>&#8211; Mais euh&#8230;<\/p>\n\n\n\n<p class=\"wp-block-paragraph\">Je lui ai dit \u00e0 Marianne : <br>&#8211; On vit tous des choses&#8230; Moi aussi j&rsquo;ai v\u00e9cu diff\u00e9rentes choses&#8230; <br>Et bien tu vois, on m&rsquo;avait laiss\u00e9 l\u00e0-bas, \u00e0 Fribourg, elle qui avait habit\u00e9 \u00e0 Fribourg dans son enfance&#8230; Elle devait conna\u00eetre.<\/p>\n\n\n\n<p class=\"wp-block-paragraph\">Parce qu&rsquo;elle me disait toujours : <br>&#8211; Oui, mon deuil, oh l\u00e0 l\u00e0&#8230; l\u00e0 l\u00e0 &#8230; Elle bouclait sans cesse dessus, en victime.<\/p>\n\n\n\n<p class=\"wp-block-paragraph\">Alors je lui ai dit : <br>&#8211; Et bien tu vois, chez moi aussi \u00e7a n&rsquo;a pas \u00e9t\u00e9 simple&#8230;et elle me dit : <br>&#8211; Ah ? T&rsquo;\u00e9tais l\u00e0-bas ?&#8230; \u00e0 la nurserie de Fribourg ? Ah, ouais je vois o\u00f9 c&rsquo;\u00e9tait&#8230;<\/p>\n\n\n\n<p class=\"wp-block-paragraph\">Mais en fin de compte, elle connaissait comme \u00e7a, le lieu, mais aveugl\u00e9e par son drame, elle \u00e9tait incapable de voir le monde autour d&rsquo;elle&#8230; Comme beaucoup de personnes.<br>Bien s\u00fbr qu&rsquo;elle vivait quelque chose de terrible parce qu&rsquo;elle avait eu un deuil quand elle \u00e9tait enfant&#8230; sa petite s\u0153ur ! <br>Et sans doute encore mal accompagn\u00e9e par ses parents, \u00e7a laisse forc\u00e9ment des traces&#8230;<\/p>\n\n\n\n<p class=\"wp-block-paragraph\">Alors \u00e0 la pouponni\u00e8re, chaque mois ma m\u00e8re venait payer la garde, et les s\u0153urs de l&rsquo;institution la pressaient pour venir me reprendre. <br>Et chaque mois c&rsquo;\u00e9tait reparti pour un tour&#8230;<\/p>\n\n\n\n<p class=\"wp-block-paragraph\">Vers la fin ce n&rsquo;\u00e9tait plus possible :<br>&#8211; Vous voyez bien, on ne peut plus la garder ! <br>Elle devient trop grande, elle commence presque \u00e0 marcher&#8230; <br>On ne peut plus la garder dans son lit !<\/p>\n\n\n\n<p class=\"wp-block-paragraph\">C&rsquo;\u00e9tait la s\u0153ur \u00ab\u00a0Bernard\u00a0\u00bb qui s&rsquo;occupait de moi. Elle s&rsquo;\u00e9tait attach\u00e9e \u00e0 moi alors ma m\u00e8re est venue me chercher un jour o\u00f9 elle n&rsquo;\u00e9tait pas l\u00e0&#8230;<\/p>\n\n\n\n<ul class=\"wp-block-list\">\n<li>J&rsquo;avais plus d&rsquo;un an !<\/li>\n<\/ul>\n\n\n\n<p class=\"wp-block-paragraph\">Je ne l&rsquo;ai revue qu&rsquo;une fois par la suite&#8230;<\/p>\n","protected":false},"excerpt":{"rendered":"<p>&lt;Enregistr\u00e9 le 06 Octobre 2016&gt; J&rsquo;ai du comprendre que mon fr\u00e8re et ma s\u0153ur n&rsquo;avaient pas \u00e9t\u00e9 en pouponni\u00e8re&#8230; et que ma premi\u00e8re ann\u00e9e ne s&rsquo;\u00e9tait pas pass\u00e9e en famille, et surtout que ce n&rsquo;\u00e9tait pas la normalit\u00e9&#8230; Et pourtant, c&rsquo;est ce qui m&rsquo;a fait ce que je suis : D&rsquo;un c\u00f4t\u00e9 il y a [&hellip;]<\/p>\n","protected":false},"author":1,"featured_media":0,"parent":0,"menu_order":0,"comment_status":"open","ping_status":"closed","template":"pages-chapitre-01","meta":{"footnotes":""},"class_list":["post-210","page","type-page","status-publish","hentry"],"jetpack_sharing_enabled":true,"_links":{"self":[{"href":"https:\/\/mercigracias.ch\/index.php?rest_route=\/wp\/v2\/pages\/210","targetHints":{"allow":["GET"]}}],"collection":[{"href":"https:\/\/mercigracias.ch\/index.php?rest_route=\/wp\/v2\/pages"}],"about":[{"href":"https:\/\/mercigracias.ch\/index.php?rest_route=\/wp\/v2\/types\/page"}],"author":[{"embeddable":true,"href":"https:\/\/mercigracias.ch\/index.php?rest_route=\/wp\/v2\/users\/1"}],"replies":[{"embeddable":true,"href":"https:\/\/mercigracias.ch\/index.php?rest_route=%2Fwp%2Fv2%2Fcomments&post=210"}],"version-history":[{"count":7,"href":"https:\/\/mercigracias.ch\/index.php?rest_route=\/wp\/v2\/pages\/210\/revisions"}],"predecessor-version":[{"id":5641,"href":"https:\/\/mercigracias.ch\/index.php?rest_route=\/wp\/v2\/pages\/210\/revisions\/5641"}],"wp:attachment":[{"href":"https:\/\/mercigracias.ch\/index.php?rest_route=%2Fwp%2Fv2%2Fmedia&parent=210"}],"curies":[{"name":"wp","href":"https:\/\/api.w.org\/{rel}","templated":true}]}}

La pouponnière

<p class="wp-block-paragraph">&lt;Enregistré le 06 Octobre 2016&gt;</p>



<p class="wp-block-paragraph">J&rsquo;ai du comprendre que mon frère et ma sœur n&rsquo;avaient pas été en pouponnière&#8230; et que ma première année ne s&rsquo;était pas passée en famille, et surtout que ce n&rsquo;était pas la normalité&#8230;</p>



<p class="wp-block-paragraph">Et pourtant, c&rsquo;est ce qui m&rsquo;a fait ce que je suis :</p>



<ul class="wp-block-list">
<li>Différente.</li>
</ul>



<p class="wp-block-paragraph">D&rsquo;un côté il y a un plus, et de l&rsquo;autre il y a le côté noir, ce qui est facile pour les autres, pour moi et ma construction, ce n&rsquo;était pas acquis&#8230; C&rsquo;était pas gagné&#8230; et ça ne l&rsquo;est toujours pas !</p>



<p class="wp-block-paragraph">Tu comprends, ils mettaient les enfants là-bas pour dépanner&#8230;<br>Donc ils pouvaient y rester 15 jours, 3 semaines&#8230; voire un mois mais maximum 3 mois&#8230; Et au bout de 3 mois, et bien on venait te rechercher&#8230; On ne te laissait pas comme ça, là-bas, à part ceux qui étaient orphelins, ou bien&#8230; Tu vois, ça sera intéressant d&rsquo;aller voir ensemble à Fribourg&#8230;</p>



<p class="wp-block-paragraph">C&rsquo;est comme je discutais l&rsquo;autre jour avec Marianne ma copine,<br>Elle me dit : <br>&#8211; Mais euh&#8230;</p>



<p class="wp-block-paragraph">Je lui ai dit à Marianne : <br>&#8211; On vit tous des choses&#8230; Moi aussi j&rsquo;ai vécu différentes choses&#8230; <br>Et bien tu vois, on m&rsquo;avait laissé là-bas, à Fribourg, elle qui avait habité à Fribourg dans son enfance&#8230; Elle devait connaître.</p>



<p class="wp-block-paragraph">Parce qu&rsquo;elle me disait toujours : <br>&#8211; Oui, mon deuil, oh là là&#8230; là là &#8230; Elle bouclait sans cesse dessus, en victime.</p>



<p class="wp-block-paragraph">Alors je lui ai dit : <br>&#8211; Et bien tu vois, chez moi aussi ça n&rsquo;a pas été simple&#8230;et elle me dit : <br>&#8211; Ah ? T&rsquo;étais là-bas ?&#8230; à la nurserie de Fribourg ? Ah, ouais je vois où c&rsquo;était&#8230;</p>



<p class="wp-block-paragraph">Mais en fin de compte, elle connaissait comme ça, le lieu, mais aveuglée par son drame, elle était incapable de voir le monde autour d&rsquo;elle&#8230; Comme beaucoup de personnes.<br>Bien sûr qu&rsquo;elle vivait quelque chose de terrible parce qu&rsquo;elle avait eu un deuil quand elle était enfant&#8230; sa petite sœur ! <br>Et sans doute encore mal accompagnée par ses parents, ça laisse forcément des traces&#8230;</p>



<p class="wp-block-paragraph">Alors à la pouponnière, chaque mois ma mère venait payer la garde, et les sœurs de l&rsquo;institution la pressaient pour venir me reprendre. <br>Et chaque mois c&rsquo;était reparti pour un tour&#8230;</p>



<p class="wp-block-paragraph">Vers la fin ce n&rsquo;était plus possible :<br>&#8211; Vous voyez bien, on ne peut plus la garder ! <br>Elle devient trop grande, elle commence presque à marcher&#8230; <br>On ne peut plus la garder dans son lit !</p>



<p class="wp-block-paragraph">C&rsquo;était la sœur « Bernard » qui s&rsquo;occupait de moi. Elle s&rsquo;était attachée à moi alors ma mère est venue me chercher un jour où elle n&rsquo;était pas là&#8230;</p>



<ul class="wp-block-list">
<li>J&rsquo;avais plus d&rsquo;un an !</li>
</ul>



<p class="wp-block-paragraph">Je ne l&rsquo;ai revue qu&rsquo;une fois par la suite&#8230;</p>

<p>&lt;Enregistré le 06 Octobre 2016&gt; J&rsquo;ai du comprendre que mon frère et ma sœur n&rsquo;avaient pas été en pouponnière&#8230; et que ma première année ne s&rsquo;était pas passée en famille, et surtout que ce n&rsquo;était pas la normalité&#8230; Et pourtant, c&rsquo;est ce qui m&rsquo;a fait ce que je suis : D&rsquo;un côté il y a [&hellip;]</p>
