{"id":2104,"date":"2026-03-10T13:01:39","date_gmt":"2026-03-10T13:01:39","guid":{"rendered":"https:\/\/mercigracias.ch\/?page_id=2104"},"modified":"2026-06-28T12:40:53","modified_gmt":"2026-06-28T12:40:53","slug":"cest-la-police","status":"publish","type":"page","link":"https:\/\/mercigracias.ch\/?page_id=2104","title":{"rendered":"C&rsquo;est la Police !"},"content":{"rendered":"\n<p class=\"wp-block-paragraph\">&lt;Enregistr\u00e9 le 27 Ao\u00fbt 2014&gt;<\/p>\n\n\n\n<p class=\"wp-block-paragraph\">Je ne savais pas ce qu&rsquo;il avait fait en ville, je ne l&rsquo;ai appris qu&rsquo;un jour apr\u00e8s, par la Grand-M\u00e8re, qu&rsquo;il \u00e9tait avec une bonne femme et qu&rsquo;il avait eu un accident&#8230; Qu&rsquo;il avait ramass\u00e9 un poteau en ville, en sortant du centre ville&#8230; Tu sais, il y avait les feux, et l\u00e0-bas, il avait ramass\u00e9 un poteau. Alors il avait plant\u00e9 sa voiture et il s&rsquo;\u00e9tait tir\u00e9 en taxi&#8230;<\/p>\n\n\n\n<p class=\"wp-block-paragraph\">Une vacherie de ce genre, mais il \u00e9tait avec une bonne femme&#8230;<br>Mais l\u00e0 aussi ma fille n&rsquo;avait que six mois, l\u00e0 autour&#8230; <br>Elle \u00e9tait petite, et j&rsquo;\u00e9tais inqui\u00e8te, il n&rsquo;\u00e9tait pas rentr\u00e9. <br>&#8211; Tu sais, je dormais, sans dormir, tu vois avec la petite, comme il ne rentrait pas&#8230;<\/p>\n\n\n\n<p class=\"wp-block-paragraph\">Et quand il est rentr\u00e9, il me dit :<br>&#8211; Tu sais, Isa&#8230; Je suis juste venu te dire, mais ne t&rsquo;inqui\u00e8tes pas&#8230;<br>La police me recherche, alors je ne vais pas rester ici parce qu&rsquo;ils me recherchent&#8230; Je vais me cacher l\u00e0 autour, je vais dormir l\u00e0, \u00e0 l&rsquo;h\u00f4tel du Chalet. (Rire)<\/p>\n\n\n\n<p class=\"wp-block-paragraph\">&#8211; Ah Non&#8230; je lui dis !<br>Alors maintenant tu te couches&#8230; et tu attends.<br>&#8211; Non&#8230; OK, alors je vais dormir dans le coffre, sous le lit ! qu&rsquo;il me fait&#8230; La police me cherche, je vais dormir dans le coffre, ouvre le coffre\u00a0! (Notre lit avait un coffre sous le sommier)<\/p>\n\n\n\n<p class=\"wp-block-paragraph\">Alors je lui dis :<br>&#8211; Alors maintenant, tu dors ici \u00e0 c\u00f4t\u00e9 et maintenant tu t&rsquo;arr\u00eates !<\/p>\n\n\n\n<p class=\"wp-block-paragraph\">Il faisait nuit&#8230; et au bout d&rsquo;un moment, il y avait des phares qui arrivaient dans notre chambre&#8230; Bon je me l\u00e8ve tout doucement pour regarder, et je vois deux policiers dehors&#8230; Je lui dis :<br>&#8211; Bon ben, qu&rsquo;est ce que t&rsquo;as fait\u00a0? &#8230;Il y a deux policiers !<\/p>\n\n\n\n<p class=\"wp-block-paragraph\">Je ne sais pas, j&rsquo;ai d\u00fb faire quelque chose avec la voiture, je ne sais plus, elle est en ville, mais ils me cherchent&#8230; la police, ils me cherchent&#8230;<\/p>\n\n\n\n<p class=\"wp-block-paragraph\">Alors tout de suite, je me suis dit :<br>&#8211; Ils vont t\u00e9l\u00e9phoner&#8230;<\/p>\n\n\n\n<p class=\"wp-block-paragraph\">Alors moi, directement je me suis lev\u00e9e, j&rsquo;ai d\u00e9croch\u00e9 le t\u00e9l\u00e9phone, et je me suis dit :<br>&#8211; Tranquilos&#8230; !<\/p>\n\n\n\n<p class=\"wp-block-paragraph\">Et le matin quand je suis descendue pour aller au salon de coiffure avec ma fille sur les bras, voil\u00e0 qu&rsquo;il y avait la police qui m&rsquo;attendait devant la porte&#8230; <br>C&rsquo;est l\u00e0, quand ils m&rsquo;ont dit :<br>&#8211; Voil\u00e0, on cherche votre mari&#8230;<\/p>\n\n\n\n<p class=\"wp-block-paragraph\">L\u00e0, je leur dis :<br>&#8211; Mais il est d\u00e9j\u00e0 parti au travail&#8230; Pourquoi vous le cherchez&#8230;&nbsp;? <br>Non non&#8230; il est parti !<\/p>\n\n\n\n<p class=\"wp-block-paragraph\">Je l&rsquo;avais sauv\u00e9 comme \u00e7a&#8230; mais je ne savais pas encore ce qu&rsquo;il y avait derri\u00e8re&#8230;<\/p>\n\n\n\n<p class=\"wp-block-paragraph\"><\/p>\n","protected":false},"excerpt":{"rendered":"<p>&lt;Enregistr\u00e9 le 27 Ao\u00fbt 2014&gt; Je ne savais pas ce qu&rsquo;il avait fait en ville, je ne l&rsquo;ai appris qu&rsquo;un jour apr\u00e8s, par la Grand-M\u00e8re, qu&rsquo;il \u00e9tait avec une bonne femme et qu&rsquo;il avait eu un accident&#8230; Qu&rsquo;il avait ramass\u00e9 un poteau en ville, en sortant du centre ville&#8230; Tu sais, il y avait les [&hellip;]<\/p>\n","protected":false},"author":1,"featured_media":0,"parent":0,"menu_order":0,"comment_status":"open","ping_status":"closed","template":"pages-chapitre-08","meta":{"footnotes":""},"class_list":["post-2104","page","type-page","status-publish","hentry"],"jetpack_sharing_enabled":true,"_links":{"self":[{"href":"https:\/\/mercigracias.ch\/index.php?rest_route=\/wp\/v2\/pages\/2104","targetHints":{"allow":["GET"]}}],"collection":[{"href":"https:\/\/mercigracias.ch\/index.php?rest_route=\/wp\/v2\/pages"}],"about":[{"href":"https:\/\/mercigracias.ch\/index.php?rest_route=\/wp\/v2\/types\/page"}],"author":[{"embeddable":true,"href":"https:\/\/mercigracias.ch\/index.php?rest_route=\/wp\/v2\/users\/1"}],"replies":[{"embeddable":true,"href":"https:\/\/mercigracias.ch\/index.php?rest_route=%2Fwp%2Fv2%2Fcomments&post=2104"}],"version-history":[{"count":6,"href":"https:\/\/mercigracias.ch\/index.php?rest_route=\/wp\/v2\/pages\/2104\/revisions"}],"predecessor-version":[{"id":4992,"href":"https:\/\/mercigracias.ch\/index.php?rest_route=\/wp\/v2\/pages\/2104\/revisions\/4992"}],"wp:attachment":[{"href":"https:\/\/mercigracias.ch\/index.php?rest_route=%2Fwp%2Fv2%2Fmedia&parent=2104"}],"curies":[{"name":"wp","href":"https:\/\/api.w.org\/{rel}","templated":true}]}}

<p class="wp-block-paragraph">&lt;Enregistré le 27 Août 2014&gt;</p>



<p class="wp-block-paragraph">Je ne savais pas ce qu&rsquo;il avait fait en ville, je ne l&rsquo;ai appris qu&rsquo;un jour après, par la Grand-Mère, qu&rsquo;il était avec une bonne femme et qu&rsquo;il avait eu un accident&#8230; Qu&rsquo;il avait ramassé un poteau en ville, en sortant du centre ville&#8230; Tu sais, il y avait les feux, et là-bas, il avait ramassé un poteau. Alors il avait planté sa voiture et il s&rsquo;était tiré en taxi&#8230;</p>



<p class="wp-block-paragraph">Une vacherie de ce genre, mais il était avec une bonne femme&#8230;<br>Mais là aussi ma fille n&rsquo;avait que six mois, là autour&#8230; <br>Elle était petite, et j&rsquo;étais inquiète, il n&rsquo;était pas rentré. <br>&#8211; Tu sais, je dormais, sans dormir, tu vois avec la petite, comme il ne rentrait pas&#8230;</p>



<p class="wp-block-paragraph">Et quand il est rentré, il me dit :<br>&#8211; Tu sais, Isa&#8230; Je suis juste venu te dire, mais ne t&rsquo;inquiètes pas&#8230;<br>La police me recherche, alors je ne vais pas rester ici parce qu&rsquo;ils me recherchent&#8230; Je vais me cacher là autour, je vais dormir là, à l&rsquo;hôtel du Chalet. (Rire)</p>



<p class="wp-block-paragraph">&#8211; Ah Non&#8230; je lui dis !<br>Alors maintenant tu te couches&#8230; et tu attends.<br>&#8211; Non&#8230; OK, alors je vais dormir dans le coffre, sous le lit ! qu&rsquo;il me fait&#8230; La police me cherche, je vais dormir dans le coffre, ouvre le coffre ! (Notre lit avait un coffre sous le sommier)</p>



<p class="wp-block-paragraph">Alors je lui dis :<br>&#8211; Alors maintenant, tu dors ici à côté et maintenant tu t&rsquo;arrêtes !</p>



<p class="wp-block-paragraph">Il faisait nuit&#8230; et au bout d&rsquo;un moment, il y avait des phares qui arrivaient dans notre chambre&#8230; Bon je me lève tout doucement pour regarder, et je vois deux policiers dehors&#8230; Je lui dis :<br>&#8211; Bon ben, qu&rsquo;est ce que t&rsquo;as fait ? &#8230;Il y a deux policiers !</p>



<p class="wp-block-paragraph">Je ne sais pas, j&rsquo;ai dû faire quelque chose avec la voiture, je ne sais plus, elle est en ville, mais ils me cherchent&#8230; la police, ils me cherchent&#8230;</p>



<p class="wp-block-paragraph">Alors tout de suite, je me suis dit :<br>&#8211; Ils vont téléphoner&#8230;</p>



<p class="wp-block-paragraph">Alors moi, directement je me suis levée, j&rsquo;ai décroché le téléphone, et je me suis dit :<br>&#8211; Tranquilos&#8230; !</p>



<p class="wp-block-paragraph">Et le matin quand je suis descendue pour aller au salon de coiffure avec ma fille sur les bras, voilà qu&rsquo;il y avait la police qui m&rsquo;attendait devant la porte&#8230; <br>C&rsquo;est là, quand ils m&rsquo;ont dit :<br>&#8211; Voilà, on cherche votre mari&#8230;</p>



<p class="wp-block-paragraph">Là, je leur dis :<br>&#8211; Mais il est déjà parti au travail&#8230; Pourquoi vous le cherchez&#8230;&nbsp;? <br>Non non&#8230; il est parti !</p>



<p class="wp-block-paragraph">Je l&rsquo;avais sauvé comme ça&#8230; mais je ne savais pas encore ce qu&rsquo;il y avait derrière&#8230;</p>



<p class="wp-block-paragraph"></p>

<p>&lt;Enregistré le 27 Août 2014&gt; Je ne savais pas ce qu&rsquo;il avait fait en ville, je ne l&rsquo;ai appris qu&rsquo;un jour après, par la Grand-Mère, qu&rsquo;il était avec une bonne femme et qu&rsquo;il avait eu un accident&#8230; Qu&rsquo;il avait ramassé un poteau en ville, en sortant du centre ville&#8230; Tu sais, il y avait les [&hellip;]</p>
