{"id":2116,"date":"2026-03-10T15:55:43","date_gmt":"2026-03-10T15:55:43","guid":{"rendered":"https:\/\/mercigracias.ch\/?page_id=2116"},"modified":"2026-07-13T05:52:11","modified_gmt":"2026-07-13T05:52:11","slug":"ca-sera-josephine","status":"publish","type":"page","link":"https:\/\/mercigracias.ch\/?page_id=2116","title":{"rendered":"\u00c7a sera Jos\u00e9phine !"},"content":{"rendered":"\n<p class=\"wp-block-paragraph\">&lt;Enregistr\u00e9 le 14 Novembre 2021&gt;<\/p>\n\n\n\n<p class=\"wp-block-paragraph\">Quand j&rsquo;\u00e9tais enceinte de ma fille, j&rsquo;avais d\u00e9cid\u00e9 que son deuxi\u00e8me pr\u00e9nom serait Jos\u00e9phine, c&rsquo;\u00e9tait le pr\u00e9nom de ma Grand-M\u00e8re&#8230;<\/p>\n\n\n\n<p class=\"wp-block-paragraph\">Et bien, un matin, ce qu&rsquo;elle faisait souvent pendant ses vacances, Maman \u00e9tait venue pour le Week-End, et elle me dit :<br>&#8211; Mais comment tu fais tes tartines, toi ?<\/p>\n\n\n\n<p class=\"wp-block-paragraph\">Parce que je mettais du beurre sur mes tartines et je rajoutais du cumin, c&rsquo;\u00e9tait la seule chose pour d\u00e9jeuner qui m&rsquo;allait bien pendant que j&rsquo;\u00e9tais enceinte&#8230;<\/p>\n\n\n\n<p class=\"wp-block-paragraph\">\u00c7a m&rsquo;\u00e9tait venu comme \u00e7a&#8230; Je mangeais mon beurre et tu sens qu&rsquo;il te faut quelque chose sur le beurre&#8230; Tu sens que c&rsquo;est lourd sur l&rsquo;estomac, mais qu&rsquo;il faudrait quelque chose d&rsquo;autre&#8230;<br>Tu mets de la confiture, \u00e7a t&rsquo;\u00e9c\u0153ure, \u00e7a te donne la naus\u00e9e&#8230;<\/p>\n\n\n\n<p class=\"wp-block-paragraph\">Tu cherches \u00e0 mettre quelque chose dessus \u00e0 la place de la confiture et qui te donne du go\u00fbt&#8230; Avant je mettais toujours de la confiture, mais pendant que j&rsquo;\u00e9tais enceinte d&rsquo;elle, je ne pouvais plus mettre de confiture&#8230;<\/p>\n\n\n\n<p class=\"wp-block-paragraph\">Alors j&rsquo;ai cherch\u00e9 autre chose et j&rsquo;ai mis du cumin&#8230;<\/p>\n\n\n\n<p class=\"wp-block-paragraph\">Et puis Maman me dit&#8230;:<br>&#8211; Mais qui c&rsquo;est qui t&rsquo;a montr\u00e9 \u00e7a&#8230;? <br>Comment \u00e7a se fait que tu mets du cumin ?<\/p>\n\n\n\n<p class=\"wp-block-paragraph\">Parce que tu vois, je mettais du cumin \u00e0 volont\u00e9 l\u00e0-dessus&#8230; <br>Comme je mets maintenant&#8230;<\/p>\n\n\n\n<p class=\"wp-block-paragraph\">&#8211; Mais incroyable&#8230;! Qu&rsquo;elle me dit&#8230; Mais tu sais qui c&rsquo;est qui faisait \u00e7a, pourtant tu ne l&rsquo;as jamais vu faire !<\/p>\n\n\n\n<ul class=\"wp-block-list\">\n<li>Et c&rsquo;\u00e9tait ma Grand-M\u00e8re&#8230; !<\/li>\n<\/ul>\n\n\n\n<p class=\"wp-block-paragraph\">Grand-Maman, le matin elle tartinait sa tartine de beurre, et elle rajoutait comme moi, sur toute sa tartine, du cumin&#8230;!<\/p>\n\n\n\n<p class=\"wp-block-paragraph\">Mais c&rsquo;est incroyable, t&rsquo;en as jamais entendu parler, tu n&rsquo;as jamais vu et spontan\u00e9ment&#8230;<\/p>\n\n\n\n<p class=\"wp-block-paragraph\">Mais j&rsquo;avais aussi d\u00e9cid\u00e9 pour ma petite, de lui donner un pr\u00e9nom l\u00e9ger, r\u00e9cent, assez moderne&#8230; C&rsquo;\u00e9tait vraiment la fleur, quoi ! Quelque chose comme un papillon&#8230; Je trouvais son premier pr\u00e9nom tr\u00e8s l\u00e9ger&#8230; et puis je cherchais un autre pr\u00e9nom, pour l&rsquo;ancrer&#8230;<\/p>\n\n\n\n<p class=\"wp-block-paragraph\">Je me disais&#8230;:<br>&#8211; Il faut l&rsquo;ancrer cette fille ! &#8230;Sinon elle va \u00eatre&#8230; Pssshhhiiiit ! <br>Alors voil\u00e0&#8230; En plus je voulais un c\u00f4t\u00e9 artiste, mais aussi le c\u00f4t\u00e9 bien ancr\u00e9, bien terre \u00e0 terre, pos\u00e9e, les yeux biens fix\u00e9s&#8230;<\/p>\n\n\n\n<p class=\"wp-block-paragraph\">Et c&rsquo;est comme \u00e7a que \u00e7a m&rsquo;\u00e9tait venu&#8230;<\/p>\n\n\n\n<ul class=\"wp-block-list\">\n<li>Le pr\u00e9nom de Jos\u00e9phine ! <\/li>\n<\/ul>\n\n\n\n<p class=\"wp-block-paragraph\">Et je me suis dit :<br>&#8211; Avec Joseph, elle aura toute cette force en elle&#8230; <br>Comme ma Grand-Maman, puisque c&rsquo;\u00e9tait son pr\u00e9nom.<\/p>\n\n\n\n<p class=\"wp-block-paragraph\">C&rsquo;est comme \u00e7a que je suis arriv\u00e9e \u00e0 convaincre mon mari, pour lui donner en deuxi\u00e8me pr\u00e9nom celui de Jos\u00e9phine.<\/p>\n\n\n\n<p class=\"wp-block-paragraph\">Jos\u00e9phine, pour moi, \u00e7a repr\u00e9sentait la classe, comme la dame au Grand Chapeau, celle qu&rsquo;on voit \u00e0 la t\u00e9l\u00e9vision, celle qui m&rsquo;a donn\u00e9 le dipl\u00f4me de Gold Master d&rsquo;International d&rsquo;Esth\u00e9tique, en 1995&#8230;<\/p>\n\n\n\n<p class=\"wp-block-paragraph\">&#8230; Madame Miss France&#8230; c&rsquo;\u00e9tait \u00e7a ! <\/p>\n\n\n\n<p class=\"wp-block-paragraph\">Madame de Fontenay&#8230; C&rsquo;\u00e9tait la vieille France, c&rsquo;\u00e9tait quelque chose de tr\u00e8s th\u00e9\u00e2tral, une force&#8230; une repr\u00e9sentation, c&rsquo;\u00e9tait une grande pr\u00e9sence, Jos\u00e9phine pour moi&#8230;<\/p>\n\n\n\n<p class=\"wp-block-paragraph\">D&rsquo;apr\u00e8s ce que j&rsquo;avais entendu Maman, ma Grand-M\u00e8re c&rsquo;\u00e9tait vraiment quelqu&rsquo;un&#8230; Donc je voulais ce pr\u00e9nom qui accompagne ce c\u00f4t\u00e9 fleur bleu, de son premier pr\u00e9nom&#8230; hyper l\u00e9ger, artiste.<\/p>\n\n\n\n<p class=\"wp-block-paragraph\">Et avec ce second c\u00f4t\u00e9 pour qu&rsquo;il soit bien pr\u00e9sent chez elle&#8230; Voil\u00e0, c&rsquo;est comme \u00e7a que je lui ai donn\u00e9 les deux extr\u00eames.<\/p>\n\n\n\n<p class=\"wp-block-paragraph\">Un c\u00f4t\u00e9 qui \u00e9tait extr\u00eamement moderne, et un c\u00f4t\u00e9 qui \u00e9tait r\u00e9tro&#8230; Je voulais ces deux c\u00f4t\u00e9s, pour l&rsquo;\u00e9quilibrer.<\/p>\n\n\n\n<p class=\"wp-block-paragraph\">Et je n&rsquo;ai pas cru si bien donner, parce qu&rsquo;apr\u00e8s \u00e7a, elle devient Poisson&#8230; qui est \u00e0 la fin des temps, qui a fait les douze signes du zodiaque !<\/p>\n\n\n\n<p class=\"wp-block-paragraph\">Le Poisson, qui a fait tous les passages&#8230;<\/p>\n\n\n\n<ul class=\"wp-block-list\">\n<li>Je suis, J&rsquo;ai , Je sens, J&rsquo;aime, Je sers, Je pense&#8230; <\/li>\n\n\n\n<li>Nous sommes, Nous avons, Nous sentons, Nous aimons,  Nous pensons&#8230; <\/li>\n<\/ul>\n\n\n\n<p class=\"wp-block-paragraph\">et \u00e0 la fin, il arrive \u00e0 la maison avec&#8230; :<\/p>\n\n\n\n<ul class=\"wp-block-list\">\n<li>Nous savons !<\/li>\n<\/ul>\n\n\n\n<p class=\"wp-block-paragraph\">Mais en contre, il dit&#8230;<br>&#8211; Ah non&#8230; Je ne suis pas fait pour le service, tu m&rsquo;as donn\u00e9 les extr\u00eames&#8230;<\/p>\n\n\n\n<ul class=\"wp-block-list\">\n<li>Ascendant Belier ! <\/li>\n<\/ul>\n\n\n\n<p class=\"wp-block-paragraph\">Je suis&#8230; Je suis&#8230; Ah Vous ne savez pas&#8230; ? <\/p>\n\n\n\n<ul class=\"wp-block-list\">\n<li>Mais Je suis !<\/li>\n<\/ul>\n\n\n\n<p class=\"wp-block-paragraph\">Et j&rsquo;ai r\u00e9ussi m\u00eame dans ses signes \u00e0 lui donner ces deux extr\u00eames. C&rsquo;est juste incroyable, non ?<\/p>\n\n\n\n<p class=\"wp-block-paragraph\"><\/p>\n","protected":false},"excerpt":{"rendered":"<p>&lt;Enregistr\u00e9 le 14 Novembre 2021&gt; Quand j&rsquo;\u00e9tais enceinte de ma fille, j&rsquo;avais d\u00e9cid\u00e9 que son deuxi\u00e8me pr\u00e9nom serait Jos\u00e9phine, c&rsquo;\u00e9tait le pr\u00e9nom de ma Grand-M\u00e8re&#8230; Et bien, un matin, ce qu&rsquo;elle faisait souvent pendant ses vacances, Maman \u00e9tait venue pour le Week-End, et elle me dit :&#8211; Mais comment tu fais tes tartines, toi ? [&hellip;]<\/p>\n","protected":false},"author":1,"featured_media":0,"parent":0,"menu_order":0,"comment_status":"open","ping_status":"closed","template":"pages-chapitre-08","meta":{"footnotes":""},"class_list":["post-2116","page","type-page","status-publish","hentry"],"jetpack_sharing_enabled":true,"_links":{"self":[{"href":"https:\/\/mercigracias.ch\/index.php?rest_route=\/wp\/v2\/pages\/2116","targetHints":{"allow":["GET"]}}],"collection":[{"href":"https:\/\/mercigracias.ch\/index.php?rest_route=\/wp\/v2\/pages"}],"about":[{"href":"https:\/\/mercigracias.ch\/index.php?rest_route=\/wp\/v2\/types\/page"}],"author":[{"embeddable":true,"href":"https:\/\/mercigracias.ch\/index.php?rest_route=\/wp\/v2\/users\/1"}],"replies":[{"embeddable":true,"href":"https:\/\/mercigracias.ch\/index.php?rest_route=%2Fwp%2Fv2%2Fcomments&post=2116"}],"version-history":[{"count":8,"href":"https:\/\/mercigracias.ch\/index.php?rest_route=\/wp\/v2\/pages\/2116\/revisions"}],"predecessor-version":[{"id":5676,"href":"https:\/\/mercigracias.ch\/index.php?rest_route=\/wp\/v2\/pages\/2116\/revisions\/5676"}],"wp:attachment":[{"href":"https:\/\/mercigracias.ch\/index.php?rest_route=%2Fwp%2Fv2%2Fmedia&parent=2116"}],"curies":[{"name":"wp","href":"https:\/\/api.w.org\/{rel}","templated":true}]}}

Ça sera Joséphine !

<p class="wp-block-paragraph">&lt;Enregistré le 14 Novembre 2021&gt;</p>



<p class="wp-block-paragraph">Quand j&rsquo;étais enceinte de ma fille, j&rsquo;avais décidé que son deuxième prénom serait Joséphine, c&rsquo;était le prénom de ma Grand-Mère&#8230;</p>



<p class="wp-block-paragraph">Et bien, un matin, ce qu&rsquo;elle faisait souvent pendant ses vacances, Maman était venue pour le Week-End, et elle me dit :<br>&#8211; Mais comment tu fais tes tartines, toi ?</p>



<p class="wp-block-paragraph">Parce que je mettais du beurre sur mes tartines et je rajoutais du cumin, c&rsquo;était la seule chose pour déjeuner qui m&rsquo;allait bien pendant que j&rsquo;étais enceinte&#8230;</p>



<p class="wp-block-paragraph">Ça m&rsquo;était venu comme ça&#8230; Je mangeais mon beurre et tu sens qu&rsquo;il te faut quelque chose sur le beurre&#8230; Tu sens que c&rsquo;est lourd sur l&rsquo;estomac, mais qu&rsquo;il faudrait quelque chose d&rsquo;autre&#8230;<br>Tu mets de la confiture, ça t&rsquo;écœure, ça te donne la nausée&#8230;</p>



<p class="wp-block-paragraph">Tu cherches à mettre quelque chose dessus à la place de la confiture et qui te donne du goût&#8230; Avant je mettais toujours de la confiture, mais pendant que j&rsquo;étais enceinte d&rsquo;elle, je ne pouvais plus mettre de confiture&#8230;</p>



<p class="wp-block-paragraph">Alors j&rsquo;ai cherché autre chose et j&rsquo;ai mis du cumin&#8230;</p>



<p class="wp-block-paragraph">Et puis Maman me dit&#8230;:<br>&#8211; Mais qui c&rsquo;est qui t&rsquo;a montré ça&#8230;? <br>Comment ça se fait que tu mets du cumin ?</p>



<p class="wp-block-paragraph">Parce que tu vois, je mettais du cumin à volonté là-dessus&#8230; <br>Comme je mets maintenant&#8230;</p>



<p class="wp-block-paragraph">&#8211; Mais incroyable&#8230;! Qu&rsquo;elle me dit&#8230; Mais tu sais qui c&rsquo;est qui faisait ça, pourtant tu ne l&rsquo;as jamais vu faire !</p>



<ul class="wp-block-list">
<li>Et c&rsquo;était ma Grand-Mère&#8230; !</li>
</ul>



<p class="wp-block-paragraph">Grand-Maman, le matin elle tartinait sa tartine de beurre, et elle rajoutait comme moi, sur toute sa tartine, du cumin&#8230;!</p>



<p class="wp-block-paragraph">Mais c&rsquo;est incroyable, t&rsquo;en as jamais entendu parler, tu n&rsquo;as jamais vu et spontanément&#8230;</p>



<p class="wp-block-paragraph">Mais j&rsquo;avais aussi décidé pour ma petite, de lui donner un prénom léger, récent, assez moderne&#8230; C&rsquo;était vraiment la fleur, quoi ! Quelque chose comme un papillon&#8230; Je trouvais son premier prénom très léger&#8230; et puis je cherchais un autre prénom, pour l&rsquo;ancrer&#8230;</p>



<p class="wp-block-paragraph">Je me disais&#8230;:<br>&#8211; Il faut l&rsquo;ancrer cette fille ! &#8230;Sinon elle va être&#8230; Pssshhhiiiit ! <br>Alors voilà&#8230; En plus je voulais un côté artiste, mais aussi le côté bien ancré, bien terre à terre, posée, les yeux biens fixés&#8230;</p>



<p class="wp-block-paragraph">Et c&rsquo;est comme ça que ça m&rsquo;était venu&#8230;</p>



<ul class="wp-block-list">
<li>Le prénom de Joséphine ! </li>
</ul>



<p class="wp-block-paragraph">Et je me suis dit :<br>&#8211; Avec Joseph, elle aura toute cette force en elle&#8230; <br>Comme ma Grand-Maman, puisque c&rsquo;était son prénom.</p>



<p class="wp-block-paragraph">C&rsquo;est comme ça que je suis arrivée à convaincre mon mari, pour lui donner en deuxième prénom celui de Joséphine.</p>



<p class="wp-block-paragraph">Joséphine, pour moi, ça représentait la classe, comme la dame au Grand Chapeau, celle qu&rsquo;on voit à la télévision, celle qui m&rsquo;a donné le diplôme de Gold Master d&rsquo;International d&rsquo;Esthétique, en 1995&#8230;</p>



<p class="wp-block-paragraph">&#8230; Madame Miss France&#8230; c&rsquo;était ça ! </p>



<p class="wp-block-paragraph">Madame de Fontenay&#8230; C&rsquo;était la vieille France, c&rsquo;était quelque chose de très théâtral, une force&#8230; une représentation, c&rsquo;était une grande présence, Joséphine pour moi&#8230;</p>



<p class="wp-block-paragraph">D&rsquo;après ce que j&rsquo;avais entendu Maman, ma Grand-Mère c&rsquo;était vraiment quelqu&rsquo;un&#8230; Donc je voulais ce prénom qui accompagne ce côté fleur bleu, de son premier prénom&#8230; hyper léger, artiste.</p>



<p class="wp-block-paragraph">Et avec ce second côté pour qu&rsquo;il soit bien présent chez elle&#8230; Voilà, c&rsquo;est comme ça que je lui ai donné les deux extrêmes.</p>



<p class="wp-block-paragraph">Un côté qui était extrêmement moderne, et un côté qui était rétro&#8230; Je voulais ces deux côtés, pour l&rsquo;équilibrer.</p>



<p class="wp-block-paragraph">Et je n&rsquo;ai pas cru si bien donner, parce qu&rsquo;après ça, elle devient Poisson&#8230; qui est à la fin des temps, qui a fait les douze signes du zodiaque !</p>



<p class="wp-block-paragraph">Le Poisson, qui a fait tous les passages&#8230;</p>



<ul class="wp-block-list">
<li>Je suis, J&rsquo;ai , Je sens, J&rsquo;aime, Je sers, Je pense&#8230; </li>



<li>Nous sommes, Nous avons, Nous sentons, Nous aimons,  Nous pensons&#8230; </li>
</ul>



<p class="wp-block-paragraph">et à la fin, il arrive à la maison avec&#8230; :</p>



<ul class="wp-block-list">
<li>Nous savons !</li>
</ul>



<p class="wp-block-paragraph">Mais en contre, il dit&#8230;<br>&#8211; Ah non&#8230; Je ne suis pas fait pour le service, tu m&rsquo;as donné les extrêmes&#8230;</p>



<ul class="wp-block-list">
<li>Ascendant Belier ! </li>
</ul>



<p class="wp-block-paragraph">Je suis&#8230; Je suis&#8230; Ah Vous ne savez pas&#8230; ? </p>



<ul class="wp-block-list">
<li>Mais Je suis !</li>
</ul>



<p class="wp-block-paragraph">Et j&rsquo;ai réussi même dans ses signes à lui donner ces deux extrêmes. C&rsquo;est juste incroyable, non ?</p>



<p class="wp-block-paragraph"></p>

<p>&lt;Enregistré le 14 Novembre 2021&gt; Quand j&rsquo;étais enceinte de ma fille, j&rsquo;avais décidé que son deuxième prénom serait Joséphine, c&rsquo;était le prénom de ma Grand-Mère&#8230; Et bien, un matin, ce qu&rsquo;elle faisait souvent pendant ses vacances, Maman était venue pour le Week-End, et elle me dit :&#8211; Mais comment tu fais tes tartines, toi ? [&hellip;]</p>
