{"id":2120,"date":"2026-03-10T15:51:45","date_gmt":"2026-03-10T15:51:45","guid":{"rendered":"https:\/\/mercigracias.ch\/?page_id=2120"},"modified":"2026-07-13T05:55:33","modified_gmt":"2026-07-13T05:55:33","slug":"les-yeux-ocean","status":"publish","type":"page","link":"https:\/\/mercigracias.ch\/?page_id=2120","title":{"rendered":"Les yeux Oc\u00e9an&#8230;"},"content":{"rendered":"\n<p class=\"wp-block-paragraph\">&lt;Enregistr\u00e9 le 14 Novembre 2021&gt;<\/p>\n\n\n\n<p class=\"wp-block-paragraph\">Aussi quand nous sommes all\u00e9s en Italie, c&rsquo;\u00e9tait en bord de mer&#8230; <br>On avait \u00e9t\u00e9 chercher des balais laveurs, qu&rsquo;on avait ramen\u00e9s dans la camionnette, parce qu&rsquo;on n&rsquo;avait pas de sous \u00e0 l&rsquo;\u00e9poque, et on vendait un peu tout ce qu&rsquo;on pouvait, et \u00e7a n&rsquo;existait pas encore en suisse&#8230; ! <\/p>\n\n\n\n<p class=\"wp-block-paragraph\">C&rsquo;\u00e9tait pr\u00e8s de G\u00eanes, et \u00e7a avait \u00e9t\u00e9 mais&#8230; une merveille !<\/p>\n\n\n\n<p class=\"wp-block-paragraph\">On arrive l\u00e0-bas, le Week-End&#8230; On \u00e9tait parti, je pense un vendredi, j&rsquo;avais ferm\u00e9 mon salon de coiffure&#8230; Donc on \u00e9tait arriv\u00e9 le soir assez tard, vers 1 heure du matin&#8230;<\/p>\n\n\n\n<p class=\"wp-block-paragraph\">Oh l\u00e0 l\u00e0&#8230; C&rsquo;\u00e9tait la f\u00eate, les scooters au bord de la mer ! <\/p>\n\n\n\n<ul class=\"wp-block-list\">\n<li>Mais c&rsquo;\u00e9tait un r\u00eave&#8230; <\/li>\n<\/ul>\n\n\n\n<p class=\"wp-block-paragraph\">Et puis le matin, on s&rsquo;est lev\u00e9, on \u00e9tait dans un petit h\u00f4tel, bien s\u00fbr bon march\u00e9, mais tellement magnifique, tu avais l&rsquo;impression que c&rsquo;\u00e9tait un h\u00f4tel, une chambre en carton, tellement c&rsquo;\u00e9tait (Rire) tr\u00e8s dr\u00f4le&#8230;<\/p>\n\n\n\n<p class=\"wp-block-paragraph\">On donnait droit sur la place du march\u00e9&#8230; Alors \u00e0 6 heures du matin&#8230; le march\u00e9 a commencer \u00e0 jacasser pendant qu&rsquo;il se montait&#8230;<\/p>\n\n\n\n<p class=\"wp-block-paragraph\">On sortait \u00e0 peine de notre chambre, qu&rsquo;il y avait d\u00e9j\u00e0 des gens qui \u00e9coutaient la t\u00e9l\u00e9vision&#8230; en italien, des gens dans le hall, partout \u00e7a s&rsquo;activait !<\/p>\n\n\n\n<ul class=\"wp-block-list\">\n<li>Alors vraiment pour moi, c&rsquo;\u00e9tait \u00e7a, la vie !<\/li>\n<\/ul>\n\n\n\n<p class=\"wp-block-paragraph\">C&rsquo;\u00e9tait comme si tu arrivais dans un autre monde&#8230; <br>Je me souviens qu&rsquo;en arrivant sur la place du march\u00e9&#8230; Je vois une poup\u00e9e et elle avait les yeux d&rsquo;un bleu&#8230; Oc\u00e9an !<\/p>\n\n\n\n<p class=\"wp-block-paragraph\">Mais je n&rsquo;\u00e9tais pas enceinte du tout \u00e0 l&rsquo;\u00e9poque&#8230; Voil\u00e0, je venais de me marier&#8230; J&rsquo;\u00e9tais toute jeune.<\/p>\n\n\n\n<p class=\"wp-block-paragraph\">Et puis je regarde cette poup\u00e9e et je dis&#8230;<br>&#8211; Ma fille, elle aura ses yeux ! Elle sera comme cette poup\u00e9e !<\/p>\n\n\n\n<p class=\"wp-block-paragraph\">Et puis je reste en extase&#8230; J&rsquo;\u00e9tais tellement \u00e0 ne pas vouloir la l\u00e2cher que mon mari me dit&#8230;<br>&#8211; Tu veux qu&rsquo;on l&rsquo;ach\u00e8te ? <br>&#8211; Oh oui !<br>J&rsquo;aimerais bien qu&rsquo;on l&rsquo;ach\u00e8te, parce que ma fille, elle aura ses yeux ! Regarde ses yeux&#8230; c&rsquo;\u00e9tait Oc\u00e9an !<\/p>\n\n\n\n<p class=\"wp-block-paragraph\">Donc je pars avec ma poup\u00e9e, \u00e0 travers le march\u00e9&#8230;(Rire) <br>J&rsquo;avais entre 26 et 30 ans&#8230; avec ma poup\u00e9e comme une enfant ! <br>Mais je savais que ma fille, elle aurait ses yeux !<\/p>\n\n\n\n<p class=\"wp-block-paragraph\">Et ma fille, elle a ces yeux ! Elle a ces yeux qui sortent du r\u00eave&#8230;<\/p>\n\n\n\n<p class=\"wp-block-paragraph\">C&rsquo;\u00e9tait impressionnant, parce que cette poup\u00e9e, c&rsquo;\u00e9tait ma fille&#8230; C&rsquo;\u00e9tait ma Jos\u00e9phine !<\/p>\n\n\n\n<p class=\"wp-block-paragraph\">Il y avait ce c\u00f4t\u00e9 Poisson B\u00e9lier&#8230; ces yeux Oc\u00e9an, beaucoup de choses que j&rsquo;ai r\u00eav\u00e9 dessus et c&rsquo;est vrai que je souhaitais qu&rsquo;elle soit aussi comme son p\u00e8re dans le caract\u00e8re, l\u00e9ger&#8230;<\/p>\n\n\n\n<p class=\"wp-block-paragraph\">Parce qu&rsquo;\u00e0 l&rsquo;\u00e9poque j&rsquo;\u00e9tais tr\u00e8s amoureuse de lui&#8230; et j&rsquo;adorais son c\u00f4t\u00e9 l\u00e9ger qui disait : <br>&#8211; On laisse tout de c\u00f4t\u00e9&#8230; Allez va&#8230;<\/p>\n\n\n\n<p class=\"wp-block-paragraph\">Pas comme dans ma famille, o\u00f9 on te dit&#8230;<br>&#8211; Non, ne mets pas \u00e7a&#8230; \u00c7a va comme \u00e7a&#8230; Le point, ici&#8230; Tu as oubli\u00e9 \u00e7a et tout le reste&#8230;<\/p>\n\n\n\n<p class=\"wp-block-paragraph\">Et lui :<br>&#8211; Ah ah ah, on avance, c&rsquo;est tout&#8230;<\/p>\n\n\n\n<p class=\"wp-block-paragraph\">Et dans ma fille, je retrouve aussi son trait de caract\u00e8re&#8230;<br>&#8211; Fais moi pas chier avec \u00e7a&#8230; \u00c7a, on s&rsquo;en fout, on fout loin !<\/p>\n\n\n\n<p class=\"wp-block-paragraph\">C&rsquo;est tr\u00e8s dr\u00f4le, les choses que j&rsquo;ai marqu\u00e9es elles sont dedans&#8230; C&rsquo;est tr\u00e8s dr\u00f4le !<\/p>\n\n\n\n<p class=\"wp-block-paragraph\">Mais je ne savais pas encore que ce serait aussi moi, qu&rsquo;il foutrait loin&#8230;<\/p>\n","protected":false},"excerpt":{"rendered":"<p>&lt;Enregistr\u00e9 le 14 Novembre 2021&gt; Aussi quand nous sommes all\u00e9s en Italie, c&rsquo;\u00e9tait en bord de mer&#8230; On avait \u00e9t\u00e9 chercher des balais laveurs, qu&rsquo;on avait ramen\u00e9s dans la camionnette, parce qu&rsquo;on n&rsquo;avait pas de sous \u00e0 l&rsquo;\u00e9poque, et on vendait un peu tout ce qu&rsquo;on pouvait, et \u00e7a n&rsquo;existait pas encore en suisse&#8230; ! [&hellip;]<\/p>\n","protected":false},"author":1,"featured_media":0,"parent":0,"menu_order":0,"comment_status":"open","ping_status":"closed","template":"pages-chapitre-08","meta":{"footnotes":""},"class_list":["post-2120","page","type-page","status-publish","hentry"],"jetpack_sharing_enabled":true,"_links":{"self":[{"href":"https:\/\/mercigracias.ch\/index.php?rest_route=\/wp\/v2\/pages\/2120","targetHints":{"allow":["GET"]}}],"collection":[{"href":"https:\/\/mercigracias.ch\/index.php?rest_route=\/wp\/v2\/pages"}],"about":[{"href":"https:\/\/mercigracias.ch\/index.php?rest_route=\/wp\/v2\/types\/page"}],"author":[{"embeddable":true,"href":"https:\/\/mercigracias.ch\/index.php?rest_route=\/wp\/v2\/users\/1"}],"replies":[{"embeddable":true,"href":"https:\/\/mercigracias.ch\/index.php?rest_route=%2Fwp%2Fv2%2Fcomments&post=2120"}],"version-history":[{"count":8,"href":"https:\/\/mercigracias.ch\/index.php?rest_route=\/wp\/v2\/pages\/2120\/revisions"}],"predecessor-version":[{"id":5678,"href":"https:\/\/mercigracias.ch\/index.php?rest_route=\/wp\/v2\/pages\/2120\/revisions\/5678"}],"wp:attachment":[{"href":"https:\/\/mercigracias.ch\/index.php?rest_route=%2Fwp%2Fv2%2Fmedia&parent=2120"}],"curies":[{"name":"wp","href":"https:\/\/api.w.org\/{rel}","templated":true}]}}

Les yeux Océan&#8230;

<p class="wp-block-paragraph">&lt;Enregistré le 14 Novembre 2021&gt;</p>



<p class="wp-block-paragraph">Aussi quand nous sommes allés en Italie, c&rsquo;était en bord de mer&#8230; <br>On avait été chercher des balais laveurs, qu&rsquo;on avait ramenés dans la camionnette, parce qu&rsquo;on n&rsquo;avait pas de sous à l&rsquo;époque, et on vendait un peu tout ce qu&rsquo;on pouvait, et ça n&rsquo;existait pas encore en suisse&#8230; ! </p>



<p class="wp-block-paragraph">C&rsquo;était près de Gênes, et ça avait été mais&#8230; une merveille !</p>



<p class="wp-block-paragraph">On arrive là-bas, le Week-End&#8230; On était parti, je pense un vendredi, j&rsquo;avais fermé mon salon de coiffure&#8230; Donc on était arrivé le soir assez tard, vers 1 heure du matin&#8230;</p>



<p class="wp-block-paragraph">Oh là là&#8230; C&rsquo;était la fête, les scooters au bord de la mer ! </p>



<ul class="wp-block-list">
<li>Mais c&rsquo;était un rêve&#8230; </li>
</ul>



<p class="wp-block-paragraph">Et puis le matin, on s&rsquo;est levé, on était dans un petit hôtel, bien sûr bon marché, mais tellement magnifique, tu avais l&rsquo;impression que c&rsquo;était un hôtel, une chambre en carton, tellement c&rsquo;était (Rire) très drôle&#8230;</p>



<p class="wp-block-paragraph">On donnait droit sur la place du marché&#8230; Alors à 6 heures du matin&#8230; le marché a commencer à jacasser pendant qu&rsquo;il se montait&#8230;</p>



<p class="wp-block-paragraph">On sortait à peine de notre chambre, qu&rsquo;il y avait déjà des gens qui écoutaient la télévision&#8230; en italien, des gens dans le hall, partout ça s&rsquo;activait !</p>



<ul class="wp-block-list">
<li>Alors vraiment pour moi, c&rsquo;était ça, la vie !</li>
</ul>



<p class="wp-block-paragraph">C&rsquo;était comme si tu arrivais dans un autre monde&#8230; <br>Je me souviens qu&rsquo;en arrivant sur la place du marché&#8230; Je vois une poupée et elle avait les yeux d&rsquo;un bleu&#8230; Océan !</p>



<p class="wp-block-paragraph">Mais je n&rsquo;étais pas enceinte du tout à l&rsquo;époque&#8230; Voilà, je venais de me marier&#8230; J&rsquo;étais toute jeune.</p>



<p class="wp-block-paragraph">Et puis je regarde cette poupée et je dis&#8230;<br>&#8211; Ma fille, elle aura ses yeux ! Elle sera comme cette poupée !</p>



<p class="wp-block-paragraph">Et puis je reste en extase&#8230; J&rsquo;étais tellement à ne pas vouloir la lâcher que mon mari me dit&#8230;<br>&#8211; Tu veux qu&rsquo;on l&rsquo;achète ? <br>&#8211; Oh oui !<br>J&rsquo;aimerais bien qu&rsquo;on l&rsquo;achète, parce que ma fille, elle aura ses yeux ! Regarde ses yeux&#8230; c&rsquo;était Océan !</p>



<p class="wp-block-paragraph">Donc je pars avec ma poupée, à travers le marché&#8230;(Rire) <br>J&rsquo;avais entre 26 et 30 ans&#8230; avec ma poupée comme une enfant ! <br>Mais je savais que ma fille, elle aurait ses yeux !</p>



<p class="wp-block-paragraph">Et ma fille, elle a ces yeux ! Elle a ces yeux qui sortent du rêve&#8230;</p>



<p class="wp-block-paragraph">C&rsquo;était impressionnant, parce que cette poupée, c&rsquo;était ma fille&#8230; C&rsquo;était ma Joséphine !</p>



<p class="wp-block-paragraph">Il y avait ce côté Poisson Bélier&#8230; ces yeux Océan, beaucoup de choses que j&rsquo;ai rêvé dessus et c&rsquo;est vrai que je souhaitais qu&rsquo;elle soit aussi comme son père dans le caractère, léger&#8230;</p>



<p class="wp-block-paragraph">Parce qu&rsquo;à l&rsquo;époque j&rsquo;étais très amoureuse de lui&#8230; et j&rsquo;adorais son côté léger qui disait : <br>&#8211; On laisse tout de côté&#8230; Allez va&#8230;</p>



<p class="wp-block-paragraph">Pas comme dans ma famille, où on te dit&#8230;<br>&#8211; Non, ne mets pas ça&#8230; Ça va comme ça&#8230; Le point, ici&#8230; Tu as oublié ça et tout le reste&#8230;</p>



<p class="wp-block-paragraph">Et lui :<br>&#8211; Ah ah ah, on avance, c&rsquo;est tout&#8230;</p>



<p class="wp-block-paragraph">Et dans ma fille, je retrouve aussi son trait de caractère&#8230;<br>&#8211; Fais moi pas chier avec ça&#8230; Ça, on s&rsquo;en fout, on fout loin !</p>



<p class="wp-block-paragraph">C&rsquo;est très drôle, les choses que j&rsquo;ai marquées elles sont dedans&#8230; C&rsquo;est très drôle !</p>



<p class="wp-block-paragraph">Mais je ne savais pas encore que ce serait aussi moi, qu&rsquo;il foutrait loin&#8230;</p>

<p>&lt;Enregistré le 14 Novembre 2021&gt; Aussi quand nous sommes allés en Italie, c&rsquo;était en bord de mer&#8230; On avait été chercher des balais laveurs, qu&rsquo;on avait ramenés dans la camionnette, parce qu&rsquo;on n&rsquo;avait pas de sous à l&rsquo;époque, et on vendait un peu tout ce qu&rsquo;on pouvait, et ça n&rsquo;existait pas encore en suisse&#8230; ! [&hellip;]</p>
