{"id":213,"date":"2025-12-17T09:12:58","date_gmt":"2025-12-17T09:12:58","guid":{"rendered":"https:\/\/mercigracias.ch\/?page_id=213"},"modified":"2026-07-13T06:32:46","modified_gmt":"2026-07-13T06:32:46","slug":"labandon","status":"publish","type":"page","link":"https:\/\/mercigracias.ch\/?page_id=213","title":{"rendered":"L&rsquo;abandon"},"content":{"rendered":"\n<p class=\"wp-block-paragraph\">&lt;Enregistr\u00e9 le 06 octobre 2016&gt;<\/p>\n\n\n\n<p class=\"wp-block-paragraph\">A l&rsquo;\u00e9poque, ce n&rsquo;\u00e9tait pas seulement dans cette pouponni\u00e8re, c&rsquo;\u00e9tait partout&#8230; C&rsquo;\u00e9tait l&rsquo;\u00e9poque o\u00f9 on calait les biberons&#8230; <br>On ne prenait pas le temps&#8230; Imagine quand t&rsquo;as 20 b\u00e9b\u00e9s, comment est ce que tu vas tout caler ?<\/p>\n\n\n\n<p class=\"wp-block-paragraph\">Ils disaient, le maximum c&rsquo;\u00e9tait 35 b\u00e9b\u00e9s&#8230; Alors imagine toi quand t&rsquo;as 35 b\u00e9b\u00e9s&#8230;!? Tu prends les b\u00e9b\u00e9s pour qu&rsquo;ils fassent leur rots et encore&#8230; Mais le reste, tu les cales !<\/p>\n\n\n\n<p class=\"wp-block-paragraph\">Le contact ?&#8230; Tu oublies&#8230; Il n&rsquo;y avait pas les machins, les trucs comme maintenant !<\/p>\n\n\n\n<p class=\"wp-block-paragraph\">Aujourd&rsquo;hui tu as une nurse pour 4 b\u00e9b\u00e9s&#8230; je ne sais pas.<\/p>\n\n\n\n<p class=\"wp-block-paragraph\">&#8211; <em>Alors la cr\u00e9ation du Moi, il ne se fait pas ?<\/em> <br>&#8211; Il ne peut pas se faire, c&rsquo;est ce que le Docteur Schwartz nous avait dit \u00e0 l&rsquo;universit\u00e9&#8230;Parce que je suis all\u00e9e \u00e0 l&rsquo;Uni ! (Rire)<\/p>\n\n\n\n<p class=\"wp-block-paragraph\">C&rsquo;\u00e9tait pendant les \u00e9tudes de Master de ma fille, je crois bien. Elle avait suivi son cours pendant son bachelor, et m&rsquo;avait conseill\u00e9 d&rsquo;y aller en auditrice libre, tellement son cours lui avait plu&#8230;<br>Alors comme j&rsquo;avais du temps, je me suis inscrite \u00e0 l&rsquo;Uni&#8230; \u00e0 58 ans, pour un trimestre !<\/p>\n\n\n\n<p class=\"wp-block-paragraph\">C&rsquo;\u00e9tait une belle revanche, moi qui avait \u00e9t\u00e9 \u00e0 \u00ab\u00a0L&rsquo;\u00e9cole des cancres\u00a0\u00bb, \u00e0 Fribourg&#8230;<\/p>\n\n\n\n<p class=\"wp-block-paragraph\">Et l\u00e0-bas, assise dans l&rsquo;amphith\u00e9\u00e2tre, j&rsquo;ai \u00e9cout\u00e9 son cours&#8230;.<br>Je buvais ses paroles, c&rsquo;\u00e9tait fantastique. La psycho, la construction, les cons\u00e9quences&#8230; Les \u00e9l\u00e8ves prenaient des notes et moi j&rsquo;ouvrais grand les oreilles&#8230;<\/p>\n\n\n\n<p class=\"wp-block-paragraph\">Jusqu&rsquo;au jour o\u00f9 Il a dit : <br>&#8211; Quand l&rsquo;enfant, il est \u00e9loign\u00e9 3 mois de sa m\u00e8re, \u00e7a peut passer&#8230; Quand il est \u00e9loign\u00e9 6 mois, c&rsquo;est moyennement gr\u00e2ve&#8230;<br>Mais quand c&rsquo;est une ann\u00e9e, et bien c&rsquo;est tr\u00e8s grave&#8230;<\/p>\n\n\n\n<p class=\"wp-block-paragraph\">Irr\u00e9cup\u00e9rable&#8230;parce que \u00e7a laisse de toute fa\u00e7on des traces. <br>En g\u00e9n\u00e9ral, ces enfants par la suite, ils ne vont pas bien du tout&#8230; <br>Ils deviennent des d\u00e9linquants, ils se droguent , ils se suicident&#8230;<\/p>\n\n\n\n<p class=\"wp-block-paragraph\">&#8211; Il l&rsquo;a mentionn\u00e9&#8230;!<\/p>\n\n\n\n<p class=\"wp-block-paragraph\">Car ce qui n&rsquo;a pas \u00e9t\u00e9 appris avant les 12 mois, tu ne les r\u00e9cup\u00e8res plus, et de mani\u00e8re g\u00e9n\u00e9rale, tout ce que tu n&rsquo;a pas appris au moment de ta croissance, \u00e7a ne sera jamais acquis. Tu devras toute ta vie faire un travail pour r\u00e9apprendre ce que t&rsquo;as loup\u00e9, et pour conserver ce que tu apprends trop tard. Et en plus, \u00e7a demande un effort consid\u00e9rable. Les 12 premiers mois, c&rsquo;est grav\u00e9 dans le subconscient&#8230; Tu ne peux pas le changer comme \u00e7a en claquant des doigts&#8230;!<\/p>\n\n\n\n<p class=\"wp-block-paragraph\">Aussi respecter les p\u00e9riodes critiques d&rsquo;apprentissages, c&rsquo;est primordial&#8230;<\/p>\n\n\n\n<p class=\"wp-block-paragraph\">Je suis sortie pleurer tellement \u00e7a m&rsquo;avait remise en arri\u00e8re et le voile que \u00e7a avait soulev\u00e9&#8230;<\/p>\n\n\n\n<p class=\"wp-block-paragraph\">En effet, Je portais le drame en moi&#8230; et je comprenais les trous b\u00e9ants qui m&rsquo;habitaient&#8230; et ceux que j&rsquo;avais tent\u00e9s de combler par moi m\u00eame avec tant d&rsquo;\u00e9nergie et de peines&#8230;<\/p>\n\n\n\n<p class=\"wp-block-paragraph\">Apr\u00e8s je me suis dit :<\/p>\n\n\n\n<p class=\"wp-block-paragraph\">&#8211; C&rsquo;est vraiment dommage que de tels cours ne soient pas donn\u00e9s \u00e0 tous les jeunes, et qu&rsquo;il faille attendre l&rsquo;entr\u00e9e \u00e0 l&rsquo;Uni pour d\u00e9couvrir \u00e7a !<\/p>\n\n\n\n<p class=\"wp-block-paragraph\">Il y aurait moins de drames si les gens savaient ce qu&rsquo;ils laissaient \u00e0 leurs enfants&#8230;<\/p>\n","protected":false},"excerpt":{"rendered":"<p>&lt;Enregistr\u00e9 le 06 octobre 2016&gt; A l&rsquo;\u00e9poque, ce n&rsquo;\u00e9tait pas seulement dans cette pouponni\u00e8re, c&rsquo;\u00e9tait partout&#8230; C&rsquo;\u00e9tait l&rsquo;\u00e9poque o\u00f9 on calait les biberons&#8230; On ne prenait pas le temps&#8230; Imagine quand t&rsquo;as 20 b\u00e9b\u00e9s, comment est ce que tu vas tout caler ? Ils disaient, le maximum c&rsquo;\u00e9tait 35 b\u00e9b\u00e9s&#8230; Alors imagine toi quand t&rsquo;as [&hellip;]<\/p>\n","protected":false},"author":1,"featured_media":0,"parent":0,"menu_order":0,"comment_status":"open","ping_status":"closed","template":"pages-chapitre-01","meta":{"footnotes":""},"class_list":["post-213","page","type-page","status-publish","hentry"],"jetpack_sharing_enabled":true,"_links":{"self":[{"href":"https:\/\/mercigracias.ch\/index.php?rest_route=\/wp\/v2\/pages\/213","targetHints":{"allow":["GET"]}}],"collection":[{"href":"https:\/\/mercigracias.ch\/index.php?rest_route=\/wp\/v2\/pages"}],"about":[{"href":"https:\/\/mercigracias.ch\/index.php?rest_route=\/wp\/v2\/types\/page"}],"author":[{"embeddable":true,"href":"https:\/\/mercigracias.ch\/index.php?rest_route=\/wp\/v2\/users\/1"}],"replies":[{"embeddable":true,"href":"https:\/\/mercigracias.ch\/index.php?rest_route=%2Fwp%2Fv2%2Fcomments&post=213"}],"version-history":[{"count":5,"href":"https:\/\/mercigracias.ch\/index.php?rest_route=\/wp\/v2\/pages\/213\/revisions"}],"predecessor-version":[{"id":5714,"href":"https:\/\/mercigracias.ch\/index.php?rest_route=\/wp\/v2\/pages\/213\/revisions\/5714"}],"wp:attachment":[{"href":"https:\/\/mercigracias.ch\/index.php?rest_route=%2Fwp%2Fv2%2Fmedia&parent=213"}],"curies":[{"name":"wp","href":"https:\/\/api.w.org\/{rel}","templated":true}]}}

<p class="wp-block-paragraph">&lt;Enregistré le 06 octobre 2016&gt;</p>



<p class="wp-block-paragraph">A l&rsquo;époque, ce n&rsquo;était pas seulement dans cette pouponnière, c&rsquo;était partout&#8230; C&rsquo;était l&rsquo;époque où on calait les biberons&#8230; <br>On ne prenait pas le temps&#8230; Imagine quand t&rsquo;as 20 bébés, comment est ce que tu vas tout caler ?</p>



<p class="wp-block-paragraph">Ils disaient, le maximum c&rsquo;était 35 bébés&#8230; Alors imagine toi quand t&rsquo;as 35 bébés&#8230;!? Tu prends les bébés pour qu&rsquo;ils fassent leur rots et encore&#8230; Mais le reste, tu les cales !</p>



<p class="wp-block-paragraph">Le contact ?&#8230; Tu oublies&#8230; Il n&rsquo;y avait pas les machins, les trucs comme maintenant !</p>



<p class="wp-block-paragraph">Aujourd&rsquo;hui tu as une nurse pour 4 bébés&#8230; je ne sais pas.</p>



<p class="wp-block-paragraph">&#8211; <em>Alors la création du Moi, il ne se fait pas ?</em> <br>&#8211; Il ne peut pas se faire, c&rsquo;est ce que le Docteur Schwartz nous avait dit à l&rsquo;université&#8230;Parce que je suis allée à l&rsquo;Uni ! (Rire)</p>



<p class="wp-block-paragraph">C&rsquo;était pendant les études de Master de ma fille, je crois bien. Elle avait suivi son cours pendant son bachelor, et m&rsquo;avait conseillé d&rsquo;y aller en auditrice libre, tellement son cours lui avait plu&#8230;<br>Alors comme j&rsquo;avais du temps, je me suis inscrite à l&rsquo;Uni&#8230; à 58 ans, pour un trimestre !</p>



<p class="wp-block-paragraph">C&rsquo;était une belle revanche, moi qui avait été à « L&rsquo;école des cancres », à Fribourg&#8230;</p>



<p class="wp-block-paragraph">Et là-bas, assise dans l&rsquo;amphithéâtre, j&rsquo;ai écouté son cours&#8230;.<br>Je buvais ses paroles, c&rsquo;était fantastique. La psycho, la construction, les conséquences&#8230; Les élèves prenaient des notes et moi j&rsquo;ouvrais grand les oreilles&#8230;</p>



<p class="wp-block-paragraph">Jusqu&rsquo;au jour où Il a dit : <br>&#8211; Quand l&rsquo;enfant, il est éloigné 3 mois de sa mère, ça peut passer&#8230; Quand il est éloigné 6 mois, c&rsquo;est moyennement grâve&#8230;<br>Mais quand c&rsquo;est une année, et bien c&rsquo;est très grave&#8230;</p>



<p class="wp-block-paragraph">Irrécupérable&#8230;parce que ça laisse de toute façon des traces. <br>En général, ces enfants par la suite, ils ne vont pas bien du tout&#8230; <br>Ils deviennent des délinquants, ils se droguent , ils se suicident&#8230;</p>



<p class="wp-block-paragraph">&#8211; Il l&rsquo;a mentionné&#8230;!</p>



<p class="wp-block-paragraph">Car ce qui n&rsquo;a pas été appris avant les 12 mois, tu ne les récupères plus, et de manière générale, tout ce que tu n&rsquo;a pas appris au moment de ta croissance, ça ne sera jamais acquis. Tu devras toute ta vie faire un travail pour réapprendre ce que t&rsquo;as loupé, et pour conserver ce que tu apprends trop tard. Et en plus, ça demande un effort considérable. Les 12 premiers mois, c&rsquo;est gravé dans le subconscient&#8230; Tu ne peux pas le changer comme ça en claquant des doigts&#8230;!</p>



<p class="wp-block-paragraph">Aussi respecter les périodes critiques d&rsquo;apprentissages, c&rsquo;est primordial&#8230;</p>



<p class="wp-block-paragraph">Je suis sortie pleurer tellement ça m&rsquo;avait remise en arrière et le voile que ça avait soulevé&#8230;</p>



<p class="wp-block-paragraph">En effet, Je portais le drame en moi&#8230; et je comprenais les trous béants qui m&rsquo;habitaient&#8230; et ceux que j&rsquo;avais tentés de combler par moi même avec tant d&rsquo;énergie et de peines&#8230;</p>



<p class="wp-block-paragraph">Après je me suis dit :</p>



<p class="wp-block-paragraph">&#8211; C&rsquo;est vraiment dommage que de tels cours ne soient pas donnés à tous les jeunes, et qu&rsquo;il faille attendre l&rsquo;entrée à l&rsquo;Uni pour découvrir ça !</p>



<p class="wp-block-paragraph">Il y aurait moins de drames si les gens savaient ce qu&rsquo;ils laissaient à leurs enfants&#8230;</p>

<p>&lt;Enregistré le 06 octobre 2016&gt; A l&rsquo;époque, ce n&rsquo;était pas seulement dans cette pouponnière, c&rsquo;était partout&#8230; C&rsquo;était l&rsquo;époque où on calait les biberons&#8230; On ne prenait pas le temps&#8230; Imagine quand t&rsquo;as 20 bébés, comment est ce que tu vas tout caler ? Ils disaient, le maximum c&rsquo;était 35 bébés&#8230; Alors imagine toi quand t&rsquo;as [&hellip;]</p>
