{"id":2130,"date":"2026-03-10T17:09:26","date_gmt":"2026-03-10T17:09:26","guid":{"rendered":"https:\/\/mercigracias.ch\/?page_id=2130"},"modified":"2026-07-12T17:50:13","modified_gmt":"2026-07-12T17:50:13","slug":"je-veux-du-raisin","status":"publish","type":"page","link":"https:\/\/mercigracias.ch\/?page_id=2130","title":{"rendered":"Je veux du raisin !"},"content":{"rendered":"\n<p class=\"wp-block-paragraph\">&lt;Enregistr\u00e9 les 04 Septembre 2014 et 16 Octobre 2016&gt;<\/p>\n\n\n\n<p class=\"wp-block-paragraph\">On allait toujours vendanger avec le Grand-P\u00e8re, avant d&rsquo;avoir mes enfants. Je travaillais la semaine et le lundi, comme je fermais, j&rsquo;allais vendanger&#8230;<\/p>\n\n\n\n<p class=\"wp-block-paragraph\">J&rsquo;aimais \u00e7a, c&rsquo;\u00e9tait chouette ! <\/p>\n\n\n\n<p class=\"wp-block-paragraph\">Et puis l\u00e0, j&rsquo;\u00e9tais enceinte \u00e0 cinq mois de ma fille, donc j&rsquo;y \u00e9tais all\u00e9e un petit peu, j&rsquo;avais juste \u00e9t\u00e9 faire quelques cartons, mais j&rsquo;avais dit :<br>&#8211; Je veux du raisin&#8230;!<\/p>\n\n\n\n<p class=\"wp-block-paragraph\">Faut que \u00e7a continue, je veux continuer de manger du raisin&#8230; Alors il faut en prendre un tas, parce que j&rsquo;avais mes fils au galetas, o\u00f9 je pouvais suspendre mon linge&#8230; Alors j&rsquo;ai demand\u00e9 \u00e0 mon mari (Rire) de tirer des fils, partout, sur tout le galetas&#8230;<\/p>\n\n\n\n<p class=\"wp-block-paragraph\">Le galetas \u00e9tait plus grand qu&rsquo;en bas&#8230; C&rsquo;\u00e9tait le double volume de ce qui y avait en bas&#8230; au moins 10 m\u00e8tres de long !<\/p>\n\n\n\n<p class=\"wp-block-paragraph\">Alors j&rsquo;avais pu suspendre mon raisin, mes grappes pour ne pas qu&rsquo;elle pourrissent, et j&rsquo;en avais suspendu sur tout le galetas&#8230; J&rsquo;avais peut-\u00eatre huit ou dix fils&#8230; sur toute la surface du galetas.<\/p>\n\n\n\n<p class=\"wp-block-paragraph\">C&rsquo;est comme \u00e7a qu&rsquo;ils le conservaient dans le temps&#8230; Comme \u00e7a, j&rsquo;allais chercher mon raisin, il s\u00e9chait au galetas&#8230;<br>Donc j&rsquo;ai pu manger du raisin, tr\u00e8s longtemps&#8230; jusqu&rsquo;au mois de d\u00e9cembre !<\/p>\n\n\n\n<p class=\"wp-block-paragraph\">Tu vois&#8230;?  Et j&rsquo;ai tout mang\u00e9&#8230; <\/p>\n\n\n\n<p class=\"wp-block-paragraph\">C&rsquo;\u00e9tait ce qui m&rsquo;a marqu\u00e9 le plus, quand j&rsquo;\u00e9tais enceinte de ma fille&#8230;<\/p>\n\n\n\n<ul class=\"wp-block-list\">\n<li>Le raisin&#8230; c&rsquo;est fou, hein !<\/li>\n<\/ul>\n\n\n\n<p class=\"wp-block-paragraph\">J&rsquo;avais des envies de raisin&#8230; Je pense que c&rsquo;\u00e9tait un appel de ma fille&#8230; Elle montrait qu&rsquo;elle \u00e9tait dans la lign\u00e9e.<\/p>\n","protected":false},"excerpt":{"rendered":"<p>&lt;Enregistr\u00e9 les 04 Septembre 2014 et 16 Octobre 2016&gt; On allait toujours vendanger avec le Grand-P\u00e8re, avant d&rsquo;avoir mes enfants. Je travaillais la semaine et le lundi, comme je fermais, j&rsquo;allais vendanger&#8230; J&rsquo;aimais \u00e7a, c&rsquo;\u00e9tait chouette ! Et puis l\u00e0, j&rsquo;\u00e9tais enceinte \u00e0 cinq mois de ma fille, donc j&rsquo;y \u00e9tais all\u00e9e un petit peu, [&hellip;]<\/p>\n","protected":false},"author":1,"featured_media":0,"parent":0,"menu_order":0,"comment_status":"open","ping_status":"closed","template":"pages-chapitre-08","meta":{"footnotes":""},"class_list":["post-2130","page","type-page","status-publish","hentry"],"jetpack_sharing_enabled":true,"_links":{"self":[{"href":"https:\/\/mercigracias.ch\/index.php?rest_route=\/wp\/v2\/pages\/2130","targetHints":{"allow":["GET"]}}],"collection":[{"href":"https:\/\/mercigracias.ch\/index.php?rest_route=\/wp\/v2\/pages"}],"about":[{"href":"https:\/\/mercigracias.ch\/index.php?rest_route=\/wp\/v2\/types\/page"}],"author":[{"embeddable":true,"href":"https:\/\/mercigracias.ch\/index.php?rest_route=\/wp\/v2\/users\/1"}],"replies":[{"embeddable":true,"href":"https:\/\/mercigracias.ch\/index.php?rest_route=%2Fwp%2Fv2%2Fcomments&post=2130"}],"version-history":[{"count":5,"href":"https:\/\/mercigracias.ch\/index.php?rest_route=\/wp\/v2\/pages\/2130\/revisions"}],"predecessor-version":[{"id":5590,"href":"https:\/\/mercigracias.ch\/index.php?rest_route=\/wp\/v2\/pages\/2130\/revisions\/5590"}],"wp:attachment":[{"href":"https:\/\/mercigracias.ch\/index.php?rest_route=%2Fwp%2Fv2%2Fmedia&parent=2130"}],"curies":[{"name":"wp","href":"https:\/\/api.w.org\/{rel}","templated":true}]}}

<p class="wp-block-paragraph">&lt;Enregistré les 04 Septembre 2014 et 16 Octobre 2016&gt;</p>



<p class="wp-block-paragraph">On allait toujours vendanger avec le Grand-Père, avant d&rsquo;avoir mes enfants. Je travaillais la semaine et le lundi, comme je fermais, j&rsquo;allais vendanger&#8230;</p>



<p class="wp-block-paragraph">J&rsquo;aimais ça, c&rsquo;était chouette ! </p>



<p class="wp-block-paragraph">Et puis là, j&rsquo;étais enceinte à cinq mois de ma fille, donc j&rsquo;y étais allée un petit peu, j&rsquo;avais juste été faire quelques cartons, mais j&rsquo;avais dit :<br>&#8211; Je veux du raisin&#8230;!</p>



<p class="wp-block-paragraph">Faut que ça continue, je veux continuer de manger du raisin&#8230; Alors il faut en prendre un tas, parce que j&rsquo;avais mes fils au galetas, où je pouvais suspendre mon linge&#8230; Alors j&rsquo;ai demandé à mon mari (Rire) de tirer des fils, partout, sur tout le galetas&#8230;</p>



<p class="wp-block-paragraph">Le galetas était plus grand qu&rsquo;en bas&#8230; C&rsquo;était le double volume de ce qui y avait en bas&#8230; au moins 10 mètres de long !</p>



<p class="wp-block-paragraph">Alors j&rsquo;avais pu suspendre mon raisin, mes grappes pour ne pas qu&rsquo;elle pourrissent, et j&rsquo;en avais suspendu sur tout le galetas&#8230; J&rsquo;avais peut-être huit ou dix fils&#8230; sur toute la surface du galetas.</p>



<p class="wp-block-paragraph">C&rsquo;est comme ça qu&rsquo;ils le conservaient dans le temps&#8230; Comme ça, j&rsquo;allais chercher mon raisin, il séchait au galetas&#8230;<br>Donc j&rsquo;ai pu manger du raisin, très longtemps&#8230; jusqu&rsquo;au mois de décembre !</p>



<p class="wp-block-paragraph">Tu vois&#8230;?  Et j&rsquo;ai tout mangé&#8230; </p>



<p class="wp-block-paragraph">C&rsquo;était ce qui m&rsquo;a marqué le plus, quand j&rsquo;étais enceinte de ma fille&#8230;</p>



<ul class="wp-block-list">
<li>Le raisin&#8230; c&rsquo;est fou, hein !</li>
</ul>



<p class="wp-block-paragraph">J&rsquo;avais des envies de raisin&#8230; Je pense que c&rsquo;était un appel de ma fille&#8230; Elle montrait qu&rsquo;elle était dans la lignée.</p>

<p>&lt;Enregistré les 04 Septembre 2014 et 16 Octobre 2016&gt; On allait toujours vendanger avec le Grand-Père, avant d&rsquo;avoir mes enfants. Je travaillais la semaine et le lundi, comme je fermais, j&rsquo;allais vendanger&#8230; J&rsquo;aimais ça, c&rsquo;était chouette ! Et puis là, j&rsquo;étais enceinte à cinq mois de ma fille, donc j&rsquo;y étais allée un petit peu, [&hellip;]</p>
