{"id":2136,"date":"2026-03-10T21:09:00","date_gmt":"2026-03-10T21:09:00","guid":{"rendered":"https:\/\/mercigracias.ch\/?page_id=2136"},"modified":"2026-06-28T12:52:49","modified_gmt":"2026-06-28T12:52:49","slug":"il-faut-un-2ieme","status":"publish","type":"page","link":"https:\/\/mercigracias.ch\/?page_id=2136","title":{"rendered":"Il faut un deuxi\u00e8me&#8230;"},"content":{"rendered":"\n<p class=\"wp-block-paragraph\">&lt;Enregistr\u00e9 le 29 Ao\u00fbt 2014&gt;<\/p>\n\n\n\n<p class=\"wp-block-paragraph\">Moi, j&rsquo;ai toujours souhait\u00e9 avoir deux enfants, parce que la vie c&rsquo;est bas\u00e9 sur la rencontre, le partage. Un enfant seul, il est bancal&#8230;<\/p>\n\n\n\n<p class=\"wp-block-paragraph\">Mon mari, lui m\u2019avait dit :<br>&#8211; Oh tu sais, moi, la famille, les enfants\u2026 Pouet, Pouet&#8230;<br>Non, hum&#8230; et maintenant on a d\u00e9j\u00e0 une fille&#8230;<\/p>\n\n\n\n<p class=\"wp-block-paragraph\">Mais moi, dans ma t\u00eate je me disais&#8230;<br>&#8211; Non, maintenant il faut un deuxi\u00e8me, parce que notre fille, il lui faut ce partage, dans son enfance\u2026<\/p>\n\n\n\n<p class=\"wp-block-paragraph\">Si normalement c\u2019\u00e9tait lui qui prenait les devants, l\u00e0 c\u2019\u00e9tait moi qui avait pris l&rsquo;initiative. Et m\u00eame si j&rsquo;\u00e9tais \u00e9puis\u00e9e, avec notre fille d&rsquo;un peu plus d&rsquo;un an et que je courais partout, c&rsquo;\u00e9tait le moment&#8230;<\/p>\n\n\n\n<p class=\"wp-block-paragraph\">Je n&rsquo;avais m\u00eame plus envie d\u2019avoir de rapport tant j&rsquo;\u00e9tais fatigu\u00e9e&#8230; <br>Mais il fallait y aller&#8230; alors celui-l\u00e0, il \u00e9tait sacr\u00e9, parce qu\u2019en fin de compte c\u2019\u00e9tait moi qui prenais la d\u00e9cision\u00a0: <br>&#8211; Je concevais\u2026<\/p>\n\n\n\n<ul class=\"wp-block-list\">\n<li>C\u2019\u00e9tait une d\u00e9cision hautement spirituelle&#8230;<\/li>\n<\/ul>\n\n\n\n<p class=\"wp-block-paragraph\">C\u2019\u00e9tait sacr\u00e9, alors j\u2019ai organis\u00e9 un repas de f\u00eate\u2026 <br>J\u2019avais tout organis\u00e9 pour que tout soit bien. J&rsquo;avais fais mes commissions, je lui ai fait son menu pr\u00e9f\u00e9r\u00e9 et pens\u00e9 \u00e0 tout&#8230;<\/p>\n\n\n\n<p class=\"wp-block-paragraph\">Et voil\u00e0&#8230; Il a \u00e9t\u00e9 con\u00e7u \u00e0 ce moment l\u00e0, apr\u00e8s la f\u00eate&#8230;<\/p>\n\n\n\n<p class=\"wp-block-paragraph\">J&rsquo;avais eu cet appel&#8230;<br>&#8211; Il faut que cet enfant vienne sur terre&#8230; Tu dois avoir deux enfants, mais je ne le faisais pas par rapport \u00e0 moi&#8230; Je me disais quoi qu&rsquo;il en soit, j&rsquo;aimerais qu&rsquo;ils soient deux&#8230; Je ne veux pas en laisser un, seul ! Car si je suis en peine par rapport \u00e0 ce que je vais devoir vivre, je veux qu&rsquo;il ait sa vie d&rsquo;enfant&#8230;<\/p>\n\n\n\n<p class=\"wp-block-paragraph\">Je ne veux pas qu&rsquo;il soit dans ma peine&#8230; Je veux qu&rsquo;il puisse vivre, je veux du rire&#8230; Je veux de la joie, et un enfant seul&#8230; Non. <\/p>\n\n\n\n<p class=\"wp-block-paragraph\">Avec un enfant tout seul, comment je vais avancer ?<br>Si je suis seule avec, il va porter ma charge ? <\/p>\n\n\n\n<p class=\"wp-block-paragraph\">Et \u00e7a je ne voulais pas&#8230;!<\/p>\n\n\n\n<p class=\"wp-block-paragraph\">&#8230;Le deuxi\u00e8me s&rsquo;imposait.<\/p>\n","protected":false},"excerpt":{"rendered":"<p>&lt;Enregistr\u00e9 le 29 Ao\u00fbt 2014&gt; Moi, j&rsquo;ai toujours souhait\u00e9 avoir deux enfants, parce que la vie c&rsquo;est bas\u00e9 sur la rencontre, le partage. Un enfant seul, il est bancal&#8230; Mon mari, lui m\u2019avait dit :&#8211; Oh tu sais, moi, la famille, les enfants\u2026 Pouet, Pouet&#8230;Non, hum&#8230; et maintenant on a d\u00e9j\u00e0 une fille&#8230; Mais moi, [&hellip;]<\/p>\n","protected":false},"author":1,"featured_media":0,"parent":0,"menu_order":0,"comment_status":"open","ping_status":"closed","template":"pages-chapitre-08","meta":{"footnotes":""},"class_list":["post-2136","page","type-page","status-publish","hentry"],"jetpack_sharing_enabled":true,"_links":{"self":[{"href":"https:\/\/mercigracias.ch\/index.php?rest_route=\/wp\/v2\/pages\/2136","targetHints":{"allow":["GET"]}}],"collection":[{"href":"https:\/\/mercigracias.ch\/index.php?rest_route=\/wp\/v2\/pages"}],"about":[{"href":"https:\/\/mercigracias.ch\/index.php?rest_route=\/wp\/v2\/types\/page"}],"author":[{"embeddable":true,"href":"https:\/\/mercigracias.ch\/index.php?rest_route=\/wp\/v2\/users\/1"}],"replies":[{"embeddable":true,"href":"https:\/\/mercigracias.ch\/index.php?rest_route=%2Fwp%2Fv2%2Fcomments&post=2136"}],"version-history":[{"count":8,"href":"https:\/\/mercigracias.ch\/index.php?rest_route=\/wp\/v2\/pages\/2136\/revisions"}],"predecessor-version":[{"id":4997,"href":"https:\/\/mercigracias.ch\/index.php?rest_route=\/wp\/v2\/pages\/2136\/revisions\/4997"}],"wp:attachment":[{"href":"https:\/\/mercigracias.ch\/index.php?rest_route=%2Fwp%2Fv2%2Fmedia&parent=2136"}],"curies":[{"name":"wp","href":"https:\/\/api.w.org\/{rel}","templated":true}]}}

Il faut un deuxième&#8230;

<p class="wp-block-paragraph">&lt;Enregistré le 29 Août 2014&gt;</p>



<p class="wp-block-paragraph">Moi, j&rsquo;ai toujours souhaité avoir deux enfants, parce que la vie c&rsquo;est basé sur la rencontre, le partage. Un enfant seul, il est bancal&#8230;</p>



<p class="wp-block-paragraph">Mon mari, lui m’avait dit :<br>&#8211; Oh tu sais, moi, la famille, les enfants… Pouet, Pouet&#8230;<br>Non, hum&#8230; et maintenant on a déjà une fille&#8230;</p>



<p class="wp-block-paragraph">Mais moi, dans ma tête je me disais&#8230;<br>&#8211; Non, maintenant il faut un deuxième, parce que notre fille, il lui faut ce partage, dans son enfance…</p>



<p class="wp-block-paragraph">Si normalement c’était lui qui prenait les devants, là c’était moi qui avait pris l&rsquo;initiative. Et même si j&rsquo;étais épuisée, avec notre fille d&rsquo;un peu plus d&rsquo;un an et que je courais partout, c&rsquo;était le moment&#8230;</p>



<p class="wp-block-paragraph">Je n&rsquo;avais même plus envie d’avoir de rapport tant j&rsquo;étais fatiguée&#8230; <br>Mais il fallait y aller&#8230; alors celui-là, il était sacré, parce qu’en fin de compte c’était moi qui prenais la décision : <br>&#8211; Je concevais…</p>



<ul class="wp-block-list">
<li>C’était une décision hautement spirituelle&#8230;</li>
</ul>



<p class="wp-block-paragraph">C’était sacré, alors j’ai organisé un repas de fête… <br>J’avais tout organisé pour que tout soit bien. J&rsquo;avais fais mes commissions, je lui ai fait son menu préféré et pensé à tout&#8230;</p>



<p class="wp-block-paragraph">Et voilà&#8230; Il a été conçu à ce moment là, après la fête&#8230;</p>



<p class="wp-block-paragraph">J&rsquo;avais eu cet appel&#8230;<br>&#8211; Il faut que cet enfant vienne sur terre&#8230; Tu dois avoir deux enfants, mais je ne le faisais pas par rapport à moi&#8230; Je me disais quoi qu&rsquo;il en soit, j&rsquo;aimerais qu&rsquo;ils soient deux&#8230; Je ne veux pas en laisser un, seul ! Car si je suis en peine par rapport à ce que je vais devoir vivre, je veux qu&rsquo;il ait sa vie d&rsquo;enfant&#8230;</p>



<p class="wp-block-paragraph">Je ne veux pas qu&rsquo;il soit dans ma peine&#8230; Je veux qu&rsquo;il puisse vivre, je veux du rire&#8230; Je veux de la joie, et un enfant seul&#8230; Non. </p>



<p class="wp-block-paragraph">Avec un enfant tout seul, comment je vais avancer ?<br>Si je suis seule avec, il va porter ma charge ? </p>



<p class="wp-block-paragraph">Et ça je ne voulais pas&#8230;!</p>



<p class="wp-block-paragraph">&#8230;Le deuxième s&rsquo;imposait.</p>

<p>&lt;Enregistré le 29 Août 2014&gt; Moi, j&rsquo;ai toujours souhaité avoir deux enfants, parce que la vie c&rsquo;est basé sur la rencontre, le partage. Un enfant seul, il est bancal&#8230; Mon mari, lui m’avait dit :&#8211; Oh tu sais, moi, la famille, les enfants… Pouet, Pouet&#8230;Non, hum&#8230; et maintenant on a déjà une fille&#8230; Mais moi, [&hellip;]</p>
