{"id":216,"date":"2025-12-17T09:22:05","date_gmt":"2025-12-17T09:22:05","guid":{"rendered":"https:\/\/mercigracias.ch\/?page_id=216"},"modified":"2026-07-13T05:17:55","modified_gmt":"2026-07-13T05:17:55","slug":"mon-insecurite","status":"publish","type":"page","link":"https:\/\/mercigracias.ch\/?page_id=216","title":{"rendered":"Mon ins\u00e9curit\u00e9"},"content":{"rendered":"\n<p class=\"wp-block-paragraph\">&lt;Enregistr\u00e9 le 17 juin 2014&gt;<\/p>\n\n\n\n<p class=\"wp-block-paragraph\">Si tu as commenc\u00e9 s\u00e9curis\u00e9 en \u00e9tant b\u00e9b\u00e9, qu&rsquo;on a parl\u00e9 avec toi, qu&rsquo;on a communiqu\u00e9 avec toi, qu&rsquo;on a balbuti\u00e9 avec toi et tout&#8230; alors c&rsquo;est un enfant qui va parler tr\u00e8s t\u00f4t.<\/p>\n\n\n\n<p class=\"wp-block-paragraph\">Celui-l\u00e0&#8230; il est bien s\u00e9curis\u00e9.<\/p>\n\n\n\n<p class=\"wp-block-paragraph\">Il a tout pour bien partir dans la vie. Il sait qu&rsquo;il a \u00e9t\u00e9 attendu, il sait qu&rsquo;il a \u00e9t\u00e9 choy\u00e9, aim\u00e9.<\/p>\n\n\n\n<p class=\"wp-block-paragraph\">Mais l&rsquo;enfant avec qui on n&rsquo;a pas balbuti\u00e9 avec, qu&rsquo;on n&rsquo;a pas pris du temps pour lui, qu&rsquo;on a laiss\u00e9 peut-\u00eatre m\u00eame avec la faim ou diff\u00e9rentes choses&#8230; Il a d\u00fb se faire des antennes !<br>Et les antennes, le p\u00e9diatre il m&rsquo;avait dit, et c&rsquo;est ce que j&rsquo;avais lu, \u00e7a se fait jusqu&rsquo;\u00e0 10 mois&#8230;<\/p>\n\n\n\n<p class=\"wp-block-paragraph\">Si l&rsquo;enfant est en s\u00e9curit\u00e9 il va parler tr\u00e8s vite, \u00e7a veut dire qu&rsquo;\u00e0 12 mois il commencera d\u00e9j\u00e0&#8230; Mais l&rsquo;enfant avec qui on n&rsquo;a pas vraiment pris du temps, il ne va pas parler aussi t\u00f4t car on l&rsquo;aura bloqu\u00e9 au niveau du langage, mais il se sera fait plein d&rsquo;antennes.<\/p>\n\n\n\n<p class=\"wp-block-paragraph\">C&rsquo;est \u00e0 dire, que contrairement \u00e0 un autre, ce qui pourrait \u00eatre agr\u00e9able, un signe d&rsquo;affection, pour lui \u00e7a va \u00eatre un signal&nbsp;:<\/p>\n\n\n\n<ul class=\"wp-block-list\">\n<li>Attention !<\/li>\n<\/ul>\n\n\n\n<p class=\"wp-block-paragraph\">Et pour tout, \u00e7a va \u00eatre \u00ab\u00a0Attention !\u00a0\u00bb&#8230; Parce qu&rsquo;il n&rsquo;aura pas senti le c\u00f4t\u00e9 affectif r\u00e9confortant, mais seulement le manque, donc l&rsquo;ins\u00e9curit\u00e9. Parce que il n&rsquo;a pas pu se sentir prot\u00e9g\u00e9 par ce manque affectif.<\/p>\n\n\n\n<p class=\"wp-block-paragraph\">L&rsquo;enfant \u00e0 qui on a parl\u00e9 gentiment, il d\u00e9veloppe le langage tr\u00e8s t\u00f4t&#8230; s&rsquo;il n&rsquo;y a pas eu de traumatisme qui viennent encore se mettre derri\u00e8re, et il reste en s\u00e9curit\u00e9&#8230;<\/p>\n\n\n\n<p class=\"wp-block-paragraph\">Mais l&rsquo;enfant qui, par exemple quand t&rsquo;es enceinte, au moment o\u00f9 la maman vit un traumatisme, et bien l&rsquo;enfant, il est aussi touch\u00e9 au niveau des \u00e9motions, intra-ut\u00e9rin&#8230;<\/p>\n\n\n\n<p class=\"wp-block-paragraph\"><\/p>\n","protected":false},"excerpt":{"rendered":"<p>&lt;Enregistr\u00e9 le 17 juin 2014&gt; Si tu as commenc\u00e9 s\u00e9curis\u00e9 en \u00e9tant b\u00e9b\u00e9, qu&rsquo;on a parl\u00e9 avec toi, qu&rsquo;on a communiqu\u00e9 avec toi, qu&rsquo;on a balbuti\u00e9 avec toi et tout&#8230; alors c&rsquo;est un enfant qui va parler tr\u00e8s t\u00f4t. Celui-l\u00e0&#8230; il est bien s\u00e9curis\u00e9. Il a tout pour bien partir dans la vie. Il sait [&hellip;]<\/p>\n","protected":false},"author":1,"featured_media":0,"parent":0,"menu_order":0,"comment_status":"open","ping_status":"closed","template":"pages-chapitre-01","meta":{"footnotes":""},"class_list":["post-216","page","type-page","status-publish","hentry"],"jetpack_sharing_enabled":true,"_links":{"self":[{"href":"https:\/\/mercigracias.ch\/index.php?rest_route=\/wp\/v2\/pages\/216","targetHints":{"allow":["GET"]}}],"collection":[{"href":"https:\/\/mercigracias.ch\/index.php?rest_route=\/wp\/v2\/pages"}],"about":[{"href":"https:\/\/mercigracias.ch\/index.php?rest_route=\/wp\/v2\/types\/page"}],"author":[{"embeddable":true,"href":"https:\/\/mercigracias.ch\/index.php?rest_route=\/wp\/v2\/users\/1"}],"replies":[{"embeddable":true,"href":"https:\/\/mercigracias.ch\/index.php?rest_route=%2Fwp%2Fv2%2Fcomments&post=216"}],"version-history":[{"count":6,"href":"https:\/\/mercigracias.ch\/index.php?rest_route=\/wp\/v2\/pages\/216\/revisions"}],"predecessor-version":[{"id":5642,"href":"https:\/\/mercigracias.ch\/index.php?rest_route=\/wp\/v2\/pages\/216\/revisions\/5642"}],"wp:attachment":[{"href":"https:\/\/mercigracias.ch\/index.php?rest_route=%2Fwp%2Fv2%2Fmedia&parent=216"}],"curies":[{"name":"wp","href":"https:\/\/api.w.org\/{rel}","templated":true}]}}

Mon insécurité

<p class="wp-block-paragraph">&lt;Enregistré le 17 juin 2014&gt;</p>



<p class="wp-block-paragraph">Si tu as commencé sécurisé en étant bébé, qu&rsquo;on a parlé avec toi, qu&rsquo;on a communiqué avec toi, qu&rsquo;on a balbutié avec toi et tout&#8230; alors c&rsquo;est un enfant qui va parler très tôt.</p>



<p class="wp-block-paragraph">Celui-là&#8230; il est bien sécurisé.</p>



<p class="wp-block-paragraph">Il a tout pour bien partir dans la vie. Il sait qu&rsquo;il a été attendu, il sait qu&rsquo;il a été choyé, aimé.</p>



<p class="wp-block-paragraph">Mais l&rsquo;enfant avec qui on n&rsquo;a pas balbutié avec, qu&rsquo;on n&rsquo;a pas pris du temps pour lui, qu&rsquo;on a laissé peut-être même avec la faim ou différentes choses&#8230; Il a dû se faire des antennes !<br>Et les antennes, le pédiatre il m&rsquo;avait dit, et c&rsquo;est ce que j&rsquo;avais lu, ça se fait jusqu&rsquo;à 10 mois&#8230;</p>



<p class="wp-block-paragraph">Si l&rsquo;enfant est en sécurité il va parler très vite, ça veut dire qu&rsquo;à 12 mois il commencera déjà&#8230; Mais l&rsquo;enfant avec qui on n&rsquo;a pas vraiment pris du temps, il ne va pas parler aussi tôt car on l&rsquo;aura bloqué au niveau du langage, mais il se sera fait plein d&rsquo;antennes.</p>



<p class="wp-block-paragraph">C&rsquo;est à dire, que contrairement à un autre, ce qui pourrait être agréable, un signe d&rsquo;affection, pour lui ça va être un signal&nbsp;:</p>



<ul class="wp-block-list">
<li>Attention !</li>
</ul>



<p class="wp-block-paragraph">Et pour tout, ça va être « Attention ! »&#8230; Parce qu&rsquo;il n&rsquo;aura pas senti le côté affectif réconfortant, mais seulement le manque, donc l&rsquo;insécurité. Parce que il n&rsquo;a pas pu se sentir protégé par ce manque affectif.</p>



<p class="wp-block-paragraph">L&rsquo;enfant à qui on a parlé gentiment, il développe le langage très tôt&#8230; s&rsquo;il n&rsquo;y a pas eu de traumatisme qui viennent encore se mettre derrière, et il reste en sécurité&#8230;</p>



<p class="wp-block-paragraph">Mais l&rsquo;enfant qui, par exemple quand t&rsquo;es enceinte, au moment où la maman vit un traumatisme, et bien l&rsquo;enfant, il est aussi touché au niveau des émotions, intra-utérin&#8230;</p>



<p class="wp-block-paragraph"></p>

<p>&lt;Enregistré le 17 juin 2014&gt; Si tu as commencé sécurisé en étant bébé, qu&rsquo;on a parlé avec toi, qu&rsquo;on a communiqué avec toi, qu&rsquo;on a balbutié avec toi et tout&#8230; alors c&rsquo;est un enfant qui va parler très tôt. Celui-là&#8230; il est bien sécurisé. Il a tout pour bien partir dans la vie. Il sait [&hellip;]</p>
