{"id":2191,"date":"2026-03-11T21:35:11","date_gmt":"2026-03-11T21:35:11","guid":{"rendered":"https:\/\/mercigracias.ch\/?page_id=2191"},"modified":"2026-06-29T08:15:26","modified_gmt":"2026-06-29T08:15:26","slug":"20-x-100","status":"publish","type":"page","link":"https:\/\/mercigracias.ch\/?page_id=2191","title":{"rendered":"20 X 100"},"content":{"rendered":"\n<p class=\"wp-block-paragraph\">&lt;Enregistr\u00e9 le 16 Octobre 2016&gt;<\/p>\n\n\n\n<p class=\"wp-block-paragraph\">Moi, qui voulais accoucher d&rsquo;une Karine, avant de savoir que c&rsquo;\u00e9tait un gar\u00e7on&#8230; Parce que je ne l&rsquo;ai su qu&rsquo;\u00e0 4 mois&#8230; et avant je me posais la question fondamentale :<br>&#8211; Mais comment va-t-on l&rsquo;appeler&#8230; ?<\/p>\n\n\n\n<p class=\"wp-block-paragraph\">Alors quand le m\u00e9decin me l&rsquo;a annonc\u00e9, je me suis dit :<br>&#8211; Oh sauv\u00e9 !<br>Mais maintenant on n&rsquo;a pas de nom pour un gar\u00e7on&#8230;<\/p>\n\n\n\n<p class=\"wp-block-paragraph\">Alors on avait commenc\u00e9 par \u00e9num\u00e9rer tous les pr\u00e9noms, et puis les noms qu&rsquo;il me donnait c&rsquo;\u00e9tait des noms qui&#8230;<br>&#8211; Ooh, Mon Dieu&#8230; je ne veux pas accoucher de \u00e7a, hein !<br>Ah ben non, hein !<\/p>\n\n\n\n<p class=\"wp-block-paragraph\">Et puis finalement c&rsquo;est devenu tr\u00e8s clair, j&rsquo;avais vu un film avec Romy Schneider, avec sa grande robe, la grande classe Autrichienne, alors j&rsquo;ai dit voil\u00e0, \u00e7a sera \u00e7a !<\/p>\n\n\n\n<p class=\"wp-block-paragraph\">C&rsquo;\u00e9tait devenu tr\u00e8s clair, il fallait que \u00e7a soit \u00e7a&#8230; Et je pense qu&rsquo;il y avait eu un appel, parce que dans l&rsquo;usine, l\u00e0 o\u00f9 on habitait il y avait d\u00e9j\u00e0 eu \u00e0 l&rsquo;\u00e9poque, dans cette maison l\u00e0 une personne du m\u00eame pr\u00e9nom et nom de famille&#8230; C&rsquo;\u00e9tait incroyable !<\/p>\n\n\n\n<p class=\"wp-block-paragraph\">C&rsquo;\u00e9tait forc\u00e9ment lui qui avait d\u00fb faire cet appel, l\u00e0-dedans&#8230;<br>Alors j&rsquo;ai dit :<br>&#8211; \u00c7a sera ce pr\u00e9nom l\u00e0, c&rsquo;est vite vu !<\/p>\n\n\n\n<p class=\"wp-block-paragraph\">Mais lui, il \u00e9tait parti sur Vincent&#8230; <br>&#8211; Ah non, je lui dis&#8230; <br>Je ne fais pas un b\u00e9b\u00e9 qui va s&rsquo;appeler 20 x 100 !<\/p>\n\n\n\n<p class=\"wp-block-paragraph\">Et quand j&rsquo;accouche \u00e0 la maternit\u00e9, quand on me r\u00e9veille entre deux, pour me dire, oui cet enfant il va bien&#8230; et qu&rsquo;ils me disent on va aller le mettre dans une couveuse en ville&#8230; A ce moment l\u00e0, mon mari est l\u00e0, et il me dit :<br>&#8211; Bon je vais aller l&rsquo;annoncer&#8230; C&rsquo;est bien OK ? <br>C&rsquo;est Vincent comme pr\u00e9nom&#8230;<\/p>\n\n\n\n<p class=\"wp-block-paragraph\">Et l\u00e0 encore, j&rsquo;\u00e9tais vraiment tr\u00e8s mal, \u00e0 claquer et tout&#8230; <br>Tellement mal que je lui ai dit : <br>&#8211; Vas y, n&rsquo;importe quoi&#8230; Fais ce que tu veux, quoi&#8230;<\/p>\n\n\n\n<p class=\"wp-block-paragraph\">Je ne pouvais m\u00eame pas parler tellement j&rsquo;\u00e9tais mal&#8230; <br>Tant pis, c&rsquo;est \u00e9gal&#8230;<\/p>\n\n\n\n<p class=\"wp-block-paragraph\">Mais la premi\u00e8re chose, en me r\u00e9veillant :<br>&#8211; Alors il s&rsquo;appelle comment ? et l\u00e0, il me dit : <br>&#8211; Vincent&#8230; comme deuxi\u00e8me pr\u00e9nom, j&rsquo;ai mis celui que tu voulais comme premier&#8230;<\/p>\n\n\n\n<p class=\"wp-block-paragraph\">Voil\u00e0, c&rsquo;\u00e9tait bon&#8230;<\/p>\n","protected":false},"excerpt":{"rendered":"<p>&lt;Enregistr\u00e9 le 16 Octobre 2016&gt; Moi, qui voulais accoucher d&rsquo;une Karine, avant de savoir que c&rsquo;\u00e9tait un gar\u00e7on&#8230; Parce que je ne l&rsquo;ai su qu&rsquo;\u00e0 4 mois&#8230; et avant je me posais la question fondamentale :&#8211; Mais comment va-t-on l&rsquo;appeler&#8230; ? Alors quand le m\u00e9decin me l&rsquo;a annonc\u00e9, je me suis dit :&#8211; Oh sauv\u00e9 [&hellip;]<\/p>\n","protected":false},"author":1,"featured_media":0,"parent":0,"menu_order":0,"comment_status":"open","ping_status":"closed","template":"pages-chapitre-08","meta":{"footnotes":""},"class_list":["post-2191","page","type-page","status-publish","hentry"],"jetpack_sharing_enabled":true,"_links":{"self":[{"href":"https:\/\/mercigracias.ch\/index.php?rest_route=\/wp\/v2\/pages\/2191","targetHints":{"allow":["GET"]}}],"collection":[{"href":"https:\/\/mercigracias.ch\/index.php?rest_route=\/wp\/v2\/pages"}],"about":[{"href":"https:\/\/mercigracias.ch\/index.php?rest_route=\/wp\/v2\/types\/page"}],"author":[{"embeddable":true,"href":"https:\/\/mercigracias.ch\/index.php?rest_route=\/wp\/v2\/users\/1"}],"replies":[{"embeddable":true,"href":"https:\/\/mercigracias.ch\/index.php?rest_route=%2Fwp%2Fv2%2Fcomments&post=2191"}],"version-history":[{"count":5,"href":"https:\/\/mercigracias.ch\/index.php?rest_route=\/wp\/v2\/pages\/2191\/revisions"}],"predecessor-version":[{"id":5013,"href":"https:\/\/mercigracias.ch\/index.php?rest_route=\/wp\/v2\/pages\/2191\/revisions\/5013"}],"wp:attachment":[{"href":"https:\/\/mercigracias.ch\/index.php?rest_route=%2Fwp%2Fv2%2Fmedia&parent=2191"}],"curies":[{"name":"wp","href":"https:\/\/api.w.org\/{rel}","templated":true}]}}

<p class="wp-block-paragraph">&lt;Enregistré le 16 Octobre 2016&gt;</p>



<p class="wp-block-paragraph">Moi, qui voulais accoucher d&rsquo;une Karine, avant de savoir que c&rsquo;était un garçon&#8230; Parce que je ne l&rsquo;ai su qu&rsquo;à 4 mois&#8230; et avant je me posais la question fondamentale :<br>&#8211; Mais comment va-t-on l&rsquo;appeler&#8230; ?</p>



<p class="wp-block-paragraph">Alors quand le médecin me l&rsquo;a annoncé, je me suis dit :<br>&#8211; Oh sauvé !<br>Mais maintenant on n&rsquo;a pas de nom pour un garçon&#8230;</p>



<p class="wp-block-paragraph">Alors on avait commencé par énumérer tous les prénoms, et puis les noms qu&rsquo;il me donnait c&rsquo;était des noms qui&#8230;<br>&#8211; Ooh, Mon Dieu&#8230; je ne veux pas accoucher de ça, hein !<br>Ah ben non, hein !</p>



<p class="wp-block-paragraph">Et puis finalement c&rsquo;est devenu très clair, j&rsquo;avais vu un film avec Romy Schneider, avec sa grande robe, la grande classe Autrichienne, alors j&rsquo;ai dit voilà, ça sera ça !</p>



<p class="wp-block-paragraph">C&rsquo;était devenu très clair, il fallait que ça soit ça&#8230; Et je pense qu&rsquo;il y avait eu un appel, parce que dans l&rsquo;usine, là où on habitait il y avait déjà eu à l&rsquo;époque, dans cette maison là une personne du même prénom et nom de famille&#8230; C&rsquo;était incroyable !</p>



<p class="wp-block-paragraph">C&rsquo;était forcément lui qui avait dû faire cet appel, là-dedans&#8230;<br>Alors j&rsquo;ai dit :<br>&#8211; Ça sera ce prénom là, c&rsquo;est vite vu !</p>



<p class="wp-block-paragraph">Mais lui, il était parti sur Vincent&#8230; <br>&#8211; Ah non, je lui dis&#8230; <br>Je ne fais pas un bébé qui va s&rsquo;appeler 20 x 100 !</p>



<p class="wp-block-paragraph">Et quand j&rsquo;accouche à la maternité, quand on me réveille entre deux, pour me dire, oui cet enfant il va bien&#8230; et qu&rsquo;ils me disent on va aller le mettre dans une couveuse en ville&#8230; A ce moment là, mon mari est là, et il me dit :<br>&#8211; Bon je vais aller l&rsquo;annoncer&#8230; C&rsquo;est bien OK ? <br>C&rsquo;est Vincent comme prénom&#8230;</p>



<p class="wp-block-paragraph">Et là encore, j&rsquo;étais vraiment très mal, à claquer et tout&#8230; <br>Tellement mal que je lui ai dit : <br>&#8211; Vas y, n&rsquo;importe quoi&#8230; Fais ce que tu veux, quoi&#8230;</p>



<p class="wp-block-paragraph">Je ne pouvais même pas parler tellement j&rsquo;étais mal&#8230; <br>Tant pis, c&rsquo;est égal&#8230;</p>



<p class="wp-block-paragraph">Mais la première chose, en me réveillant :<br>&#8211; Alors il s&rsquo;appelle comment ? et là, il me dit : <br>&#8211; Vincent&#8230; comme deuxième prénom, j&rsquo;ai mis celui que tu voulais comme premier&#8230;</p>



<p class="wp-block-paragraph">Voilà, c&rsquo;était bon&#8230;</p>

<p>&lt;Enregistré le 16 Octobre 2016&gt; Moi, qui voulais accoucher d&rsquo;une Karine, avant de savoir que c&rsquo;était un garçon&#8230; Parce que je ne l&rsquo;ai su qu&rsquo;à 4 mois&#8230; et avant je me posais la question fondamentale :&#8211; Mais comment va-t-on l&rsquo;appeler&#8230; ? Alors quand le médecin me l&rsquo;a annoncé, je me suis dit :&#8211; Oh sauvé [&hellip;]</p>
