{"id":2197,"date":"2026-03-11T22:02:41","date_gmt":"2026-03-11T22:02:41","guid":{"rendered":"https:\/\/mercigracias.ch\/?page_id=2197"},"modified":"2026-06-29T08:23:30","modified_gmt":"2026-06-29T08:23:30","slug":"lattente-des-2-kg","status":"publish","type":"page","link":"https:\/\/mercigracias.ch\/?page_id=2197","title":{"rendered":"L&rsquo;attente des 2 kg"},"content":{"rendered":"\n<p class=\"wp-block-paragraph\">&lt;Enregistr\u00e9 le 25 Novembre 2021&gt;<\/p>\n\n\n\n<p class=\"wp-block-paragraph\">Bien s\u00fbr que tu veux \u00eatre \u00e0 ses c\u00f4t\u00e9s, mais l\u00e0, en plus ton enfant c&rsquo;est ta peau !<\/p>\n\n\n\n<p class=\"wp-block-paragraph\">C&rsquo;est au-del\u00e0 de n&rsquo;importe quelle parole&#8230; Et surtout ton enfant, tu sais tr\u00e8s bien que ton enfant, il n&rsquo;est rien sans toi !<\/p>\n\n\n\n<p class=\"wp-block-paragraph\">J&rsquo;avais cette conscience, la compr\u00e9hension qu&rsquo;il avait besoin que je sois absolument l\u00e0&#8230; Tu ne peux pas le d\u00e9l\u00e9guer \u00e0 quelqu&rsquo;un d&rsquo;autre&#8230; Non !<\/p>\n\n\n\n<p class=\"wp-block-paragraph\">C&rsquo;\u00e9tait de l&rsquo;ordre, qu&rsquo;on ne doit surtout pas faire : <br>&#8211; D\u00e9tacher&#8230; Non, ce n&rsquo;\u00e9tait surtout pas le moment.<\/p>\n\n\n\n<p class=\"wp-block-paragraph\">Le d\u00e9tachement n&rsquo;\u00e9tait pas possible, \u00e0 ce moment l\u00e0. Alors il fallait y aller&#8230; D&rsquo;ailleurs, ils m&rsquo;ont dit, hein&#8230; Ils disaient que pour le biberon, il prenait \u00e7a&#8230;<\/p>\n\n\n\n<p class=\"wp-block-paragraph\">&#8211;<em> 1 cm<\/em> ?<br>&#8211; Oui, je te dis&#8230; quasi rien, c&rsquo;\u00e9tait trois fois z\u00e9ro&#8230;<br>Et quand j&rsquo;y allais, il prenait tout, jusqu&rsquo;au bout !<\/p>\n\n\n\n<p class=\"wp-block-paragraph\">Et quand c&rsquo;\u00e9tait quelqu&rsquo;un d&rsquo;autre qui lui donnait, ils disaient&#8230;<br>&#8211; Mais on passe un temps fou et il ne prend que la moiti\u00e9&#8230;<\/p>\n\n\n\n<p class=\"wp-block-paragraph\">Et quand il sentait que c&rsquo;\u00e9tait sa m\u00e8re, il buvait la totale. <br>Alors comme je voulais le sortir de l&rsquo;h\u00f4pital&#8230; Ben, je ne faisais que de courir \u00e0 l&rsquo;h\u00f4pital pour lui donner son biberon toutes les 4 heures&#8230; <br>Pour qu&rsquo;il puisse prosp\u00e9rer le plus rapidement possible.<\/p>\n\n\n\n<p class=\"wp-block-paragraph\">&#8211; <em>Et bien, tu n&rsquo;as fait que \u00e7a alors&#8230;<\/em><br>&#8211; Oui&#8230;<\/p>\n\n\n\n<p class=\"wp-block-paragraph\">&#8211; <em>Mais tu retravaillais toujours au salon ?<\/em><br>Pour ma fille, j&rsquo;avais repris de suite, mais quand j&rsquo;ai eu mon fils, comme il \u00e9tait pr\u00e9matur\u00e9&#8230; J&rsquo;avais embauch\u00e9 une coiffeuse, alors elle \u00e9tait l\u00e0&#8230;<\/p>\n\n\n\n<p class=\"wp-block-paragraph\">Il \u00e9tait pr\u00e9matur\u00e9 de 5 \u00e0 6 semaines, alors pour sortir de l&rsquo;h\u00f4pital, il fallait qu&rsquo;il ait 2 kg, il faisait 1 kg 950 \u00e0 la naissance&#8230; Juste apr\u00e8s, ils descendent, alors il est descendu \u00e0 1 kg 850&#8230; Il a fallu attendre qu&rsquo;il ait repris et quand il a eu ses 2 kg, c&rsquo;\u00e9tait bon. Mais c&rsquo;\u00e9tait encore d\u00e9licat&#8230;<\/p>\n\n\n\n<p class=\"wp-block-paragraph\">Maintenant tu ne peux plus les sortir \u00e0 2 kg, tu dois attendre 2 kg 5, mais c&rsquo;est vrai que c&rsquo;est d\u00e9licat quand tu les sort \u00e0 2 kg, il ne faut pas qu&rsquo;il y ait une accroch\u00e9e entre deux, parce que ton gamin, il chute&#8230;<\/p>\n\n\n\n<p class=\"wp-block-paragraph\">Tu vois, \u00e0 la maison quand mon mari disait :<br>&#8211; Laisse le pleurer&#8230; et qu&rsquo;il m&rsquo;inverse les babyphones&#8230; Ben non, tu es oblig\u00e9e d&rsquo;\u00eatre tr\u00e8s attentive..<\/p>\n\n\n\n<p class=\"wp-block-paragraph\">&#8211; <em>Ben non, tu veux savoir si tout va bien quand m\u00eame&#8230;<\/em><br>&#8211; Tu es oblig\u00e9e d&rsquo;\u00eatre tr\u00e8s attentive, \u00e7a s&rsquo;aggrave vite avec un b\u00e9b\u00e9&#8230;<\/p>\n\n\n\n<p class=\"wp-block-paragraph\">Mais j&rsquo;ai eu beaucoup de chance avec lui, et le fait que je le portais tout le temps et qu&rsquo;il \u00e9tait tout le temps vers moi, il a bien prosp\u00e9r\u00e9, \u00e7a lui a bien convenu, tu vois.<\/p>\n\n\n\n<p class=\"wp-block-paragraph\">Il a senti que j&rsquo;\u00e9tais l\u00e0, et comme je le portais tout le temps sur moi, il s&rsquo;est senti encadr\u00e9 et en toute s\u00e9curit\u00e9&#8230;<\/p>\n\n\n\n<p class=\"wp-block-paragraph\">Merci Gracias<\/p>\n","protected":false},"excerpt":{"rendered":"<p>&lt;Enregistr\u00e9 le 25 Novembre 2021&gt; Bien s\u00fbr que tu veux \u00eatre \u00e0 ses c\u00f4t\u00e9s, mais l\u00e0, en plus ton enfant c&rsquo;est ta peau ! C&rsquo;est au-del\u00e0 de n&rsquo;importe quelle parole&#8230; Et surtout ton enfant, tu sais tr\u00e8s bien que ton enfant, il n&rsquo;est rien sans toi ! J&rsquo;avais cette conscience, la compr\u00e9hension qu&rsquo;il avait besoin [&hellip;]<\/p>\n","protected":false},"author":1,"featured_media":0,"parent":0,"menu_order":0,"comment_status":"open","ping_status":"closed","template":"pages-chapitre-08","meta":{"footnotes":""},"class_list":["post-2197","page","type-page","status-publish","hentry"],"jetpack_sharing_enabled":true,"_links":{"self":[{"href":"https:\/\/mercigracias.ch\/index.php?rest_route=\/wp\/v2\/pages\/2197","targetHints":{"allow":["GET"]}}],"collection":[{"href":"https:\/\/mercigracias.ch\/index.php?rest_route=\/wp\/v2\/pages"}],"about":[{"href":"https:\/\/mercigracias.ch\/index.php?rest_route=\/wp\/v2\/types\/page"}],"author":[{"embeddable":true,"href":"https:\/\/mercigracias.ch\/index.php?rest_route=\/wp\/v2\/users\/1"}],"replies":[{"embeddable":true,"href":"https:\/\/mercigracias.ch\/index.php?rest_route=%2Fwp%2Fv2%2Fcomments&post=2197"}],"version-history":[{"count":7,"href":"https:\/\/mercigracias.ch\/index.php?rest_route=\/wp\/v2\/pages\/2197\/revisions"}],"predecessor-version":[{"id":5015,"href":"https:\/\/mercigracias.ch\/index.php?rest_route=\/wp\/v2\/pages\/2197\/revisions\/5015"}],"wp:attachment":[{"href":"https:\/\/mercigracias.ch\/index.php?rest_route=%2Fwp%2Fv2%2Fmedia&parent=2197"}],"curies":[{"name":"wp","href":"https:\/\/api.w.org\/{rel}","templated":true}]}}

<p class="wp-block-paragraph">&lt;Enregistré le 25 Novembre 2021&gt;</p>



<p class="wp-block-paragraph">Bien sûr que tu veux être à ses côtés, mais là, en plus ton enfant c&rsquo;est ta peau !</p>



<p class="wp-block-paragraph">C&rsquo;est au-delà de n&rsquo;importe quelle parole&#8230; Et surtout ton enfant, tu sais très bien que ton enfant, il n&rsquo;est rien sans toi !</p>



<p class="wp-block-paragraph">J&rsquo;avais cette conscience, la compréhension qu&rsquo;il avait besoin que je sois absolument là&#8230; Tu ne peux pas le déléguer à quelqu&rsquo;un d&rsquo;autre&#8230; Non !</p>



<p class="wp-block-paragraph">C&rsquo;était de l&rsquo;ordre, qu&rsquo;on ne doit surtout pas faire : <br>&#8211; Détacher&#8230; Non, ce n&rsquo;était surtout pas le moment.</p>



<p class="wp-block-paragraph">Le détachement n&rsquo;était pas possible, à ce moment là. Alors il fallait y aller&#8230; D&rsquo;ailleurs, ils m&rsquo;ont dit, hein&#8230; Ils disaient que pour le biberon, il prenait ça&#8230;</p>



<p class="wp-block-paragraph">&#8211;<em> 1 cm</em> ?<br>&#8211; Oui, je te dis&#8230; quasi rien, c&rsquo;était trois fois zéro&#8230;<br>Et quand j&rsquo;y allais, il prenait tout, jusqu&rsquo;au bout !</p>



<p class="wp-block-paragraph">Et quand c&rsquo;était quelqu&rsquo;un d&rsquo;autre qui lui donnait, ils disaient&#8230;<br>&#8211; Mais on passe un temps fou et il ne prend que la moitié&#8230;</p>



<p class="wp-block-paragraph">Et quand il sentait que c&rsquo;était sa mère, il buvait la totale. <br>Alors comme je voulais le sortir de l&rsquo;hôpital&#8230; Ben, je ne faisais que de courir à l&rsquo;hôpital pour lui donner son biberon toutes les 4 heures&#8230; <br>Pour qu&rsquo;il puisse prospérer le plus rapidement possible.</p>



<p class="wp-block-paragraph">&#8211; <em>Et bien, tu n&rsquo;as fait que ça alors&#8230;</em><br>&#8211; Oui&#8230;</p>



<p class="wp-block-paragraph">&#8211; <em>Mais tu retravaillais toujours au salon ?</em><br>Pour ma fille, j&rsquo;avais repris de suite, mais quand j&rsquo;ai eu mon fils, comme il était prématuré&#8230; J&rsquo;avais embauché une coiffeuse, alors elle était là&#8230;</p>



<p class="wp-block-paragraph">Il était prématuré de 5 à 6 semaines, alors pour sortir de l&rsquo;hôpital, il fallait qu&rsquo;il ait 2 kg, il faisait 1 kg 950 à la naissance&#8230; Juste après, ils descendent, alors il est descendu à 1 kg 850&#8230; Il a fallu attendre qu&rsquo;il ait repris et quand il a eu ses 2 kg, c&rsquo;était bon. Mais c&rsquo;était encore délicat&#8230;</p>



<p class="wp-block-paragraph">Maintenant tu ne peux plus les sortir à 2 kg, tu dois attendre 2 kg 5, mais c&rsquo;est vrai que c&rsquo;est délicat quand tu les sort à 2 kg, il ne faut pas qu&rsquo;il y ait une accrochée entre deux, parce que ton gamin, il chute&#8230;</p>



<p class="wp-block-paragraph">Tu vois, à la maison quand mon mari disait :<br>&#8211; Laisse le pleurer&#8230; et qu&rsquo;il m&rsquo;inverse les babyphones&#8230; Ben non, tu es obligée d&rsquo;être très attentive..</p>



<p class="wp-block-paragraph">&#8211; <em>Ben non, tu veux savoir si tout va bien quand même&#8230;</em><br>&#8211; Tu es obligée d&rsquo;être très attentive, ça s&rsquo;aggrave vite avec un bébé&#8230;</p>



<p class="wp-block-paragraph">Mais j&rsquo;ai eu beaucoup de chance avec lui, et le fait que je le portais tout le temps et qu&rsquo;il était tout le temps vers moi, il a bien prospéré, ça lui a bien convenu, tu vois.</p>



<p class="wp-block-paragraph">Il a senti que j&rsquo;étais là, et comme je le portais tout le temps sur moi, il s&rsquo;est senti encadré et en toute sécurité&#8230;</p>



<p class="wp-block-paragraph">Merci Gracias</p>

<p>&lt;Enregistré le 25 Novembre 2021&gt; Bien sûr que tu veux être à ses côtés, mais là, en plus ton enfant c&rsquo;est ta peau ! C&rsquo;est au-delà de n&rsquo;importe quelle parole&#8230; Et surtout ton enfant, tu sais très bien que ton enfant, il n&rsquo;est rien sans toi ! J&rsquo;avais cette conscience, la compréhension qu&rsquo;il avait besoin [&hellip;]</p>
