{"id":2224,"date":"2026-03-12T14:39:29","date_gmt":"2026-03-12T14:39:29","guid":{"rendered":"https:\/\/mercigracias.ch\/?page_id=2224"},"modified":"2026-06-29T10:44:11","modified_gmt":"2026-06-29T10:44:11","slug":"le-petit-cochon","status":"publish","type":"page","link":"https:\/\/mercigracias.ch\/?page_id=2224","title":{"rendered":"Le petit cochon&#8230;"},"content":{"rendered":"\n<p class=\"wp-block-paragraph\">&lt;Enregistr\u00e9 le 08 Octobre 2016&gt;<\/p>\n\n\n\n<p class=\"wp-block-paragraph\">Comme ma fille avait \u00e9t\u00e9 depuis b\u00e9b\u00e9 dans le parc, dans mon salon de coiffure, le premier mot qu&rsquo;elle a dit c&rsquo;\u00e9tait \u00ab\u00a0A-ttends\u00a0\u00bb, tend, tend&#8230;<\/p>\n\n\n\n<p class=\"wp-block-paragraph\">Apr\u00e8s, c&rsquo;\u00e9tait ba-beille, ba-beille&#8230; Oui ba-beille, le temps que je comprenne que c&rsquo;\u00e9tait Isabelle&#8230; Non, non&#8230; C&rsquo;est Maman&#8230; !<\/p>\n\n\n\n<p class=\"wp-block-paragraph\">Apr\u00e8s \u00e7a, on l&rsquo;a mis dans le youpala&#8230; Mais tu vois le youpala, elle pouvait faire le tour du couloir, de la cuisine&#8230; Elle pouvait se balader&#8230; Donc comme je coupais les cheveux&#8230; Et bien les cheveux, ben ma foi tant pis&#8230; Je les enlevais quand j&rsquo;avais fini la coiffure&#8230;<\/p>\n\n\n\n<p class=\"wp-block-paragraph\">Et elle savait que les pourboires, c&rsquo;\u00e9tait pour elle&#8230; Elle avait un cochon et les gens lui disaient : <br>&#8211; Tu vas chercher ton cochon&#8230; ?<\/p>\n\n\n\n<p class=\"wp-block-paragraph\">&#8230;Alors elle allait chercher le cochon et ils lui mettaient le pourboire dans son cochon&#8230; Elle a su tr\u00e8s vite, d\u00e8s qu&rsquo;elle a pu commencer, on venait vers elle&#8230;<\/p>\n\n\n\n<p class=\"wp-block-paragraph\">Enfin c&rsquo;\u00e9tait un suivi, mais elle savait depuis toute petite qu&rsquo;elle avait son cochon&#8230; Alors tu vois, tout le temps o\u00f9 j&rsquo;ai eu mon salon de coiffure, il y a eu quand m\u00eame du temps jusqu&rsquo;\u00e0 ce qu&rsquo;il y ait eu mon fils, et c&rsquo;\u00e9tait \u00e0 fond&#8230; Donc il y a eu des ann\u00e9es, et quand elle a \u00e9t\u00e9 plus grande et qu&rsquo;elle a su marcher, elle avait son petit cochon au corridor&#8230; Alors, elle a eu beaucoup de pourboires, hein&#8230;! <br>Elle a eu un bon petit carnet, elle&#8230; Et c&rsquo;\u00e9tait toujours chez Elle. <br>Mais c&rsquo;\u00e9tait fait tr\u00e8s gentiment, parce que c&rsquo;\u00e9taient les clientes qui lui disaient : <br>&#8211; Tu vas chercher ton cochon ?<\/p>\n\n\n\n<p class=\"wp-block-paragraph\">Elle \u00e9tait parmi le monde, elle \u00e9tait avec les gens&#8230; Il n&rsquo;y avait pas d&rsquo;angoisses, pas de stress&#8230; <br>Enfin je me souviens au d\u00e9but pour me d\u00e9charger, quand je l&rsquo;ai mis avec Madame Fontana, et qu&rsquo;elle venait pour la chercher, ce n&rsquo;\u00e9tait pas la joie&#8230; Mais Madame Fontana, elle avait bien fait \u00e7a&#8230; Dans les premiers temps, elle lui disait :<br>&#8211; Viens, on va aller faire des cadeaux pour maman&#8230;!<br>On va chercher des petits b\u00e2tons&#8230; des petits cailloux&#8230; et elle revenait avec plein de petits cailloux, ou de petits b\u00e2tons&#8230; Alors elle arrivait au salon de coiffure et elle disait : <br>&#8211; Maman&#8230; Maman&#8230;J&rsquo;ai plein de petits cadeaux&#8230; Alors elle \u00e9tait tout contente&#8230; \u00c7a se passait bien.<\/p>\n\n\n\n<p class=\"wp-block-paragraph\">Tout le monde \u00e9tait l\u00e0 pour mettre aussi un centre, mais par contre il y a eu aussi des clientes qui l&rsquo;ont prise pour la promener pendant que je travaillais&#8230; Mais apr\u00e8s, quand elle a compris un petit peu plus, elle n&rsquo;a plus voulu accompagner personne&#8230;<\/p>\n\n\n\n<p class=\"wp-block-paragraph\">Elle aurait pu accompagner les gens&#8230; Non, mais ce n&rsquo;\u00e9tait quand m\u00eame pas elle&#8230; Mais ce n&rsquo;\u00e9tait pas tout \u00e0 fait \u00e7a, car tant que j&rsquo;\u00e9tais \u00e0 c\u00f4t\u00e9, avec ces gens l\u00e0 elle y allait, il n&rsquo;y avait pas de souci, mais je devais \u00eatre aupr\u00e8s d&rsquo;elle&#8230;<\/p>\n\n\n\n<p class=\"wp-block-paragraph\">Mais son drame, son premier drame&#8230; c&rsquo;\u00e9tait au Costa Rica, hein&#8230; quand je l&rsquo;ai mise dans la petite \u00e9cole, qu&rsquo;elle ne comprenait rien&#8230; et apr\u00e8s on n&rsquo;en parle pas&#8230;. Quand je suis rentr\u00e9e et qu&rsquo;elle m&rsquo;a vue malade et qu&rsquo;elle \u00e9tait calqu\u00e9e enti\u00e8rement sur moi&#8230;<\/p>\n\n\n\n<p class=\"wp-block-paragraph\">Bon, il y avait eu aussi le rejet de son p\u00e8re&#8230; Oui, il y a eu le rejet pour elle, mais comme elle a dit&#8230; C&rsquo;\u00e9tait plus important de me voir, moi&#8230;<\/p>\n\n\n\n<p class=\"wp-block-paragraph\">Quoique son p\u00e8re, elle l&rsquo;aimait beaucoup&#8230; Aah son papa, elle l&rsquo;aimait&#8230;! Ah, c&rsquo;\u00e9tait quelque chose pour elle&#8230; Elle, qui allait toujours sur son petit escalier l&rsquo;attendre&#8230; et qu&rsquo;elle disait :<br>&#8211; Papa&#8230; papa&#8230; papa&#8230;!<\/p>\n\n\n\n<p class=\"wp-block-paragraph\">C&rsquo;\u00e9tait tr\u00e8s chou&#8230; et puis lui, des fois, il partait au galetas o\u00f9 on y avait fait un salon et il fermait la porte&#8230; \u00c7a voulait dire :<br>&#8211; Foutez moi la paix !<\/p>\n\n\n\n<p class=\"wp-block-paragraph\">On sentait que c&rsquo;\u00e9tait&#8230; beaucoup pour lui. Surtout quand tu en as deux, qui te courent toujours apr\u00e8s&#8230; Mais ils \u00e9taient contents, quoi&#8230; Ils lui tournaient tout autour. Ben oui, ils faisaient enti\u00e8rement parti de son histoire.<\/p>\n\n\n\n<p class=\"wp-block-paragraph\">Mais pour lui, c&rsquo;est vrai que \u00e7a devait le pomper&#8230; D&rsquo;ailleurs, il l&rsquo;avait dit, hein&#8230;<br>&#8211; Ben oui, ta fille, on ne va pas la mettre au magasin&#8230; <br>&#8211; Ben non&#8230; Ils sont l\u00e0, hein, et c&rsquo;est tout le temps !<\/p>\n\n\n\n<p class=\"wp-block-paragraph\">&#8211; C&rsquo;est un cauchemar ! <\/p>\n","protected":false},"excerpt":{"rendered":"<p>&lt;Enregistr\u00e9 le 08 Octobre 2016&gt; Comme ma fille avait \u00e9t\u00e9 depuis b\u00e9b\u00e9 dans le parc, dans mon salon de coiffure, le premier mot qu&rsquo;elle a dit c&rsquo;\u00e9tait \u00ab\u00a0A-ttends\u00a0\u00bb, tend, tend&#8230; Apr\u00e8s, c&rsquo;\u00e9tait ba-beille, ba-beille&#8230; Oui ba-beille, le temps que je comprenne que c&rsquo;\u00e9tait Isabelle&#8230; Non, non&#8230; C&rsquo;est Maman&#8230; ! Apr\u00e8s \u00e7a, on l&rsquo;a mis dans [&hellip;]<\/p>\n","protected":false},"author":1,"featured_media":0,"parent":0,"menu_order":0,"comment_status":"open","ping_status":"closed","template":"pages-chapitre-08","meta":{"footnotes":""},"class_list":["post-2224","page","type-page","status-publish","hentry"],"jetpack_sharing_enabled":true,"_links":{"self":[{"href":"https:\/\/mercigracias.ch\/index.php?rest_route=\/wp\/v2\/pages\/2224","targetHints":{"allow":["GET"]}}],"collection":[{"href":"https:\/\/mercigracias.ch\/index.php?rest_route=\/wp\/v2\/pages"}],"about":[{"href":"https:\/\/mercigracias.ch\/index.php?rest_route=\/wp\/v2\/types\/page"}],"author":[{"embeddable":true,"href":"https:\/\/mercigracias.ch\/index.php?rest_route=\/wp\/v2\/users\/1"}],"replies":[{"embeddable":true,"href":"https:\/\/mercigracias.ch\/index.php?rest_route=%2Fwp%2Fv2%2Fcomments&post=2224"}],"version-history":[{"count":6,"href":"https:\/\/mercigracias.ch\/index.php?rest_route=\/wp\/v2\/pages\/2224\/revisions"}],"predecessor-version":[{"id":5023,"href":"https:\/\/mercigracias.ch\/index.php?rest_route=\/wp\/v2\/pages\/2224\/revisions\/5023"}],"wp:attachment":[{"href":"https:\/\/mercigracias.ch\/index.php?rest_route=%2Fwp%2Fv2%2Fmedia&parent=2224"}],"curies":[{"name":"wp","href":"https:\/\/api.w.org\/{rel}","templated":true}]}}

<p class="wp-block-paragraph">&lt;Enregistré le 08 Octobre 2016&gt;</p>



<p class="wp-block-paragraph">Comme ma fille avait été depuis bébé dans le parc, dans mon salon de coiffure, le premier mot qu&rsquo;elle a dit c&rsquo;était « A-ttends », tend, tend&#8230;</p>



<p class="wp-block-paragraph">Après, c&rsquo;était ba-beille, ba-beille&#8230; Oui ba-beille, le temps que je comprenne que c&rsquo;était Isabelle&#8230; Non, non&#8230; C&rsquo;est Maman&#8230; !</p>



<p class="wp-block-paragraph">Après ça, on l&rsquo;a mis dans le youpala&#8230; Mais tu vois le youpala, elle pouvait faire le tour du couloir, de la cuisine&#8230; Elle pouvait se balader&#8230; Donc comme je coupais les cheveux&#8230; Et bien les cheveux, ben ma foi tant pis&#8230; Je les enlevais quand j&rsquo;avais fini la coiffure&#8230;</p>



<p class="wp-block-paragraph">Et elle savait que les pourboires, c&rsquo;était pour elle&#8230; Elle avait un cochon et les gens lui disaient : <br>&#8211; Tu vas chercher ton cochon&#8230; ?</p>



<p class="wp-block-paragraph">&#8230;Alors elle allait chercher le cochon et ils lui mettaient le pourboire dans son cochon&#8230; Elle a su très vite, dès qu&rsquo;elle a pu commencer, on venait vers elle&#8230;</p>



<p class="wp-block-paragraph">Enfin c&rsquo;était un suivi, mais elle savait depuis toute petite qu&rsquo;elle avait son cochon&#8230; Alors tu vois, tout le temps où j&rsquo;ai eu mon salon de coiffure, il y a eu quand même du temps jusqu&rsquo;à ce qu&rsquo;il y ait eu mon fils, et c&rsquo;était à fond&#8230; Donc il y a eu des années, et quand elle a été plus grande et qu&rsquo;elle a su marcher, elle avait son petit cochon au corridor&#8230; Alors, elle a eu beaucoup de pourboires, hein&#8230;! <br>Elle a eu un bon petit carnet, elle&#8230; Et c&rsquo;était toujours chez Elle. <br>Mais c&rsquo;était fait très gentiment, parce que c&rsquo;étaient les clientes qui lui disaient : <br>&#8211; Tu vas chercher ton cochon ?</p>



<p class="wp-block-paragraph">Elle était parmi le monde, elle était avec les gens&#8230; Il n&rsquo;y avait pas d&rsquo;angoisses, pas de stress&#8230; <br>Enfin je me souviens au début pour me décharger, quand je l&rsquo;ai mis avec Madame Fontana, et qu&rsquo;elle venait pour la chercher, ce n&rsquo;était pas la joie&#8230; Mais Madame Fontana, elle avait bien fait ça&#8230; Dans les premiers temps, elle lui disait :<br>&#8211; Viens, on va aller faire des cadeaux pour maman&#8230;!<br>On va chercher des petits bâtons&#8230; des petits cailloux&#8230; et elle revenait avec plein de petits cailloux, ou de petits bâtons&#8230; Alors elle arrivait au salon de coiffure et elle disait : <br>&#8211; Maman&#8230; Maman&#8230;J&rsquo;ai plein de petits cadeaux&#8230; Alors elle était tout contente&#8230; Ça se passait bien.</p>



<p class="wp-block-paragraph">Tout le monde était là pour mettre aussi un centre, mais par contre il y a eu aussi des clientes qui l&rsquo;ont prise pour la promener pendant que je travaillais&#8230; Mais après, quand elle a compris un petit peu plus, elle n&rsquo;a plus voulu accompagner personne&#8230;</p>



<p class="wp-block-paragraph">Elle aurait pu accompagner les gens&#8230; Non, mais ce n&rsquo;était quand même pas elle&#8230; Mais ce n&rsquo;était pas tout à fait ça, car tant que j&rsquo;étais à côté, avec ces gens là elle y allait, il n&rsquo;y avait pas de souci, mais je devais être auprès d&rsquo;elle&#8230;</p>



<p class="wp-block-paragraph">Mais son drame, son premier drame&#8230; c&rsquo;était au Costa Rica, hein&#8230; quand je l&rsquo;ai mise dans la petite école, qu&rsquo;elle ne comprenait rien&#8230; et après on n&rsquo;en parle pas&#8230;. Quand je suis rentrée et qu&rsquo;elle m&rsquo;a vue malade et qu&rsquo;elle était calquée entièrement sur moi&#8230;</p>



<p class="wp-block-paragraph">Bon, il y avait eu aussi le rejet de son père&#8230; Oui, il y a eu le rejet pour elle, mais comme elle a dit&#8230; C&rsquo;était plus important de me voir, moi&#8230;</p>



<p class="wp-block-paragraph">Quoique son père, elle l&rsquo;aimait beaucoup&#8230; Aah son papa, elle l&rsquo;aimait&#8230;! Ah, c&rsquo;était quelque chose pour elle&#8230; Elle, qui allait toujours sur son petit escalier l&rsquo;attendre&#8230; et qu&rsquo;elle disait :<br>&#8211; Papa&#8230; papa&#8230; papa&#8230;!</p>



<p class="wp-block-paragraph">C&rsquo;était très chou&#8230; et puis lui, des fois, il partait au galetas où on y avait fait un salon et il fermait la porte&#8230; Ça voulait dire :<br>&#8211; Foutez moi la paix !</p>



<p class="wp-block-paragraph">On sentait que c&rsquo;était&#8230; beaucoup pour lui. Surtout quand tu en as deux, qui te courent toujours après&#8230; Mais ils étaient contents, quoi&#8230; Ils lui tournaient tout autour. Ben oui, ils faisaient entièrement parti de son histoire.</p>



<p class="wp-block-paragraph">Mais pour lui, c&rsquo;est vrai que ça devait le pomper&#8230; D&rsquo;ailleurs, il l&rsquo;avait dit, hein&#8230;<br>&#8211; Ben oui, ta fille, on ne va pas la mettre au magasin&#8230; <br>&#8211; Ben non&#8230; Ils sont là, hein, et c&rsquo;est tout le temps !</p>



<p class="wp-block-paragraph">&#8211; C&rsquo;est un cauchemar ! </p>

<p>&lt;Enregistré le 08 Octobre 2016&gt; Comme ma fille avait été depuis bébé dans le parc, dans mon salon de coiffure, le premier mot qu&rsquo;elle a dit c&rsquo;était « A-ttends », tend, tend&#8230; Après, c&rsquo;était ba-beille, ba-beille&#8230; Oui ba-beille, le temps que je comprenne que c&rsquo;était Isabelle&#8230; Non, non&#8230; C&rsquo;est Maman&#8230; ! Après ça, on l&rsquo;a mis dans [&hellip;]</p>
