{"id":2229,"date":"2026-03-12T15:04:59","date_gmt":"2026-03-12T15:04:59","guid":{"rendered":"https:\/\/mercigracias.ch\/?page_id=2229"},"modified":"2026-06-29T10:52:36","modified_gmt":"2026-06-29T10:52:36","slug":"les-interphones","status":"publish","type":"page","link":"https:\/\/mercigracias.ch\/?page_id=2229","title":{"rendered":"Les interphones"},"content":{"rendered":"\n<p class=\"wp-block-paragraph\">&lt;Enregistr\u00e9 le 08 Octobre 2016&gt;<\/p>\n\n\n\n<p class=\"wp-block-paragraph\">Tu vois, comme la fois, o\u00f9 il m&rsquo;avait enlev\u00e9 le haut-parleur qui me permettait d&rsquo;entendre notre fils dans sa chambre, comme il \u00e9tait au bout du couloir&#8230; Avoir \u00e9chang\u00e9 les interphones \u00e9metteurs-r\u00e9cepteurs pour ne pas que je puisse l&rsquo;entendre&#8230; C&rsquo;\u00e9tait grave quand m\u00eame, d&rsquo;une totale inconscience&#8230;<\/p>\n\n\n\n<p class=\"wp-block-paragraph\">Et l\u00e0, je me suis rendue compte qu&rsquo;il fallait que je fasse tr\u00e8s attention de ne pas mettre \u00e0 risque les enfants&#8230; <br>Il n&rsquo;allait pas h\u00e9siter&#8230; Tu vois, c&rsquo;\u00e9tait un pr\u00e9matur\u00e9, de changer comme \u00e7a le syst\u00e8me, d&rsquo;inverser l&rsquo;\u00e9metteur avec le r\u00e9cepteur&#8230; <br>Alors notre fils, il nous entendait depuis sa chambre, mais nous, on ne l&rsquo;entendait plus&#8230; <br>Alors \u00e7a aurait pu \u00eatre grave, il pouvait y avoir des cons\u00e9quences importantes&#8230;<\/p>\n\n\n\n<p class=\"wp-block-paragraph\">Et \u00e7a ? &#8230;Uniquement pour ne pas \u00eatre d\u00e9rang\u00e9&#8230; Alors il fallait faire quelque chose parce qu&rsquo;il s&rsquo;\u00e9tait senti g\u00ean\u00e9 quand je lui avais demand\u00e9 de me reprendre une heure pendant la nuit&#8230; <br>Alors il s&rsquo;\u00e9tait dit :<br>&#8211; Bon ben&#8230; Voil\u00e0, on interverti les interphones, comme \u00e7a&#8230; Tranquille, il ne nous emb\u00eatera plus avec \u00e7a&#8230;<\/p>\n\n\n\n<p class=\"wp-block-paragraph\">&#8211;<em>Il l&rsquo;avait fait expr\u00e8s ou&#8230;<\/em><br>&#8211; Mais bien s\u00fbr !<br>Parce que tu vois, la premi\u00e8re nuit&#8230; j&rsquo;avais dormi !<br>J&rsquo;\u00e9tais tellement contente&#8230; Quand t&rsquo;es vraiment naze&#8230; Voil\u00e0.<br>Et puis la deuxi\u00e8me nuit, aussi&#8230; et puis apr\u00e8s, je me suis dit&#8230;<br>&#8211; Non mais, il y a quelque chose&#8230; Qu&rsquo;est ce qui ne joue pas ? <br>Ton enfant qui te d\u00e9range continuellement, et l\u00e0 tout d&rsquo;un coup plus rien&#8230; ? Non Non&#8230;<\/p>\n\n\n\n<p class=\"wp-block-paragraph\">C&rsquo;est l\u00e0 que j&rsquo;ai contr\u00f4l\u00e9 que j&rsquo;ai fait le jeux avec ma fille. <br>Que j&rsquo;ai compris qu&rsquo;il avait crois\u00e9 les trucs&#8230;<br>Alors je lui ai demand\u00e9 :<br>-Oh mon dieu, mais pourquoi t&rsquo;as fait \u00e7a ?<\/p>\n\n\n\n<p class=\"wp-block-paragraph\">Il m&rsquo;a dit :<br>&#8211; Ecoute&#8230; Euh&#8230; On est tout le temps d\u00e9rang\u00e9, ce n&rsquo;est pas possible, tu as besoin de dormir&#8230; <br>&#8211; Oui j&rsquo;ai besoin de dormir, mais pas dans ces conditions !<\/p>\n\n\n\n<p class=\"wp-block-paragraph\">Tu as un b\u00e9b\u00e9 pr\u00e9matur\u00e9 qui revient de la maternit\u00e9&#8230; Non !<br>Faut pas faire \u00e7a&#8230; Ben oui, c&rsquo;\u00e9tait toutes les 4 heures, qu&rsquo;il fallait lui donner le biberon&#8230; Faut pas croire, quand tu reviens avec un pr\u00e9matur\u00e9, il faut suivre !<\/p>\n\n\n\n<p class=\"wp-block-paragraph\">Alors \u00e9videment, notre fils, il hurlait, il pleurait dans son lit&#8230;<\/p>\n\n\n\n<p class=\"wp-block-paragraph\">Puisque la chambre \u00e9tait loin&#8230; et lui, il \u00e9tait \u00e0 c\u00f4t\u00e9 de moi, il n&rsquo;a rien entendu non plus&#8230; puisque la chambre \u00e9tait \u00e0 l&rsquo;autre bout de l&rsquo;appartement, tu vois&#8230; On n&rsquo;avait rien entendu, et il s&rsquo;\u00e9tait dit :<br>&#8211; Ben voil\u00e0, on a dormi tranquillement, super&#8230; On a pu r\u00e9cup\u00e9rer et tout&#8230;<\/p>\n\n\n\n<p class=\"wp-block-paragraph\">&#8230;Mais pas dans ces conditions, pas comme \u00e7a&#8230; Je me suis rendue compte que m\u00eame pour son enfant, il n&rsquo;h\u00e9sitait pas.<\/p>\n","protected":false},"excerpt":{"rendered":"<p>&lt;Enregistr\u00e9 le 08 Octobre 2016&gt; Tu vois, comme la fois, o\u00f9 il m&rsquo;avait enlev\u00e9 le haut-parleur qui me permettait d&rsquo;entendre notre fils dans sa chambre, comme il \u00e9tait au bout du couloir&#8230; Avoir \u00e9chang\u00e9 les interphones \u00e9metteurs-r\u00e9cepteurs pour ne pas que je puisse l&rsquo;entendre&#8230; C&rsquo;\u00e9tait grave quand m\u00eame, d&rsquo;une totale inconscience&#8230; Et l\u00e0, je me [&hellip;]<\/p>\n","protected":false},"author":1,"featured_media":0,"parent":0,"menu_order":0,"comment_status":"open","ping_status":"closed","template":"pages-chapitre-08","meta":{"footnotes":""},"class_list":["post-2229","page","type-page","status-publish","hentry"],"jetpack_sharing_enabled":true,"_links":{"self":[{"href":"https:\/\/mercigracias.ch\/index.php?rest_route=\/wp\/v2\/pages\/2229","targetHints":{"allow":["GET"]}}],"collection":[{"href":"https:\/\/mercigracias.ch\/index.php?rest_route=\/wp\/v2\/pages"}],"about":[{"href":"https:\/\/mercigracias.ch\/index.php?rest_route=\/wp\/v2\/types\/page"}],"author":[{"embeddable":true,"href":"https:\/\/mercigracias.ch\/index.php?rest_route=\/wp\/v2\/users\/1"}],"replies":[{"embeddable":true,"href":"https:\/\/mercigracias.ch\/index.php?rest_route=%2Fwp%2Fv2%2Fcomments&post=2229"}],"version-history":[{"count":6,"href":"https:\/\/mercigracias.ch\/index.php?rest_route=\/wp\/v2\/pages\/2229\/revisions"}],"predecessor-version":[{"id":5025,"href":"https:\/\/mercigracias.ch\/index.php?rest_route=\/wp\/v2\/pages\/2229\/revisions\/5025"}],"wp:attachment":[{"href":"https:\/\/mercigracias.ch\/index.php?rest_route=%2Fwp%2Fv2%2Fmedia&parent=2229"}],"curies":[{"name":"wp","href":"https:\/\/api.w.org\/{rel}","templated":true}]}}

<p class="wp-block-paragraph">&lt;Enregistré le 08 Octobre 2016&gt;</p>



<p class="wp-block-paragraph">Tu vois, comme la fois, où il m&rsquo;avait enlevé le haut-parleur qui me permettait d&rsquo;entendre notre fils dans sa chambre, comme il était au bout du couloir&#8230; Avoir échangé les interphones émetteurs-récepteurs pour ne pas que je puisse l&rsquo;entendre&#8230; C&rsquo;était grave quand même, d&rsquo;une totale inconscience&#8230;</p>



<p class="wp-block-paragraph">Et là, je me suis rendue compte qu&rsquo;il fallait que je fasse très attention de ne pas mettre à risque les enfants&#8230; <br>Il n&rsquo;allait pas hésiter&#8230; Tu vois, c&rsquo;était un prématuré, de changer comme ça le système, d&rsquo;inverser l&rsquo;émetteur avec le récepteur&#8230; <br>Alors notre fils, il nous entendait depuis sa chambre, mais nous, on ne l&rsquo;entendait plus&#8230; <br>Alors ça aurait pu être grave, il pouvait y avoir des conséquences importantes&#8230;</p>



<p class="wp-block-paragraph">Et ça ? &#8230;Uniquement pour ne pas être dérangé&#8230; Alors il fallait faire quelque chose parce qu&rsquo;il s&rsquo;était senti gêné quand je lui avais demandé de me reprendre une heure pendant la nuit&#8230; <br>Alors il s&rsquo;était dit :<br>&#8211; Bon ben&#8230; Voilà, on interverti les interphones, comme ça&#8230; Tranquille, il ne nous embêtera plus avec ça&#8230;</p>



<p class="wp-block-paragraph">&#8211;<em>Il l&rsquo;avait fait exprès ou&#8230;</em><br>&#8211; Mais bien sûr !<br>Parce que tu vois, la première nuit&#8230; j&rsquo;avais dormi !<br>J&rsquo;étais tellement contente&#8230; Quand t&rsquo;es vraiment naze&#8230; Voilà.<br>Et puis la deuxième nuit, aussi&#8230; et puis après, je me suis dit&#8230;<br>&#8211; Non mais, il y a quelque chose&#8230; Qu&rsquo;est ce qui ne joue pas ? <br>Ton enfant qui te dérange continuellement, et là tout d&rsquo;un coup plus rien&#8230; ? Non Non&#8230;</p>



<p class="wp-block-paragraph">C&rsquo;est là que j&rsquo;ai contrôlé que j&rsquo;ai fait le jeux avec ma fille. <br>Que j&rsquo;ai compris qu&rsquo;il avait croisé les trucs&#8230;<br>Alors je lui ai demandé :<br>-Oh mon dieu, mais pourquoi t&rsquo;as fait ça ?</p>



<p class="wp-block-paragraph">Il m&rsquo;a dit :<br>&#8211; Ecoute&#8230; Euh&#8230; On est tout le temps dérangé, ce n&rsquo;est pas possible, tu as besoin de dormir&#8230; <br>&#8211; Oui j&rsquo;ai besoin de dormir, mais pas dans ces conditions !</p>



<p class="wp-block-paragraph">Tu as un bébé prématuré qui revient de la maternité&#8230; Non !<br>Faut pas faire ça&#8230; Ben oui, c&rsquo;était toutes les 4 heures, qu&rsquo;il fallait lui donner le biberon&#8230; Faut pas croire, quand tu reviens avec un prématuré, il faut suivre !</p>



<p class="wp-block-paragraph">Alors évidement, notre fils, il hurlait, il pleurait dans son lit&#8230;</p>



<p class="wp-block-paragraph">Puisque la chambre était loin&#8230; et lui, il était à côté de moi, il n&rsquo;a rien entendu non plus&#8230; puisque la chambre était à l&rsquo;autre bout de l&rsquo;appartement, tu vois&#8230; On n&rsquo;avait rien entendu, et il s&rsquo;était dit :<br>&#8211; Ben voilà, on a dormi tranquillement, super&#8230; On a pu récupérer et tout&#8230;</p>



<p class="wp-block-paragraph">&#8230;Mais pas dans ces conditions, pas comme ça&#8230; Je me suis rendue compte que même pour son enfant, il n&rsquo;hésitait pas.</p>

<p>&lt;Enregistré le 08 Octobre 2016&gt; Tu vois, comme la fois, où il m&rsquo;avait enlevé le haut-parleur qui me permettait d&rsquo;entendre notre fils dans sa chambre, comme il était au bout du couloir&#8230; Avoir échangé les interphones émetteurs-récepteurs pour ne pas que je puisse l&rsquo;entendre&#8230; C&rsquo;était grave quand même, d&rsquo;une totale inconscience&#8230; Et là, je me [&hellip;]</p>
