{"id":2242,"date":"2026-03-12T16:09:05","date_gmt":"2026-03-12T16:09:05","guid":{"rendered":"https:\/\/mercigracias.ch\/?page_id=2242"},"modified":"2026-06-29T12:10:31","modified_gmt":"2026-06-29T12:10:31","slug":"il-fout-loin-mes-affaires","status":"publish","type":"page","link":"https:\/\/mercigracias.ch\/?page_id=2242","title":{"rendered":"Il fout loin mes affaires"},"content":{"rendered":"\n<p class=\"wp-block-paragraph\">&lt;Enregistr\u00e9 le 14 Septembre 2016&gt;<\/p>\n\n\n\n<p class=\"wp-block-paragraph\">Tu vois, j&rsquo;\u00e9tais dans mon salon de coiffure, quand une cliente me dit :<br>&#8211; Ah ben \u00e7a travaille chez vous&#8230; !<br>&#8211; Ah bon, on travaille ?<\/p>\n\n\n\n<p class=\"wp-block-paragraph\">&#8211; Oui, il y a votre mari devant la maison, avec un container&#8230;<br>&#8211; Ah ? &#8230;O\u00f9 \u00e7a ?<\/p>\n\n\n\n<p class=\"wp-block-paragraph\">&#8211; Ah&#8230; Mais juste \u00e0 c\u00f4t\u00e9 de la maison, sous la grange, il est en train de tout jeter en bas&#8230; Tout ce qu&rsquo;il y a dans le galetas, il jette tout&#8230;<\/p>\n\n\n\n<p class=\"wp-block-paragraph\">Je me dis&#8230;<br>&#8211; C&rsquo;est quoi cette histoire&#8230;<\/p>\n\n\n\n<p class=\"wp-block-paragraph\">Enfin bref, comme c&rsquo;\u00e9tait un samedi matin&#8230; que j&rsquo;avais des permanentes, des m\u00e8ches, des coiffures, je ne pouvais pas dire aux gens, mais excusez moi, je vais aller voir ce qui se passe&#8230; <br>Bon, alors tu laisses&#8230;<\/p>\n\n\n\n<p class=\"wp-block-paragraph\">Et quand il arrive vers 1 heure&#8230; ou 2 heures de l&rsquo;apr\u00e8s midi, parce qu&rsquo;avant bien souvent je ne remontais pas pour manger, peut-\u00eatre pour un \u0153uf au plat, et puis voil\u00e0 au revoir&#8230;<\/p>\n\n\n\n<p class=\"wp-block-paragraph\">Le samedi c&rsquo;\u00e9tait comme \u00e7a, c&rsquo;\u00e9tait charg\u00e9&#8230;<\/p>\n\n\n\n<p class=\"wp-block-paragraph\">Donc j&rsquo;arrive et puis je lui demande :<br>&#8211; Mais c&rsquo;est quoi cette histoire, parce que je ne vois rien ? <\/p>\n\n\n\n<p class=\"wp-block-paragraph\">Parce qu&rsquo;en plus quand je ressors, je ne vois pas de container, il n&rsquo;y avait plus rien dehors, tout \u00e9tait d\u00e9j\u00e0 loin&#8230;<\/p>\n\n\n\n<p class=\"wp-block-paragraph\">Il me dit :<br>&#8211; Aah, mais j&rsquo;ai tout \u00e9vacu\u00e9, mais ne t&rsquo;inqui\u00e8te pas&#8230;<br>Tu vois, regarde, tout est vide maintenant, tout est tranquille&#8230;<br>On peut mettre tout ce qu&rsquo;on veut dessus, maintenant&#8230;<\/p>\n\n\n\n<p class=\"wp-block-paragraph\">Mais je dis :<br>&#8211; Oui&#8230; mais mes affaires tu les as mises o\u00f9 ?<br>&#8211; Oh&#8230; mais on ne va pas discuter pour \u00e7a qu&rsquo;il me dit&#8230;<br>On va gagner beaucoup plus&#8230; Tu ne vas pas m&#8217;emb\u00eater avec tes affaires&#8230;<\/p>\n\n\n\n<p class=\"wp-block-paragraph\">&#8211; Oui mais&#8230; mon sac d&rsquo;apprentissage, mes classeurs et tout&#8230; ?<br>&#8211; Oh, mais on ne va pas discuter pour \u00e7a quand m\u00eame, c&rsquo;est fini ton apprentissage&#8230;<\/p>\n\n\n\n<p class=\"wp-block-paragraph\">&#8211; Oui mais c&rsquo;\u00e9tait mes classeurs, c&rsquo;\u00e9tait mon histoire&#8230; <br>C&rsquo;\u00e9tait juste un sac&#8230; C&rsquo;\u00e9tait un beau sac. <\/p>\n\n\n\n<p class=\"wp-block-paragraph\">Je n&rsquo;en ai jamais retrouv\u00e9 un si beau&#8230; Il \u00e9tait magnifique, il \u00e9tait blanc, il y avait mes trois classeurs de mes trois ans d&rsquo;\u00e9lectrolyse, de tout&#8230; Comment ce que tu faisais les teintures, les permanentes, toutes les explications pour les 5 et demi de moyenne que j&rsquo;avais eu pour les trois classeurs&#8230; Donc c&rsquo;\u00e9tait des tr\u00e8s tr\u00e8s beaux classeurs&#8230;<\/p>\n\n\n\n<p class=\"wp-block-paragraph\">&#8211; Bon&#8230; qu&rsquo; il me dit&#8230; Bon, tu ne vas pas m&#8217;emmerder avec \u00e7a, hein ! <br>De toute fa\u00e7on, c&rsquo;est loin, tout est loin&#8230;<\/p>\n\n\n\n<p class=\"wp-block-paragraph\">J&rsquo;\u00e9tais encore loin de m&rsquo;imaginer qu&rsquo;il pourrait faire pareil avec moi et nos enfants&#8230;<\/p>\n\n\n\n<p class=\"wp-block-paragraph\">Et bien quand on s&rsquo;est s\u00e9par\u00e9&#8230; J&rsquo;ai retrouv\u00e9 ses carnets d&rsquo;\u00e9colier que sa m\u00e8re nous avait redonn\u00e9 \u00e0 l&rsquo;\u00e9poque, je les ai mis au galetas&#8230; Je me suis dit :<br>&#8211; Je ne te les redonnerai pas. Je les laisse en haut dans un carton, les enfants pourront voir avec tes machins, tes trucs&#8230; Si pour eux ils ont envie de savoir les choses. Je les garde pour les enfants&#8230;<\/p>\n\n\n\n<p class=\"wp-block-paragraph\">&#8211; <em>Avec les notations des professeurs&#8230;?<\/em><br>&#8211; Oui&#8230; Si \u00e7a peut leur apporter quelque chose&#8230; \u00c7a doit \u00eatre dans le galetas !<\/p>\n\n\n\n<p class=\"wp-block-paragraph\">Mais je les avais laiss\u00e9s, mais je m&rsquo;\u00e9tais dit&#8230; <br>&#8211; Je ne vais pas te les redonner parce que \u00e7a ne sert \u00e0 rien.<br>Si pour mes enfants \u00e7a peut les aider \u00e0 classer leur histoire en se disant&#8230; <br>&#8211; Ah ben tiens moi j&rsquo;\u00e9tais bon en maths&#8230; ou je n&rsquo;\u00e9tais pas bon en fran\u00e7ais&#8230; Si c&rsquo;est bon pour eux ! Voil\u00e0, si \u00e7a peut les aider \u00e0 classer&#8230;<\/p>\n\n\n\n<p class=\"wp-block-paragraph\">Mais quelque part, j&rsquo;aurais d\u00fb les foutre loin aussi&#8230; Il avait fichu loin mes affaires&#8230; Et en plus il y avait m\u00eame le manteau de fourrure en mouton retourn\u00e9 qu&rsquo;Ils\u00e9 de Gstaad m&rsquo;avait donn\u00e9&#8230;<\/p>\n\n\n\n<p class=\"wp-block-paragraph\">Mais dans ses carnets, j&rsquo;avais vu&#8230; il y avait des notations qui montraient qu&rsquo;il n&rsquo;\u00e9tait pas si brillant que \u00e7a&#8230; pour m&rsquo;avoir dit :<br>&#8211; Ah ah ah ah&#8230;. petite coiffeuse !<\/p>\n\n\n\n<p class=\"wp-block-paragraph\">J&rsquo;\u00e9tais aussi brillante que lui&#8230; <\/p>\n\n\n\n<p class=\"wp-block-paragraph\">Pour avoir eu des parents qui \u00e9taient attentifs et tout&#8230; et bien c&rsquo;\u00e9tait pas beaucoup mieux&#8230; Alors que moi je n&rsquo;avais eu personne ! Hein&#8230; En plus chez moi, c&rsquo;\u00e9tait tr\u00e8s perturbant&#8230; J&rsquo;\u00e9tais tr\u00e8s perturb\u00e9e, hein !<\/p>\n\n\n\n<p class=\"wp-block-paragraph\">En fin de compte, il n&rsquo;\u00e9tait pas beaucoup plus haut pour avoir \u00e9t\u00e9 dans un environnement calme, ce n&rsquo;\u00e9tait pas tr\u00e8s sup\u00e9rieur&#8230; Loin de l\u00e0 !<\/p>\n\n\n\n<p class=\"wp-block-paragraph\">M\u00eame ses \u00e9coles primaires, elles \u00e9taient minimalistes ! <br>Pour dire que c&rsquo;\u00e9tait dans une vie normale&#8230; Parce que tous les dimanches, ils partaient comme J\u00e9rome, notre voisin du dessus&#8230; avec leurs enfants, de gauche \u00e0 droite, visiter toute la Suisse&#8230;<\/p>\n\n\n\n<p class=\"wp-block-paragraph\">Mais chez nous avec toutes les perturbations qu&rsquo;il y avait&#8230;<\/p>\n\n\n\n<p class=\"wp-block-paragraph\">Ben, il n&rsquo;y avait pas grande diff\u00e9rence ! <\/p>\n\n\n\n<p class=\"wp-block-paragraph\">Non&#8230; Finalement, il n&rsquo;\u00e9tait pas bon du tout !<\/p>\n\n\n\n<p class=\"wp-block-paragraph\">En tout cas, ce que je me souvenais c&rsquo;est qu&rsquo;il n&rsquo;\u00e9tait pas si bon que \u00e7a pour avoir \u00e9t\u00e9 dans une famille normale !<\/p>\n","protected":false},"excerpt":{"rendered":"<p>&lt;Enregistr\u00e9 le 14 Septembre 2016&gt; Tu vois, j&rsquo;\u00e9tais dans mon salon de coiffure, quand une cliente me dit :&#8211; Ah ben \u00e7a travaille chez vous&#8230; !&#8211; Ah bon, on travaille ? &#8211; Oui, il y a votre mari devant la maison, avec un container&#8230;&#8211; Ah ? &#8230;O\u00f9 \u00e7a ? &#8211; Ah&#8230; Mais juste \u00e0 c\u00f4t\u00e9 [&hellip;]<\/p>\n","protected":false},"author":1,"featured_media":0,"parent":0,"menu_order":0,"comment_status":"open","ping_status":"closed","template":"pages-chapitre-08","meta":{"footnotes":""},"class_list":["post-2242","page","type-page","status-publish","hentry"],"jetpack_sharing_enabled":true,"_links":{"self":[{"href":"https:\/\/mercigracias.ch\/index.php?rest_route=\/wp\/v2\/pages\/2242","targetHints":{"allow":["GET"]}}],"collection":[{"href":"https:\/\/mercigracias.ch\/index.php?rest_route=\/wp\/v2\/pages"}],"about":[{"href":"https:\/\/mercigracias.ch\/index.php?rest_route=\/wp\/v2\/types\/page"}],"author":[{"embeddable":true,"href":"https:\/\/mercigracias.ch\/index.php?rest_route=\/wp\/v2\/users\/1"}],"replies":[{"embeddable":true,"href":"https:\/\/mercigracias.ch\/index.php?rest_route=%2Fwp%2Fv2%2Fcomments&post=2242"}],"version-history":[{"count":7,"href":"https:\/\/mercigracias.ch\/index.php?rest_route=\/wp\/v2\/pages\/2242\/revisions"}],"predecessor-version":[{"id":5030,"href":"https:\/\/mercigracias.ch\/index.php?rest_route=\/wp\/v2\/pages\/2242\/revisions\/5030"}],"wp:attachment":[{"href":"https:\/\/mercigracias.ch\/index.php?rest_route=%2Fwp%2Fv2%2Fmedia&parent=2242"}],"curies":[{"name":"wp","href":"https:\/\/api.w.org\/{rel}","templated":true}]}}

<p class="wp-block-paragraph">&lt;Enregistré le 14 Septembre 2016&gt;</p>



<p class="wp-block-paragraph">Tu vois, j&rsquo;étais dans mon salon de coiffure, quand une cliente me dit :<br>&#8211; Ah ben ça travaille chez vous&#8230; !<br>&#8211; Ah bon, on travaille ?</p>



<p class="wp-block-paragraph">&#8211; Oui, il y a votre mari devant la maison, avec un container&#8230;<br>&#8211; Ah ? &#8230;Où ça ?</p>



<p class="wp-block-paragraph">&#8211; Ah&#8230; Mais juste à côté de la maison, sous la grange, il est en train de tout jeter en bas&#8230; Tout ce qu&rsquo;il y a dans le galetas, il jette tout&#8230;</p>



<p class="wp-block-paragraph">Je me dis&#8230;<br>&#8211; C&rsquo;est quoi cette histoire&#8230;</p>



<p class="wp-block-paragraph">Enfin bref, comme c&rsquo;était un samedi matin&#8230; que j&rsquo;avais des permanentes, des mèches, des coiffures, je ne pouvais pas dire aux gens, mais excusez moi, je vais aller voir ce qui se passe&#8230; <br>Bon, alors tu laisses&#8230;</p>



<p class="wp-block-paragraph">Et quand il arrive vers 1 heure&#8230; ou 2 heures de l&rsquo;après midi, parce qu&rsquo;avant bien souvent je ne remontais pas pour manger, peut-être pour un œuf au plat, et puis voilà au revoir&#8230;</p>



<p class="wp-block-paragraph">Le samedi c&rsquo;était comme ça, c&rsquo;était chargé&#8230;</p>



<p class="wp-block-paragraph">Donc j&rsquo;arrive et puis je lui demande :<br>&#8211; Mais c&rsquo;est quoi cette histoire, parce que je ne vois rien ? </p>



<p class="wp-block-paragraph">Parce qu&rsquo;en plus quand je ressors, je ne vois pas de container, il n&rsquo;y avait plus rien dehors, tout était déjà loin&#8230;</p>



<p class="wp-block-paragraph">Il me dit :<br>&#8211; Aah, mais j&rsquo;ai tout évacué, mais ne t&rsquo;inquiète pas&#8230;<br>Tu vois, regarde, tout est vide maintenant, tout est tranquille&#8230;<br>On peut mettre tout ce qu&rsquo;on veut dessus, maintenant&#8230;</p>



<p class="wp-block-paragraph">Mais je dis :<br>&#8211; Oui&#8230; mais mes affaires tu les as mises où ?<br>&#8211; Oh&#8230; mais on ne va pas discuter pour ça qu&rsquo;il me dit&#8230;<br>On va gagner beaucoup plus&#8230; Tu ne vas pas m&#8217;embêter avec tes affaires&#8230;</p>



<p class="wp-block-paragraph">&#8211; Oui mais&#8230; mon sac d&rsquo;apprentissage, mes classeurs et tout&#8230; ?<br>&#8211; Oh, mais on ne va pas discuter pour ça quand même, c&rsquo;est fini ton apprentissage&#8230;</p>



<p class="wp-block-paragraph">&#8211; Oui mais c&rsquo;était mes classeurs, c&rsquo;était mon histoire&#8230; <br>C&rsquo;était juste un sac&#8230; C&rsquo;était un beau sac. </p>



<p class="wp-block-paragraph">Je n&rsquo;en ai jamais retrouvé un si beau&#8230; Il était magnifique, il était blanc, il y avait mes trois classeurs de mes trois ans d&rsquo;électrolyse, de tout&#8230; Comment ce que tu faisais les teintures, les permanentes, toutes les explications pour les 5 et demi de moyenne que j&rsquo;avais eu pour les trois classeurs&#8230; Donc c&rsquo;était des très très beaux classeurs&#8230;</p>



<p class="wp-block-paragraph">&#8211; Bon&#8230; qu&rsquo; il me dit&#8230; Bon, tu ne vas pas m&#8217;emmerder avec ça, hein ! <br>De toute façon, c&rsquo;est loin, tout est loin&#8230;</p>



<p class="wp-block-paragraph">J&rsquo;étais encore loin de m&rsquo;imaginer qu&rsquo;il pourrait faire pareil avec moi et nos enfants&#8230;</p>



<p class="wp-block-paragraph">Et bien quand on s&rsquo;est séparé&#8230; J&rsquo;ai retrouvé ses carnets d&rsquo;écolier que sa mère nous avait redonné à l&rsquo;époque, je les ai mis au galetas&#8230; Je me suis dit :<br>&#8211; Je ne te les redonnerai pas. Je les laisse en haut dans un carton, les enfants pourront voir avec tes machins, tes trucs&#8230; Si pour eux ils ont envie de savoir les choses. Je les garde pour les enfants&#8230;</p>



<p class="wp-block-paragraph">&#8211; <em>Avec les notations des professeurs&#8230;?</em><br>&#8211; Oui&#8230; Si ça peut leur apporter quelque chose&#8230; Ça doit être dans le galetas !</p>



<p class="wp-block-paragraph">Mais je les avais laissés, mais je m&rsquo;étais dit&#8230; <br>&#8211; Je ne vais pas te les redonner parce que ça ne sert à rien.<br>Si pour mes enfants ça peut les aider à classer leur histoire en se disant&#8230; <br>&#8211; Ah ben tiens moi j&rsquo;étais bon en maths&#8230; ou je n&rsquo;étais pas bon en français&#8230; Si c&rsquo;est bon pour eux ! Voilà, si ça peut les aider à classer&#8230;</p>



<p class="wp-block-paragraph">Mais quelque part, j&rsquo;aurais dû les foutre loin aussi&#8230; Il avait fichu loin mes affaires&#8230; Et en plus il y avait même le manteau de fourrure en mouton retourné qu&rsquo;Ilsé de Gstaad m&rsquo;avait donné&#8230;</p>



<p class="wp-block-paragraph">Mais dans ses carnets, j&rsquo;avais vu&#8230; il y avait des notations qui montraient qu&rsquo;il n&rsquo;était pas si brillant que ça&#8230; pour m&rsquo;avoir dit :<br>&#8211; Ah ah ah ah&#8230;. petite coiffeuse !</p>



<p class="wp-block-paragraph">J&rsquo;étais aussi brillante que lui&#8230; </p>



<p class="wp-block-paragraph">Pour avoir eu des parents qui étaient attentifs et tout&#8230; et bien c&rsquo;était pas beaucoup mieux&#8230; Alors que moi je n&rsquo;avais eu personne ! Hein&#8230; En plus chez moi, c&rsquo;était très perturbant&#8230; J&rsquo;étais très perturbée, hein !</p>



<p class="wp-block-paragraph">En fin de compte, il n&rsquo;était pas beaucoup plus haut pour avoir été dans un environnement calme, ce n&rsquo;était pas très supérieur&#8230; Loin de là !</p>



<p class="wp-block-paragraph">Même ses écoles primaires, elles étaient minimalistes ! <br>Pour dire que c&rsquo;était dans une vie normale&#8230; Parce que tous les dimanches, ils partaient comme Jérome, notre voisin du dessus&#8230; avec leurs enfants, de gauche à droite, visiter toute la Suisse&#8230;</p>



<p class="wp-block-paragraph">Mais chez nous avec toutes les perturbations qu&rsquo;il y avait&#8230;</p>



<p class="wp-block-paragraph">Ben, il n&rsquo;y avait pas grande différence ! </p>



<p class="wp-block-paragraph">Non&#8230; Finalement, il n&rsquo;était pas bon du tout !</p>



<p class="wp-block-paragraph">En tout cas, ce que je me souvenais c&rsquo;est qu&rsquo;il n&rsquo;était pas si bon que ça pour avoir été dans une famille normale !</p>

<p>&lt;Enregistré le 14 Septembre 2016&gt; Tu vois, j&rsquo;étais dans mon salon de coiffure, quand une cliente me dit :&#8211; Ah ben ça travaille chez vous&#8230; !&#8211; Ah bon, on travaille ? &#8211; Oui, il y a votre mari devant la maison, avec un container&#8230;&#8211; Ah ? &#8230;Où ça ? &#8211; Ah&#8230; Mais juste à côté [&hellip;]</p>
