{"id":2258,"date":"2026-03-12T17:21:37","date_gmt":"2026-03-12T17:21:37","guid":{"rendered":"https:\/\/mercigracias.ch\/?page_id=2258"},"modified":"2026-06-29T13:58:38","modified_gmt":"2026-06-29T13:58:38","slug":"il-lavait-foutu-dehors","status":"publish","type":"page","link":"https:\/\/mercigracias.ch\/?page_id=2258","title":{"rendered":"Il l&rsquo;avait foutu dehors"},"content":{"rendered":"\n<p class=\"wp-block-paragraph\">&lt;Enregistr\u00e9 le 13 Septembre 2016&gt;<\/p>\n\n\n\n<p class=\"wp-block-paragraph\">On avait rendez vous \u00e0 midi pour aller manger chez les Grands-Parents, c&rsquo;\u00e9tait un dimanche matin&#8230; J&rsquo;\u00e9tais en train de me doucher, mon mari avait pris sa douche et moi je la prenais juste apr\u00e8s&#8230; <\/p>\n\n\n\n<p class=\"wp-block-paragraph\">Dans la salle de bain, il y avait une petite ouverture, qui faisait que tu voyais \u00e0 travers quand il y avait quelque chose qui bougeait \u00e0 l&rsquo;ext\u00e9rieur, une vitre granuleuse&#8230;<br>Au moment, o\u00f9 je sors de la douche, je vois l&rsquo;ombre de mon mari mais j&rsquo;ai vu aussi quelque chose qui se passait comme \u00e7a, dehors&#8230; Mais que je ne pouvais pas voir vraiment, j&rsquo;\u00e9tais encore toute nue&#8230; J&rsquo;avais vu une ombre, mais comme tu ne voyais pas \u00e0 travers&#8230;<\/p>\n\n\n\n<p class=\"wp-block-paragraph\">Alors apr\u00e8s \u00eatre sortie, je demande \u00e0 mon mari&#8230;:<br>&#8211; Qu&rsquo;est ce qui est pass\u00e9 ? <br>&#8211; Rien, personne&#8230;<\/p>\n\n\n\n<p class=\"wp-block-paragraph\">&#8211; Tu me dis, personne&#8230; non, pas personne ! <br>J&rsquo;ai vu, en sortant de la baignoire qu&rsquo;il y avait des formes bouger.<br>Je t&rsquo;ai vu ouvrir la porte&#8230; Je t&rsquo;ai vu comme \u00e7a, mais je n&rsquo;ai pas vu plus, comme je devais m&rsquo;habiller et quand je m&rsquo;\u00e9tais habill\u00e9e, c&rsquo;\u00e9tait fini&#8230; C&rsquo;\u00e9tait pr\u00eat !<\/p>\n\n\n\n<p class=\"wp-block-paragraph\">Alors j&rsquo;insiste&#8230;<br>&#8211; Mais c&rsquo;\u00e9tait qui ?<br>&#8211; Non non&#8230; Personne !<\/p>\n\n\n\n<p class=\"wp-block-paragraph\">&#8211; Mais non, ce n&rsquo;\u00e9tait pas personne !<\/p>\n\n\n\n<p class=\"wp-block-paragraph\">Et l\u00e0-dessus, comme il continuait \u00e0 me cacher, et ne pas vouloir me dire qui c&rsquo;\u00e9tait, je ne sais pas pourquoi j&rsquo;ai eu un d\u00e9clic comme \u00e7a&#8230; Je lui dis :<br>&#8211; Mais c&rsquo;\u00e9tait mon P\u00e8re ?<\/p>\n\n\n\n<p class=\"wp-block-paragraph\">Et l\u00e0, il avoue&#8230;<br>&#8211; Oui&#8230; ben oui, c&rsquo;\u00e9tait lui !<\/p>\n\n\n\n<p class=\"wp-block-paragraph\">Je lui dis :<br>&#8211; Mais il est o\u00f9 ?<br>&#8211; Ben, il est venu sonner, il voulait te voir, mais je l&rsquo;ai vite ramen\u00e9 \u00e0 sa voiture pour lui dire qu&rsquo;il ne pouvait pas venir ici comme \u00e7a&#8230;<br>Que \u00e7a n&rsquo;allait pas et qu&rsquo;il ne fallait pas qu&rsquo;il revienne !<\/p>\n\n\n\n<p class=\"wp-block-paragraph\">Mais moi non plus, je n&rsquo;\u00e9tais pas nette, parce que j&rsquo;aurai d\u00fb lui dire :<br>&#8211; Ecoute&#8230; Euh&#8230; je vais le recontacter et tout&#8230; <\/p>\n\n\n\n<p class=\"wp-block-paragraph\">Mais j&rsquo;\u00e9tais prise de nouveau en faute puisque Maman m&rsquo;avait d\u00e9fendue de m&rsquo;approcher de lui&#8230; Et mon mari, confirmait que je n&rsquo;avais pas le droit, quoi&#8230; \u00c7a confirmait apr\u00e8s Maman que je n&rsquo;avais pas le droit de m&rsquo;approcher de mon P\u00e8re&#8230;<\/p>\n\n\n\n<p class=\"wp-block-paragraph\">Mais j&rsquo;\u00e9tais quand m\u00eame tr\u00e8s f\u00e2ch\u00e9e contre lui parce que tu vois quand je l&rsquo;ai connu, \u00e7a faisait une ann\u00e9e qu&rsquo;il ne voyait plus ses parents et moi je l&rsquo;avais pouss\u00e9 jusqu&rsquo;\u00e0 ce qu&rsquo;il y aille&#8230;<br>Je lui disais :<br>&#8211; Ecoute, il faut que tu les rencontres tes parents&#8230; Tu ne peux pas \u00eatre bien comme \u00e7a, il faut que tu y ailles !<\/p>\n\n\n\n<p class=\"wp-block-paragraph\">Il m&rsquo;avait dit : <br>&#8211; Oui mais&#8230; Non, ils ne comprendront pas&#8230; Apr\u00e8s tout ce qui s&rsquo;est pass\u00e9&#8230; Tu ne te rends pas compte les drames qu&rsquo;il y a eu.<\/p>\n\n\n\n<p class=\"wp-block-paragraph\">Je lui avais dit :<br>&#8211; Ecoute, essaye&#8230;  Si \u00e7a se passe mal, \u00e7a se passe mal, mais essaye&#8230; C&rsquo;est \u00e0 toi d&rsquo;y aller, maintenant&#8230;<br>&#8211; Oui oui, mais tu sais, on s&rsquo;est battu avec mon p\u00e8re&#8230; Il y a eu des portes et des fen\u00eatres qui ont \u00e9clat\u00e9es&#8230; Enfin il y a eu des drames, vraiment des drames.<\/p>\n\n\n\n<p class=\"wp-block-paragraph\">&#8211; <em>A cause de son divorce&#8230;?<\/em><br>&#8211; Oui, et puis parce qu&rsquo;il avait eu <a href=\"https:\/\/mercigracias.ch\/?page_id=2157\" data-type=\"page\" data-id=\"2157\">quelqu&rsquo;un d&rsquo;autre<\/a> pendant son mariage et que \u00e7a s&rsquo;\u00e9tait mal termin\u00e9&#8230; Le Grand-P\u00e8re en avait fait une attaque au c\u0153ur&#8230; Et apr\u00e8s, il avait d\u00fb mettre une pile \u00e0 48 ans, et apr\u00e8s il a \u00e9t\u00e9 \u00e0 l&rsquo;AI&#8230; (Assurance invalidit\u00e9)<\/p>\n\n\n\n<p class=\"wp-block-paragraph\">Puis j&rsquo;ai dit : <br>&#8211; Ecoute vas y&#8230;<\/p>\n\n\n\n<p class=\"wp-block-paragraph\">Alors il y est all\u00e9&#8230; et ses parents l&rsquo;ont re\u00e7u \u00e0 bras ouverts ! <\/p>\n\n\n\n<p class=\"wp-block-paragraph\">Et quelques ann\u00e9es apr\u00e8s, il fermait la porte \u00e0 mon P\u00e8re ?! Alors que je l&rsquo;avais pouss\u00e9 \u00e0 reprendre contact avec le sien&#8230;<\/p>\n\n\n\n<p class=\"wp-block-paragraph\">Mais pour le mien, il l&rsquo;avait foutu dehors !<\/p>\n\n\n\n<p class=\"wp-block-paragraph\">&#8211; <em>Alors qu&rsquo;il aurait d\u00fb t&rsquo;aider \u00e0 renouveler le contact ! <\/em><br>&#8211; Oui c&rsquo;\u00e9tait impensable !<\/p>\n\n\n\n<p class=\"wp-block-paragraph\">C&rsquo;est clair qu&rsquo;il m&rsquo;aimait&#8230;<\/p>\n","protected":false},"excerpt":{"rendered":"<p>&lt;Enregistr\u00e9 le 13 Septembre 2016&gt; On avait rendez vous \u00e0 midi pour aller manger chez les Grands-Parents, c&rsquo;\u00e9tait un dimanche matin&#8230; J&rsquo;\u00e9tais en train de me doucher, mon mari avait pris sa douche et moi je la prenais juste apr\u00e8s&#8230; Dans la salle de bain, il y avait une petite ouverture, qui faisait que tu [&hellip;]<\/p>\n","protected":false},"author":1,"featured_media":0,"parent":0,"menu_order":0,"comment_status":"open","ping_status":"closed","template":"pages-chapitre-08","meta":{"footnotes":""},"class_list":["post-2258","page","type-page","status-publish","hentry"],"jetpack_sharing_enabled":true,"_links":{"self":[{"href":"https:\/\/mercigracias.ch\/index.php?rest_route=\/wp\/v2\/pages\/2258","targetHints":{"allow":["GET"]}}],"collection":[{"href":"https:\/\/mercigracias.ch\/index.php?rest_route=\/wp\/v2\/pages"}],"about":[{"href":"https:\/\/mercigracias.ch\/index.php?rest_route=\/wp\/v2\/types\/page"}],"author":[{"embeddable":true,"href":"https:\/\/mercigracias.ch\/index.php?rest_route=\/wp\/v2\/users\/1"}],"replies":[{"embeddable":true,"href":"https:\/\/mercigracias.ch\/index.php?rest_route=%2Fwp%2Fv2%2Fcomments&post=2258"}],"version-history":[{"count":6,"href":"https:\/\/mercigracias.ch\/index.php?rest_route=\/wp\/v2\/pages\/2258\/revisions"}],"predecessor-version":[{"id":5034,"href":"https:\/\/mercigracias.ch\/index.php?rest_route=\/wp\/v2\/pages\/2258\/revisions\/5034"}],"wp:attachment":[{"href":"https:\/\/mercigracias.ch\/index.php?rest_route=%2Fwp%2Fv2%2Fmedia&parent=2258"}],"curies":[{"name":"wp","href":"https:\/\/api.w.org\/{rel}","templated":true}]}}

<p class="wp-block-paragraph">&lt;Enregistré le 13 Septembre 2016&gt;</p>



<p class="wp-block-paragraph">On avait rendez vous à midi pour aller manger chez les Grands-Parents, c&rsquo;était un dimanche matin&#8230; J&rsquo;étais en train de me doucher, mon mari avait pris sa douche et moi je la prenais juste après&#8230; </p>



<p class="wp-block-paragraph">Dans la salle de bain, il y avait une petite ouverture, qui faisait que tu voyais à travers quand il y avait quelque chose qui bougeait à l&rsquo;extérieur, une vitre granuleuse&#8230;<br>Au moment, où je sors de la douche, je vois l&rsquo;ombre de mon mari mais j&rsquo;ai vu aussi quelque chose qui se passait comme ça, dehors&#8230; Mais que je ne pouvais pas voir vraiment, j&rsquo;étais encore toute nue&#8230; J&rsquo;avais vu une ombre, mais comme tu ne voyais pas à travers&#8230;</p>



<p class="wp-block-paragraph">Alors après être sortie, je demande à mon mari&#8230;:<br>&#8211; Qu&rsquo;est ce qui est passé ? <br>&#8211; Rien, personne&#8230;</p>



<p class="wp-block-paragraph">&#8211; Tu me dis, personne&#8230; non, pas personne ! <br>J&rsquo;ai vu, en sortant de la baignoire qu&rsquo;il y avait des formes bouger.<br>Je t&rsquo;ai vu ouvrir la porte&#8230; Je t&rsquo;ai vu comme ça, mais je n&rsquo;ai pas vu plus, comme je devais m&rsquo;habiller et quand je m&rsquo;étais habillée, c&rsquo;était fini&#8230; C&rsquo;était prêt !</p>



<p class="wp-block-paragraph">Alors j&rsquo;insiste&#8230;<br>&#8211; Mais c&rsquo;était qui ?<br>&#8211; Non non&#8230; Personne !</p>



<p class="wp-block-paragraph">&#8211; Mais non, ce n&rsquo;était pas personne !</p>



<p class="wp-block-paragraph">Et là-dessus, comme il continuait à me cacher, et ne pas vouloir me dire qui c&rsquo;était, je ne sais pas pourquoi j&rsquo;ai eu un déclic comme ça&#8230; Je lui dis :<br>&#8211; Mais c&rsquo;était mon Père ?</p>



<p class="wp-block-paragraph">Et là, il avoue&#8230;<br>&#8211; Oui&#8230; ben oui, c&rsquo;était lui !</p>



<p class="wp-block-paragraph">Je lui dis :<br>&#8211; Mais il est où ?<br>&#8211; Ben, il est venu sonner, il voulait te voir, mais je l&rsquo;ai vite ramené à sa voiture pour lui dire qu&rsquo;il ne pouvait pas venir ici comme ça&#8230;<br>Que ça n&rsquo;allait pas et qu&rsquo;il ne fallait pas qu&rsquo;il revienne !</p>



<p class="wp-block-paragraph">Mais moi non plus, je n&rsquo;étais pas nette, parce que j&rsquo;aurai dû lui dire :<br>&#8211; Ecoute&#8230; Euh&#8230; je vais le recontacter et tout&#8230; </p>



<p class="wp-block-paragraph">Mais j&rsquo;étais prise de nouveau en faute puisque Maman m&rsquo;avait défendue de m&rsquo;approcher de lui&#8230; Et mon mari, confirmait que je n&rsquo;avais pas le droit, quoi&#8230; Ça confirmait après Maman que je n&rsquo;avais pas le droit de m&rsquo;approcher de mon Père&#8230;</p>



<p class="wp-block-paragraph">Mais j&rsquo;étais quand même très fâchée contre lui parce que tu vois quand je l&rsquo;ai connu, ça faisait une année qu&rsquo;il ne voyait plus ses parents et moi je l&rsquo;avais poussé jusqu&rsquo;à ce qu&rsquo;il y aille&#8230;<br>Je lui disais :<br>&#8211; Ecoute, il faut que tu les rencontres tes parents&#8230; Tu ne peux pas être bien comme ça, il faut que tu y ailles !</p>



<p class="wp-block-paragraph">Il m&rsquo;avait dit : <br>&#8211; Oui mais&#8230; Non, ils ne comprendront pas&#8230; Après tout ce qui s&rsquo;est passé&#8230; Tu ne te rends pas compte les drames qu&rsquo;il y a eu.</p>



<p class="wp-block-paragraph">Je lui avais dit :<br>&#8211; Ecoute, essaye&#8230;  Si ça se passe mal, ça se passe mal, mais essaye&#8230; C&rsquo;est à toi d&rsquo;y aller, maintenant&#8230;<br>&#8211; Oui oui, mais tu sais, on s&rsquo;est battu avec mon père&#8230; Il y a eu des portes et des fenêtres qui ont éclatées&#8230; Enfin il y a eu des drames, vraiment des drames.</p>



<p class="wp-block-paragraph">&#8211; <em>A cause de son divorce&#8230;?</em><br>&#8211; Oui, et puis parce qu&rsquo;il avait eu <a href="https://mercigracias.ch/?page_id=2157" data-type="page" data-id="2157">quelqu&rsquo;un d&rsquo;autre</a> pendant son mariage et que ça s&rsquo;était mal terminé&#8230; Le Grand-Père en avait fait une attaque au cœur&#8230; Et après, il avait dû mettre une pile à 48 ans, et après il a été à l&rsquo;AI&#8230; (Assurance invalidité)</p>



<p class="wp-block-paragraph">Puis j&rsquo;ai dit : <br>&#8211; Ecoute vas y&#8230;</p>



<p class="wp-block-paragraph">Alors il y est allé&#8230; et ses parents l&rsquo;ont reçu à bras ouverts ! </p>



<p class="wp-block-paragraph">Et quelques années après, il fermait la porte à mon Père ?! Alors que je l&rsquo;avais poussé à reprendre contact avec le sien&#8230;</p>



<p class="wp-block-paragraph">Mais pour le mien, il l&rsquo;avait foutu dehors !</p>



<p class="wp-block-paragraph">&#8211; <em>Alors qu&rsquo;il aurait dû t&rsquo;aider à renouveler le contact ! </em><br>&#8211; Oui c&rsquo;était impensable !</p>



<p class="wp-block-paragraph">C&rsquo;est clair qu&rsquo;il m&rsquo;aimait&#8230;</p>

<p>&lt;Enregistré le 13 Septembre 2016&gt; On avait rendez vous à midi pour aller manger chez les Grands-Parents, c&rsquo;était un dimanche matin&#8230; J&rsquo;étais en train de me doucher, mon mari avait pris sa douche et moi je la prenais juste après&#8230; Dans la salle de bain, il y avait une petite ouverture, qui faisait que tu [&hellip;]</p>
