{"id":2271,"date":"2026-03-13T17:00:34","date_gmt":"2026-03-13T17:00:34","guid":{"rendered":"https:\/\/mercigracias.ch\/?page_id=2271"},"modified":"2026-07-13T06:00:02","modified_gmt":"2026-07-13T06:00:02","slug":"pourquoi-labandon","status":"publish","type":"page","link":"https:\/\/mercigracias.ch\/?page_id=2271","title":{"rendered":"Pourquoi l&rsquo;abandon ?"},"content":{"rendered":"\n<p class=\"wp-block-paragraph\">&lt;Enregistr\u00e9 le 13 Octobre 2013&gt;<\/p>\n\n\n\n<p class=\"wp-block-paragraph\">Il avait voulu \u00eatre incin\u00e9r\u00e9, c&rsquo;est le premier qui avait demand\u00e9 \u00e7a&#8230;<\/p>\n\n\n\n<p class=\"wp-block-paragraph\">&#8211; <em>\u00c7a peut \u00eatre interpr\u00e9t\u00e9 de deux sens&#8230; <\/em><\/p>\n\n\n\n<ul class=\"wp-block-list\">\n<li><em>Je veux rester l&rsquo;inconnu&#8230;<\/em><\/li>\n\n\n\n<li><em>Je veux qu&rsquo;il ne reste rien de moi&#8230;<\/em><\/li>\n<\/ul>\n\n\n\n<p class=\"wp-block-paragraph\"><em>Pour les autres qui sont mati\u00e8res, \u00e7a peut \u00eatre vu comme quelque chose de n\u00e9gatif&#8230; Mais si t&rsquo;es dans l&rsquo;\u00eatre, \u00e7a veut dire que tu rejoins la communaut\u00e9&#8230;<\/em><\/p>\n\n\n\n<p class=\"wp-block-paragraph\">&#8211; Moi, je suis aussi comme \u00e7a&#8230; Je reste dans l&rsquo;\u00eatre !<br>Je perds mon corps, il n&rsquo;y a plus de corps.<\/p>\n\n\n\n<p class=\"wp-block-paragraph\">Moi aussi, je le rejoins comme \u00e7a. Quand on l&rsquo;a mis dans la fosse commune, pour moi c&rsquo;est l&rsquo;appartenance au tout. Il \u00e9tait enfin dans le tout, dans le tout&#8230; !<\/p>\n\n\n\n<p class=\"wp-block-paragraph\">C&rsquo;est vrai que maman, ma s\u0153ur et mon fr\u00e8re non plus, pour les incin\u00e9ration, ce n&rsquo;est pas leur truc&#8230; \u00c7a serait int\u00e9ressant de leur demander ce qu&rsquo;ils en pensent aujourd&rsquo;hui.<\/p>\n\n\n\n<p class=\"wp-block-paragraph\">Pour moi quand on l&rsquo;a mis l\u00e0 dans la fosse commune, c&rsquo;\u00e9tait \u00e7a&#8230; C&rsquo;\u00e9tait la communaut\u00e9&#8230; Tout fait partie du tout. Voil\u00e0&#8230;<\/p>\n\n\n\n<p class=\"wp-block-paragraph\">&#8211; <em>Isa&#8230; Mais, il y avait deux versions aussi chez lui&#8230; Il y avait ce c\u00f4t\u00e9 :<\/em><\/p>\n\n\n\n<ul class=\"wp-block-list\">\n<li><em>Je fais partie du tout. <\/em><\/li>\n\n\n\n<li><em>Je ne vous demande rien du tout&#8230;<\/em><\/li>\n<\/ul>\n\n\n\n<p class=\"wp-block-paragraph\"><em>J&rsquo;ai \u00e9t\u00e9 abandonn\u00e9, en fait la vie m&rsquo;a abandonn\u00e9&#8230; <br>Cet abandon qu&rsquo;il a eu de la part de sa m\u00e8re&#8230; <\/em><\/p>\n\n\n\n<p class=\"wp-block-paragraph\">&#8211; Il a du le recr\u00e9er indirectement, ou le construire pour se faire r\u00e9abandonner une nouvelle fois&#8230; Quand il y a eu l&rsquo;histoire avec Maman&#8230; En fin de compte il avait recr\u00e9\u00e9 cet abandon que sa m\u00e8re lui avait inculqu\u00e9&#8230;<\/p>\n\n\n\n<p class=\"wp-block-paragraph\">Et c&rsquo;est pour \u00e7a que moi quand j&rsquo;ai eu l&rsquo;abandon avec mon mari, je me suis dit :<br>&#8211; Mais qu&rsquo;est ce qui se passe pour toi ?<br>Avoir \u00e9t\u00e9 abandonn\u00e9e dans ton enfance&#8230; \u00e0 la naissance, puis abandonn\u00e9e \u00e0 13 ans et que tu revives l&rsquo;abandon avec ton mari ?<\/p>\n\n\n\n<p class=\"wp-block-paragraph\">Jamais tu ne referas quelque chose dans ta vie avant d&rsquo;avoir compris et d&rsquo;avoir d\u00e9pass\u00e9 l&rsquo;abandon&#8230; parce que tu sais que l&rsquo;abandon, il est inscrit dans tes g\u00eanes&#8230; <\/p>\n\n\n\n<ul class=\"wp-block-list\">\n<li>Il est inscrit dans tes cellules !<\/li>\n<\/ul>\n\n\n\n<p class=\"wp-block-paragraph\">Mais tu n&rsquo;as rien fait pour avoir cet abandon&#8230; mais il vient d&rsquo;o\u00f9 ? <br>Mais c&rsquo;est qui, qui t&rsquo;a donn\u00e9 \u00e7a ?<\/p>\n\n\n\n<p class=\"wp-block-paragraph\">Pourquoi tu as de l&rsquo;abandon ?<\/p>\n\n\n\n<p class=\"wp-block-paragraph\">Qui c&rsquo;est qui t&rsquo;as abandonn\u00e9e ?<\/p>\n\n\n\n<p class=\"wp-block-paragraph\">&#8211; <em>Pour comprendre ?<\/em><br>&#8211; Oui&#8230; pour comprendre !<\/p>\n\n\n\n<p class=\"wp-block-paragraph\">Mon P\u00e8re, c&rsquo;\u00e9tait sa m\u00e8re qui l&rsquo;avait abandonn\u00e9 \u00e0 ses 13-14 ans, l\u00e0 autour&#8230; quand elle a dit :<br>&#8211; Tu as une autre s\u0153ur qui arrive, il faut lui laisser sa place&#8230; Elle l&rsquo;a abandonn\u00e9 \u00e0 14 ans, comme moi, \u00e0 mes 13 ans&#8230; Dans les m\u00eames temps&#8230; Et quand j&rsquo;ai eu 33 ans, je me suis dit :<br>&#8211; Il va falloir que tu fasses face, \u00e0 cet abandon, parce que celui-l\u00e0, il est capital&#8230; Il y a quelque chose l\u00e0-dedans&#8230; <\/p>\n\n\n\n<p class=\"wp-block-paragraph\">Et lui, il l&rsquo;avait cr\u00e9\u00e9 par rapport \u00e0 sa femme, il avait choisi des connards qui ont renvers\u00e9 son mariage, qui l&rsquo;ont amen\u00e9 vers un divorce, qui l&rsquo;ont amen\u00e9 vers diff\u00e9rentes choses pour l&rsquo;amener \u00e0 recr\u00e9er l&rsquo;abandon, parce qu&rsquo;en fait il savait qu&rsquo;il avait cet abandon aussi&#8230; dans ses m\u00e9moires ! <\/p>\n\n\n\n<p class=\"wp-block-paragraph\">&#8211;<em>ll l&rsquo;acceptait&#8230; C&rsquo;\u00e9tait grav\u00e9 en lui&#8230;<\/em>?<\/p>\n\n\n\n<p class=\"wp-block-paragraph\">Ces m\u00e9moires, quand elles sont l\u00e0, tu va m\u00eame recr\u00e9er ton propre th\u00e9\u00e2tre, toi-m\u00eame&#8230; et l&rsquo;autre en face, il ne va rien y comprendre !<\/p>\n\n\n\n<p class=\"wp-block-paragraph\">Pourquoi la partie victime&#8230; et comme nos organes sont marqu\u00e9s ?<br>Quand on r\u00e9p\u00e8te ces mouvements, ces choses de la vie&#8230; dans notre corps on r\u00e9p\u00e8te aussi, avec nos g\u00eanes par rapport \u00e0 tout ce qui se passe&#8230; il y a ce processus qui revient !<\/p>\n\n\n\n<p class=\"wp-block-paragraph\">Alors moi, je me suis dit :<br>&#8211; L&rsquo;abandon, je l&rsquo;ai, l\u00e0 du P\u00e8re&#8230; J&rsquo;ai aussi l&rsquo;abandon aussi du papa \u00e0 ma m\u00e8re&#8230; qui avait perdu ses parents \u00e0 l&rsquo;\u00e2ge de 2 ans&#8230; de ma Grand-M\u00e8re qui avait aussi perdu sa maman \u00e0 8 ans&#8230;<\/p>\n\n\n\n<p class=\"wp-block-paragraph\">Donc l&rsquo;abandon, j&rsquo;ai d\u00fb faire le tour&#8230; pour comprendre, ce qu&rsquo;il avait dans l&rsquo;abandon, tout ce qu&rsquo;il y avait dans l&rsquo;abandon&#8230; et dans le mien,<\/p>\n\n\n\n<p class=\"wp-block-paragraph\">Tout ce qui faisait que moi, j&rsquo;avais l&rsquo;abandon&#8230; et pourquoi !?<\/p>\n\n\n\n<p class=\"wp-block-paragraph\">Parce que je m&rsquo;\u00e9tais demand\u00e9e&#8230;:<br>&#8211; Bon tu n&rsquo;as pas \u00e9t\u00e9 gentille \u00e0 13 ans&#8230; ?<br>Mais non&#8230; Tu n&rsquo;as pas \u00e9t\u00e9 m\u00e9chante !<br>&#8230;et \u00e0 z\u00e9ro ans&#8230; pourquoi on t&rsquo;a abandonn\u00e9e&#8230;?<\/p>\n\n\n\n<p class=\"wp-block-paragraph\">Mais tu n&rsquo;as rien fait karmiquement&#8230;<\/p>\n\n\n\n<p class=\"wp-block-paragraph\">Mais qu&rsquo;est ce qui a eu au niveau karmique quand tu es n\u00e9e&#8230; <br>On dit que tu nais avec ton truc, avec ton bagage&#8230; Mais qu&rsquo;est ce qui fait que g\u00e9n\u00e9tiquement, dans ma famille, il y a tout \u00e7a ? <br>Qu&rsquo;est ce qui fait que je suis arriv\u00e9e avec l&rsquo;abandon, d\u00e9j\u00e0 \u00e0 la naissance&#8230;?<\/p>\n\n\n\n<p class=\"wp-block-paragraph\">Et si mon fr\u00e8re et ma s\u0153ur, on les a abandonn\u00e9 mat\u00e9riellement, et qu&rsquo;on les a laiss\u00e9 dans leur couchette, qu&rsquo;on les oubliait&#8230; le P\u00e8re il avait dit \u00e0 ma s\u0153ur :<br>&#8211; Ben, tu as eu de la chance d&rsquo;avoir eu ton p\u00e8re, qu&rsquo;il vienne te donner la bouteille parce que tu aurais \u00e9t\u00e9 compl\u00e8tement oubli\u00e9e&#8230;<br>Maman elle t&rsquo;oubliait totalement.<\/p>\n\n\n\n<p class=\"wp-block-paragraph\">C&rsquo;\u00e9tait lui qui allait la langer, lui qui allait s&rsquo;en occuper, qui les mettait dans leur couchette, mon fr\u00e8re et ma s\u0153ur.<\/p>\n\n\n\n<p class=\"wp-block-paragraph\">&#8211; <em>Elle faisait du d\u00e9ni&#8230; ?<\/em><br>&#8211; Non, elle \u00e9tait dans le commerce et elle oubliait&#8230; Mais \u00e7a va avec elle, comme tu vois maintenant, comme elle est&#8230;<br>Tu peux tout \u00e0 fait le comprendre&#8230;<\/p>\n\n\n\n<p class=\"wp-block-paragraph\">&#8211; <em>C&rsquo;est dr\u00f4le, c&rsquo;est un peu comme ton ex-mari qui met ta fille sous l&rsquo;escalier et qui l&rsquo;oublie&#8230;<\/em><br>&#8211; Oui&#8230; Il y a quelque chose qui est d&rsquo;assez dr\u00f4le, hein&#8230;<\/p>\n\n\n\n<p class=\"wp-block-paragraph\">Et moi, mon fr\u00e8re et ma s\u0153ur me disaient :<br>&#8211; Toi, tu as eu de la chance&#8230; On t&rsquo;as directement mis dans un orphelinat, tu as \u00e9t\u00e9 nourrie, et tu as \u00e9t\u00e9 regard\u00e9e, hein !&#8230;<\/p>\n\n\n\n<p class=\"wp-block-paragraph\"><em>Ce que ton fr\u00e8re et ta s\u0153ur te disaient&#8230; mais ta m\u00e8re c&rsquo;\u00e9tait une bosseuse, il n&rsquo;y avait que \u00e7a qui comptait&#8230; Elle avait v\u00e9cu les p\u00e9nuries au moment de la guerre, quand sa m\u00e8re trimait pour garder leur ferme<\/em>, a<em>lors elle continuait&#8230;<\/em><\/p>\n\n\n\n<p class=\"wp-block-paragraph\"><\/p>\n\n\n\n<p class=\"wp-block-paragraph\"><\/p>\n","protected":false},"excerpt":{"rendered":"<p>&lt;Enregistr\u00e9 le 13 Octobre 2013&gt; Il avait voulu \u00eatre incin\u00e9r\u00e9, c&rsquo;est le premier qui avait demand\u00e9 \u00e7a&#8230; &#8211; \u00c7a peut \u00eatre interpr\u00e9t\u00e9 de deux sens&#8230; Pour les autres qui sont mati\u00e8res, \u00e7a peut \u00eatre vu comme quelque chose de n\u00e9gatif&#8230; Mais si t&rsquo;es dans l&rsquo;\u00eatre, \u00e7a veut dire que tu rejoins la communaut\u00e9&#8230; &#8211; Moi, [&hellip;]<\/p>\n","protected":false},"author":1,"featured_media":0,"parent":0,"menu_order":0,"comment_status":"open","ping_status":"closed","template":"pages-chapitre-08","meta":{"footnotes":""},"class_list":["post-2271","page","type-page","status-publish","hentry"],"jetpack_sharing_enabled":true,"_links":{"self":[{"href":"https:\/\/mercigracias.ch\/index.php?rest_route=\/wp\/v2\/pages\/2271","targetHints":{"allow":["GET"]}}],"collection":[{"href":"https:\/\/mercigracias.ch\/index.php?rest_route=\/wp\/v2\/pages"}],"about":[{"href":"https:\/\/mercigracias.ch\/index.php?rest_route=\/wp\/v2\/types\/page"}],"author":[{"embeddable":true,"href":"https:\/\/mercigracias.ch\/index.php?rest_route=\/wp\/v2\/users\/1"}],"replies":[{"embeddable":true,"href":"https:\/\/mercigracias.ch\/index.php?rest_route=%2Fwp%2Fv2%2Fcomments&post=2271"}],"version-history":[{"count":6,"href":"https:\/\/mercigracias.ch\/index.php?rest_route=\/wp\/v2\/pages\/2271\/revisions"}],"predecessor-version":[{"id":5682,"href":"https:\/\/mercigracias.ch\/index.php?rest_route=\/wp\/v2\/pages\/2271\/revisions\/5682"}],"wp:attachment":[{"href":"https:\/\/mercigracias.ch\/index.php?rest_route=%2Fwp%2Fv2%2Fmedia&parent=2271"}],"curies":[{"name":"wp","href":"https:\/\/api.w.org\/{rel}","templated":true}]}}

<p class="wp-block-paragraph">&lt;Enregistré le 13 Octobre 2013&gt;</p>



<p class="wp-block-paragraph">Il avait voulu être incinéré, c&rsquo;est le premier qui avait demandé ça&#8230;</p>



<p class="wp-block-paragraph">&#8211; <em>Ça peut être interprété de deux sens&#8230; </em></p>



<ul class="wp-block-list">
<li><em>Je veux rester l&rsquo;inconnu&#8230;</em></li>



<li><em>Je veux qu&rsquo;il ne reste rien de moi&#8230;</em></li>
</ul>



<p class="wp-block-paragraph"><em>Pour les autres qui sont matières, ça peut être vu comme quelque chose de négatif&#8230; Mais si t&rsquo;es dans l&rsquo;être, ça veut dire que tu rejoins la communauté&#8230;</em></p>



<p class="wp-block-paragraph">&#8211; Moi, je suis aussi comme ça&#8230; Je reste dans l&rsquo;être !<br>Je perds mon corps, il n&rsquo;y a plus de corps.</p>



<p class="wp-block-paragraph">Moi aussi, je le rejoins comme ça. Quand on l&rsquo;a mis dans la fosse commune, pour moi c&rsquo;est l&rsquo;appartenance au tout. Il était enfin dans le tout, dans le tout&#8230; !</p>



<p class="wp-block-paragraph">C&rsquo;est vrai que maman, ma sœur et mon frère non plus, pour les incinération, ce n&rsquo;est pas leur truc&#8230; Ça serait intéressant de leur demander ce qu&rsquo;ils en pensent aujourd&rsquo;hui.</p>



<p class="wp-block-paragraph">Pour moi quand on l&rsquo;a mis là dans la fosse commune, c&rsquo;était ça&#8230; C&rsquo;était la communauté&#8230; Tout fait partie du tout. Voilà&#8230;</p>



<p class="wp-block-paragraph">&#8211; <em>Isa&#8230; Mais, il y avait deux versions aussi chez lui&#8230; Il y avait ce côté :</em></p>



<ul class="wp-block-list">
<li><em>Je fais partie du tout. </em></li>



<li><em>Je ne vous demande rien du tout&#8230;</em></li>
</ul>



<p class="wp-block-paragraph"><em>J&rsquo;ai été abandonné, en fait la vie m&rsquo;a abandonné&#8230; <br>Cet abandon qu&rsquo;il a eu de la part de sa mère&#8230; </em></p>



<p class="wp-block-paragraph">&#8211; Il a du le recréer indirectement, ou le construire pour se faire réabandonner une nouvelle fois&#8230; Quand il y a eu l&rsquo;histoire avec Maman&#8230; En fin de compte il avait recréé cet abandon que sa mère lui avait inculqué&#8230;</p>



<p class="wp-block-paragraph">Et c&rsquo;est pour ça que moi quand j&rsquo;ai eu l&rsquo;abandon avec mon mari, je me suis dit :<br>&#8211; Mais qu&rsquo;est ce qui se passe pour toi ?<br>Avoir été abandonnée dans ton enfance&#8230; à la naissance, puis abandonnée à 13 ans et que tu revives l&rsquo;abandon avec ton mari ?</p>



<p class="wp-block-paragraph">Jamais tu ne referas quelque chose dans ta vie avant d&rsquo;avoir compris et d&rsquo;avoir dépassé l&rsquo;abandon&#8230; parce que tu sais que l&rsquo;abandon, il est inscrit dans tes gênes&#8230; </p>



<ul class="wp-block-list">
<li>Il est inscrit dans tes cellules !</li>
</ul>



<p class="wp-block-paragraph">Mais tu n&rsquo;as rien fait pour avoir cet abandon&#8230; mais il vient d&rsquo;où ? <br>Mais c&rsquo;est qui, qui t&rsquo;a donné ça ?</p>



<p class="wp-block-paragraph">Pourquoi tu as de l&rsquo;abandon ?</p>



<p class="wp-block-paragraph">Qui c&rsquo;est qui t&rsquo;as abandonnée ?</p>



<p class="wp-block-paragraph">&#8211; <em>Pour comprendre ?</em><br>&#8211; Oui&#8230; pour comprendre !</p>



<p class="wp-block-paragraph">Mon Père, c&rsquo;était sa mère qui l&rsquo;avait abandonné à ses 13-14 ans, là autour&#8230; quand elle a dit :<br>&#8211; Tu as une autre sœur qui arrive, il faut lui laisser sa place&#8230; Elle l&rsquo;a abandonné à 14 ans, comme moi, à mes 13 ans&#8230; Dans les mêmes temps&#8230; Et quand j&rsquo;ai eu 33 ans, je me suis dit :<br>&#8211; Il va falloir que tu fasses face, à cet abandon, parce que celui-là, il est capital&#8230; Il y a quelque chose là-dedans&#8230; </p>



<p class="wp-block-paragraph">Et lui, il l&rsquo;avait créé par rapport à sa femme, il avait choisi des connards qui ont renversé son mariage, qui l&rsquo;ont amené vers un divorce, qui l&rsquo;ont amené vers différentes choses pour l&rsquo;amener à recréer l&rsquo;abandon, parce qu&rsquo;en fait il savait qu&rsquo;il avait cet abandon aussi&#8230; dans ses mémoires ! </p>



<p class="wp-block-paragraph">&#8211;<em>ll l&rsquo;acceptait&#8230; C&rsquo;était gravé en lui&#8230;</em>?</p>



<p class="wp-block-paragraph">Ces mémoires, quand elles sont là, tu va même recréer ton propre théâtre, toi-même&#8230; et l&rsquo;autre en face, il ne va rien y comprendre !</p>



<p class="wp-block-paragraph">Pourquoi la partie victime&#8230; et comme nos organes sont marqués ?<br>Quand on répète ces mouvements, ces choses de la vie&#8230; dans notre corps on répète aussi, avec nos gênes par rapport à tout ce qui se passe&#8230; il y a ce processus qui revient !</p>



<p class="wp-block-paragraph">Alors moi, je me suis dit :<br>&#8211; L&rsquo;abandon, je l&rsquo;ai, là du Père&#8230; J&rsquo;ai aussi l&rsquo;abandon aussi du papa à ma mère&#8230; qui avait perdu ses parents à l&rsquo;âge de 2 ans&#8230; de ma Grand-Mère qui avait aussi perdu sa maman à 8 ans&#8230;</p>



<p class="wp-block-paragraph">Donc l&rsquo;abandon, j&rsquo;ai dû faire le tour&#8230; pour comprendre, ce qu&rsquo;il avait dans l&rsquo;abandon, tout ce qu&rsquo;il y avait dans l&rsquo;abandon&#8230; et dans le mien,</p>



<p class="wp-block-paragraph">Tout ce qui faisait que moi, j&rsquo;avais l&rsquo;abandon&#8230; et pourquoi !?</p>



<p class="wp-block-paragraph">Parce que je m&rsquo;étais demandée&#8230;:<br>&#8211; Bon tu n&rsquo;as pas été gentille à 13 ans&#8230; ?<br>Mais non&#8230; Tu n&rsquo;as pas été méchante !<br>&#8230;et à zéro ans&#8230; pourquoi on t&rsquo;a abandonnée&#8230;?</p>



<p class="wp-block-paragraph">Mais tu n&rsquo;as rien fait karmiquement&#8230;</p>



<p class="wp-block-paragraph">Mais qu&rsquo;est ce qui a eu au niveau karmique quand tu es née&#8230; <br>On dit que tu nais avec ton truc, avec ton bagage&#8230; Mais qu&rsquo;est ce qui fait que génétiquement, dans ma famille, il y a tout ça ? <br>Qu&rsquo;est ce qui fait que je suis arrivée avec l&rsquo;abandon, déjà à la naissance&#8230;?</p>



<p class="wp-block-paragraph">Et si mon frère et ma sœur, on les a abandonné matériellement, et qu&rsquo;on les a laissé dans leur couchette, qu&rsquo;on les oubliait&#8230; le Père il avait dit à ma sœur :<br>&#8211; Ben, tu as eu de la chance d&rsquo;avoir eu ton père, qu&rsquo;il vienne te donner la bouteille parce que tu aurais été complètement oubliée&#8230;<br>Maman elle t&rsquo;oubliait totalement.</p>



<p class="wp-block-paragraph">C&rsquo;était lui qui allait la langer, lui qui allait s&rsquo;en occuper, qui les mettait dans leur couchette, mon frère et ma sœur.</p>



<p class="wp-block-paragraph">&#8211; <em>Elle faisait du déni&#8230; ?</em><br>&#8211; Non, elle était dans le commerce et elle oubliait&#8230; Mais ça va avec elle, comme tu vois maintenant, comme elle est&#8230;<br>Tu peux tout à fait le comprendre&#8230;</p>



<p class="wp-block-paragraph">&#8211; <em>C&rsquo;est drôle, c&rsquo;est un peu comme ton ex-mari qui met ta fille sous l&rsquo;escalier et qui l&rsquo;oublie&#8230;</em><br>&#8211; Oui&#8230; Il y a quelque chose qui est d&rsquo;assez drôle, hein&#8230;</p>



<p class="wp-block-paragraph">Et moi, mon frère et ma sœur me disaient :<br>&#8211; Toi, tu as eu de la chance&#8230; On t&rsquo;as directement mis dans un orphelinat, tu as été nourrie, et tu as été regardée, hein !&#8230;</p>



<p class="wp-block-paragraph"><em>Ce que ton frère et ta sœur te disaient&#8230; mais ta mère c&rsquo;était une bosseuse, il n&rsquo;y avait que ça qui comptait&#8230; Elle avait vécu les pénuries au moment de la guerre, quand sa mère trimait pour garder leur ferme</em>, a<em>lors elle continuait&#8230;</em></p>



<p class="wp-block-paragraph"></p>



<p class="wp-block-paragraph"></p>

<p>&lt;Enregistré le 13 Octobre 2013&gt; Il avait voulu être incinéré, c&rsquo;est le premier qui avait demandé ça&#8230; &#8211; Ça peut être interprété de deux sens&#8230; Pour les autres qui sont matières, ça peut être vu comme quelque chose de négatif&#8230; Mais si t&rsquo;es dans l&rsquo;être, ça veut dire que tu rejoins la communauté&#8230; &#8211; Moi, [&hellip;]</p>
