{"id":2291,"date":"2026-03-13T22:15:02","date_gmt":"2026-03-13T22:15:02","guid":{"rendered":"https:\/\/mercigracias.ch\/?page_id=2291"},"modified":"2026-06-29T15:20:42","modified_gmt":"2026-06-29T15:20:42","slug":"javais-peur-de-lui","status":"publish","type":"page","link":"https:\/\/mercigracias.ch\/?page_id=2291","title":{"rendered":"L&rsquo;autorit\u00e9 de mon p\u00e8re"},"content":{"rendered":"\n<p class=\"wp-block-paragraph\">&lt;Enregistr\u00e9 le 15 Septembre 2014&gt;<\/p>\n\n\n\n<p class=\"wp-block-paragraph\">Tu vois, on faisait presque piti\u00e9 dans le village parce que les gens savaient qu&rsquo;on \u00e9tait \u00e9lev\u00e9 \u00e0 la dure&#8230;<\/p>\n\n\n\n<p class=\"wp-block-paragraph\">Mon fr\u00e8re et ma s\u0153ur, m&rsquo;ont toujours dit qu&rsquo;ils avaient souffert du manque, mais moi j&rsquo;en ai jamais souffert&#8230;<\/p>\n\n\n\n<p class=\"wp-block-paragraph\">Mais je comprends pourquoi ils ont souffert, parce que quand ils allaient chez nos voisins le boulanger&#8230; les jeux qu&rsquo;ils avaient, ils auraient voulu les avoir&#8230; Tandis que pour moi, et bien quand on me pr\u00eatait la luge, ben&#8230; c&rsquo;\u00e9tait la luge, quand on me pr\u00eatait des skis&#8230; c&rsquo;\u00e9tait les skis, quand ils me pr\u00eataient des gants, ben&#8230; c&rsquo;\u00e9tait les gants, quand on me pr\u00eatait le cale\u00e7on de bain, ben&#8230; c&rsquo;\u00e9tait le cale\u00e7on de bain&#8230;<\/p>\n\n\n\n<p class=\"wp-block-paragraph\">C&rsquo;\u00e9tait pas MON cale\u00e7on de bain, Isabelle me disait :<br>&#8211; Tu viens jouer&#8230; ?<\/p>\n\n\n\n<p class=\"wp-block-paragraph\">Je disais :<br>&#8211; Ouais, je veux bien, mais j&rsquo;ai pas de luge&#8230;<br>&#8211; Oh, mais t&rsquo;as pas de luge ?<\/p>\n\n\n\n<p class=\"wp-block-paragraph\">&#8211; Non, parce que ma luge c&rsquo;est mon fr\u00e8re et ma s\u0153ur qui l&rsquo;occupent donc moi j&rsquo;en ai pas, la plus petite&#8230; puisque je ne vais pas avec eux, tu vois ?<br>-Aah bon ?<\/p>\n\n\n\n<p class=\"wp-block-paragraph\">A chaque fois c&rsquo;\u00e9tait :<br>&#8211; Je peux venir, mais je n&rsquo;ai pas&#8230;<br>&#8211; D&rsquo;accord&#8230; j&rsquo;ai demand\u00e9 \u00e0 papa, tu viens avec nous, au lac et tout&#8230;<\/p>\n\n\n\n<p class=\"wp-block-paragraph\">&#8211; Je veux bien venir au lac, mais je n&rsquo;ai pas de cale\u00e7on de bain et puis je n&rsquo;ai pas de bou\u00e9e, je n&rsquo;ai rien&#8230;<\/p>\n\n\n\n<p class=\"wp-block-paragraph\">Et leur p\u00e8re, le boulanger lui disait :<br>&#8211; Oh&#8230; mais va regarder en haut dans tous les cale\u00e7ons de bain, il y en a certainement un qui lui va&#8230;<\/p>\n\n\n\n<p class=\"wp-block-paragraph\">Avec tous ses enfants de toutes les tailles&#8230; Tu avais la corbeille avec tous les cale\u00e7ons de bains&#8230; et il me disait :<br>&#8211; Mais va en essayer, un&#8230; <\/p>\n\n\n\n<p class=\"wp-block-paragraph\">Tu vois c&rsquo;\u00e9tait comme au magasin&#8230;<br>&#8211; Aah super, il y en a un qui va&#8230;<\/p>\n\n\n\n<p class=\"wp-block-paragraph\">&#8211; <em>Et finalement \u00e7a se mettait en place tout seul et tu avais appris \u00e0 dire, pour qu&rsquo;il y ait une communion et le partage avec les autres&#8230; pour que les autres puissent partager avec toi&#8230;<\/em><br>&#8211; Voil\u00e0. C&rsquo;est \u00e0 dire que l&rsquo;envie de ma copine Isabelle, faisait en sorte que je puisse venir et jouer avec elle&#8230; Comme elle voulait que je sois avec elle, et bien&#8230; ma foi, elle disait \u00e0 papa&#8230;<br>&#8211; Elle veut bien mais elle n&rsquo;a pas&#8230; <br>&#8211; Alors pr\u00eate lui, qu&rsquo;il lui disait&#8230; Il y a tout ce qu&rsquo;il faut dans la maison.<\/p>\n\n\n\n<p class=\"wp-block-paragraph\">&#8211; <em>Ils ont \u00e9t\u00e9 sacr\u00e9ment formateur dans ta construction&#8230; <br>Ils ont \u00e9t\u00e9 de sacr\u00e9s pierres blanches pour toi&#8230;<\/em><\/p>\n\n\n\n<p class=\"wp-block-paragraph\">&#8211; C&rsquo;est bien pour \u00e7a que j&rsquo;ai voulu m&rsquo;appeler \u00ab\u00a0Isabelle\u00a0\u00bb&#8230; et leur p\u00e8re quand il entendait mon P\u00e8re siffler&#8230; Alors lui, il en \u00e9tait traumatis\u00e9 parce que mon P\u00e8re, faisait comme \u00e7a&#8230;<\/p>\n\n\n\n<ul class=\"wp-block-list\">\n<li>Ssssshhuuuuuiiiit !<\/li>\n<\/ul>\n\n\n\n<p class=\"wp-block-paragraph\">\u00c7a voulait dire :<\/p>\n\n\n\n<ul class=\"wp-block-list\">\n<li>Retour \u00e0 la maison&#8230;<\/li>\n<\/ul>\n\n\n\n<p class=\"wp-block-paragraph\">&#8230;Il faut aller faire les verres, il faut faire ci, il faut aller l\u00e0&#8230; et des fois quand j&rsquo;\u00e9tais en train de jouer \u00e0 la poup\u00e9e avec Isabelle ou des trucs comme \u00e7a, son p\u00e8re me disait :<br>&#8211; Cache toi, va vite en bas&#8230; Au laboratoire, en bas !<\/p>\n\n\n\n<p class=\"wp-block-paragraph\">Et moi je disais :<br>&#8211; Ooh non&#8230; Je dois y aller&#8230; et il disait&#8230;<br>&#8211; Non, il n&rsquo;y a pas besoin d&rsquo;y aller&#8230;<\/p>\n\n\n\n<p class=\"wp-block-paragraph\">Tu vois quand on entendait le sifflet&#8230;<\/p>\n\n\n\n<ul class=\"wp-block-list\">\n<li>On avait peur !<\/li>\n<\/ul>\n\n\n\n<p class=\"wp-block-paragraph\">\u00c7a veut dire&#8230; Militaire, ouais, au pied !<\/p>\n\n\n\n<p class=\"wp-block-paragraph\">&#8211; <em>Mais quand m\u00eame quand ton p\u00e8re sifflait comme \u00e7a, c&rsquo;\u00e9tait fait de mani\u00e8re arrogante ou c&rsquo;\u00e9tait finalement fait quand m\u00eame, comme quelque chose de doux ?<\/em><br>&#8211; Ben moi je ne le sentais pas comme quelque chose de dure&#8230; mais \u00e7a voulait dire :<\/p>\n\n\n\n<ul class=\"wp-block-list\">\n<li>Retour&#8230; Maintenant il faut venir travailler !<\/li>\n<\/ul>\n\n\n\n<p class=\"wp-block-paragraph\"><em>&#8211; Et quand vous arriviez, il vous accueillait de mani\u00e8re douce ou il vous accueillait m\u00e9chamment ?<\/em><br>&#8211; Ah non non&#8230; C&rsquo;\u00e9tait : <\/p>\n\n\n\n<ul class=\"wp-block-list\">\n<li>Je te cherche partout, maintenant il faut venir faire les verres, ou faire ici&#8230;<\/li>\n<\/ul>\n\n\n\n<p class=\"wp-block-paragraph\">Non, moi je n&rsquo;ai jamais re\u00e7u de trempes, de machins&#8230; Pas du tout ! Non non&#8230; Mais on en avait peur, parce qu&rsquo;on savait qu&rsquo;il fallait suivre&#8230; <\/p>\n\n\n\n<p class=\"wp-block-paragraph\">C&rsquo;\u00e9tait un petit peu comme \u00e0 l&rsquo;arm\u00e9e, tu vois&#8230;<br>C&rsquo;est comme quand tu vois \u00e0 l&rsquo;arm\u00e9e&#8230; Caporal, Machin, truc  chouette, hop ! C&rsquo;\u00e9tait \u00e7a&#8230;<\/p>\n\n\n\n<p class=\"wp-block-paragraph\">Mais derri\u00e8re \u00e7a, non, il n&rsquo;y avait pas toute cette violence. Pour \u00e7a, on a eu de la chance&#8230;<\/p>\n\n\n\n<p class=\"wp-block-paragraph\">Mais ce que je comprends, c&rsquo;est que pour mon fr\u00e8re et ma s\u0153ur si c&rsquo;\u00e9tait grave, c&rsquo;est parce qu&rsquo;ils voulaient AVOIR&#8230; Tandis que moi, on me pr\u00eatait quand j&rsquo;en avais besoin&#8230;<\/p>\n\n\n\n<p class=\"wp-block-paragraph\">Je me souviens \u00e0 un moment donn\u00e9, quand mon fr\u00e8re avait eu son bureau&#8230; j&rsquo;avais dit : <br>&#8211; Mais moi aussi j&rsquo;aimerais avoir un bureau pour faire mes devoirs&#8230; m&rsquo;assoir quelque part&#8230; Un bureau qui est chez moi, o\u00f9 je peux m&rsquo;assoir&#8230; Alors j&rsquo;avais demand\u00e9 \u00e0 mon fr\u00e8re&#8230;<br>&#8211; Est ce que tu es d&rsquo;accord que je vienne m&rsquo;assoir sur ton bureau quand je fais mes devoirs ?<\/p>\n\n\n\n<p class=\"wp-block-paragraph\">Et il m&rsquo;avait dit :<br>&#8211; Ben \u00e9coute&#8230; D&rsquo;accord, mais quand je ne suis pas l\u00e0&#8230; Et tu ne bouges pas mes affaires !<\/p>\n\n\n\n<p class=\"wp-block-paragraph\">D&rsquo;accord ? Ok&#8230; Voil\u00e0, j&rsquo;avais un bureau, de temps en temps quand il n&rsquo;\u00e9tait pas l\u00e0&#8230; C&rsquo;\u00e9tait LE bureau&#8230; C&rsquo;\u00e9tait pas MON bureau&#8230;<\/p>\n\n\n\n<p class=\"wp-block-paragraph\">C&rsquo;est le bureau sur lequel il travaille toujours encore. Celui qu&rsquo;il a encore chez lui&#8230; Oui, je crois bien.<\/p>\n\n\n\n<p class=\"wp-block-paragraph\">Parce qu&rsquo;il l&rsquo;avait repris quand le P\u00e8re est d\u00e9c\u00e9d\u00e9&#8230; Je crois qu&rsquo;il l&rsquo;a en bas dans son sous sol. C&rsquo;\u00e9tait du ch\u00eane, du vrai bois&#8230;<\/p>\n","protected":false},"excerpt":{"rendered":"<p>&lt;Enregistr\u00e9 le 15 Septembre 2014&gt; Tu vois, on faisait presque piti\u00e9 dans le village parce que les gens savaient qu&rsquo;on \u00e9tait \u00e9lev\u00e9 \u00e0 la dure&#8230; Mon fr\u00e8re et ma s\u0153ur, m&rsquo;ont toujours dit qu&rsquo;ils avaient souffert du manque, mais moi j&rsquo;en ai jamais souffert&#8230; Mais je comprends pourquoi ils ont souffert, parce que quand ils [&hellip;]<\/p>\n","protected":false},"author":1,"featured_media":0,"parent":0,"menu_order":0,"comment_status":"open","ping_status":"closed","template":"pages-chapitre-08","meta":{"footnotes":""},"class_list":["post-2291","page","type-page","status-publish","hentry"],"jetpack_sharing_enabled":true,"_links":{"self":[{"href":"https:\/\/mercigracias.ch\/index.php?rest_route=\/wp\/v2\/pages\/2291","targetHints":{"allow":["GET"]}}],"collection":[{"href":"https:\/\/mercigracias.ch\/index.php?rest_route=\/wp\/v2\/pages"}],"about":[{"href":"https:\/\/mercigracias.ch\/index.php?rest_route=\/wp\/v2\/types\/page"}],"author":[{"embeddable":true,"href":"https:\/\/mercigracias.ch\/index.php?rest_route=\/wp\/v2\/users\/1"}],"replies":[{"embeddable":true,"href":"https:\/\/mercigracias.ch\/index.php?rest_route=%2Fwp%2Fv2%2Fcomments&post=2291"}],"version-history":[{"count":8,"href":"https:\/\/mercigracias.ch\/index.php?rest_route=\/wp\/v2\/pages\/2291\/revisions"}],"predecessor-version":[{"id":5044,"href":"https:\/\/mercigracias.ch\/index.php?rest_route=\/wp\/v2\/pages\/2291\/revisions\/5044"}],"wp:attachment":[{"href":"https:\/\/mercigracias.ch\/index.php?rest_route=%2Fwp%2Fv2%2Fmedia&parent=2291"}],"curies":[{"name":"wp","href":"https:\/\/api.w.org\/{rel}","templated":true}]}}

L&rsquo;autorité de mon père

<p class="wp-block-paragraph">&lt;Enregistré le 15 Septembre 2014&gt;</p>



<p class="wp-block-paragraph">Tu vois, on faisait presque pitié dans le village parce que les gens savaient qu&rsquo;on était élevé à la dure&#8230;</p>



<p class="wp-block-paragraph">Mon frère et ma sœur, m&rsquo;ont toujours dit qu&rsquo;ils avaient souffert du manque, mais moi j&rsquo;en ai jamais souffert&#8230;</p>



<p class="wp-block-paragraph">Mais je comprends pourquoi ils ont souffert, parce que quand ils allaient chez nos voisins le boulanger&#8230; les jeux qu&rsquo;ils avaient, ils auraient voulu les avoir&#8230; Tandis que pour moi, et bien quand on me prêtait la luge, ben&#8230; c&rsquo;était la luge, quand on me prêtait des skis&#8230; c&rsquo;était les skis, quand ils me prêtaient des gants, ben&#8230; c&rsquo;était les gants, quand on me prêtait le caleçon de bain, ben&#8230; c&rsquo;était le caleçon de bain&#8230;</p>



<p class="wp-block-paragraph">C&rsquo;était pas MON caleçon de bain, Isabelle me disait :<br>&#8211; Tu viens jouer&#8230; ?</p>



<p class="wp-block-paragraph">Je disais :<br>&#8211; Ouais, je veux bien, mais j&rsquo;ai pas de luge&#8230;<br>&#8211; Oh, mais t&rsquo;as pas de luge ?</p>



<p class="wp-block-paragraph">&#8211; Non, parce que ma luge c&rsquo;est mon frère et ma sœur qui l&rsquo;occupent donc moi j&rsquo;en ai pas, la plus petite&#8230; puisque je ne vais pas avec eux, tu vois ?<br>-Aah bon ?</p>



<p class="wp-block-paragraph">A chaque fois c&rsquo;était :<br>&#8211; Je peux venir, mais je n&rsquo;ai pas&#8230;<br>&#8211; D&rsquo;accord&#8230; j&rsquo;ai demandé à papa, tu viens avec nous, au lac et tout&#8230;</p>



<p class="wp-block-paragraph">&#8211; Je veux bien venir au lac, mais je n&rsquo;ai pas de caleçon de bain et puis je n&rsquo;ai pas de bouée, je n&rsquo;ai rien&#8230;</p>



<p class="wp-block-paragraph">Et leur père, le boulanger lui disait :<br>&#8211; Oh&#8230; mais va regarder en haut dans tous les caleçons de bain, il y en a certainement un qui lui va&#8230;</p>



<p class="wp-block-paragraph">Avec tous ses enfants de toutes les tailles&#8230; Tu avais la corbeille avec tous les caleçons de bains&#8230; et il me disait :<br>&#8211; Mais va en essayer, un&#8230; </p>



<p class="wp-block-paragraph">Tu vois c&rsquo;était comme au magasin&#8230;<br>&#8211; Aah super, il y en a un qui va&#8230;</p>



<p class="wp-block-paragraph">&#8211; <em>Et finalement ça se mettait en place tout seul et tu avais appris à dire, pour qu&rsquo;il y ait une communion et le partage avec les autres&#8230; pour que les autres puissent partager avec toi&#8230;</em><br>&#8211; Voilà. C&rsquo;est à dire que l&rsquo;envie de ma copine Isabelle, faisait en sorte que je puisse venir et jouer avec elle&#8230; Comme elle voulait que je sois avec elle, et bien&#8230; ma foi, elle disait à papa&#8230;<br>&#8211; Elle veut bien mais elle n&rsquo;a pas&#8230; <br>&#8211; Alors prête lui, qu&rsquo;il lui disait&#8230; Il y a tout ce qu&rsquo;il faut dans la maison.</p>



<p class="wp-block-paragraph">&#8211; <em>Ils ont été sacrément formateur dans ta construction&#8230; <br>Ils ont été de sacrés pierres blanches pour toi&#8230;</em></p>



<p class="wp-block-paragraph">&#8211; C&rsquo;est bien pour ça que j&rsquo;ai voulu m&rsquo;appeler « Isabelle »&#8230; et leur père quand il entendait mon Père siffler&#8230; Alors lui, il en était traumatisé parce que mon Père, faisait comme ça&#8230;</p>



<ul class="wp-block-list">
<li>Ssssshhuuuuuiiiit !</li>
</ul>



<p class="wp-block-paragraph">Ça voulait dire :</p>



<ul class="wp-block-list">
<li>Retour à la maison&#8230;</li>
</ul>



<p class="wp-block-paragraph">&#8230;Il faut aller faire les verres, il faut faire ci, il faut aller là&#8230; et des fois quand j&rsquo;étais en train de jouer à la poupée avec Isabelle ou des trucs comme ça, son père me disait :<br>&#8211; Cache toi, va vite en bas&#8230; Au laboratoire, en bas !</p>



<p class="wp-block-paragraph">Et moi je disais :<br>&#8211; Ooh non&#8230; Je dois y aller&#8230; et il disait&#8230;<br>&#8211; Non, il n&rsquo;y a pas besoin d&rsquo;y aller&#8230;</p>



<p class="wp-block-paragraph">Tu vois quand on entendait le sifflet&#8230;</p>



<ul class="wp-block-list">
<li>On avait peur !</li>
</ul>



<p class="wp-block-paragraph">Ça veut dire&#8230; Militaire, ouais, au pied !</p>



<p class="wp-block-paragraph">&#8211; <em>Mais quand même quand ton père sifflait comme ça, c&rsquo;était fait de manière arrogante ou c&rsquo;était finalement fait quand même, comme quelque chose de doux ?</em><br>&#8211; Ben moi je ne le sentais pas comme quelque chose de dure&#8230; mais ça voulait dire :</p>



<ul class="wp-block-list">
<li>Retour&#8230; Maintenant il faut venir travailler !</li>
</ul>



<p class="wp-block-paragraph"><em>&#8211; Et quand vous arriviez, il vous accueillait de manière douce ou il vous accueillait méchamment ?</em><br>&#8211; Ah non non&#8230; C&rsquo;était : </p>



<ul class="wp-block-list">
<li>Je te cherche partout, maintenant il faut venir faire les verres, ou faire ici&#8230;</li>
</ul>



<p class="wp-block-paragraph">Non, moi je n&rsquo;ai jamais reçu de trempes, de machins&#8230; Pas du tout ! Non non&#8230; Mais on en avait peur, parce qu&rsquo;on savait qu&rsquo;il fallait suivre&#8230; </p>



<p class="wp-block-paragraph">C&rsquo;était un petit peu comme à l&rsquo;armée, tu vois&#8230;<br>C&rsquo;est comme quand tu vois à l&rsquo;armée&#8230; Caporal, Machin, truc  chouette, hop ! C&rsquo;était ça&#8230;</p>



<p class="wp-block-paragraph">Mais derrière ça, non, il n&rsquo;y avait pas toute cette violence. Pour ça, on a eu de la chance&#8230;</p>



<p class="wp-block-paragraph">Mais ce que je comprends, c&rsquo;est que pour mon frère et ma sœur si c&rsquo;était grave, c&rsquo;est parce qu&rsquo;ils voulaient AVOIR&#8230; Tandis que moi, on me prêtait quand j&rsquo;en avais besoin&#8230;</p>



<p class="wp-block-paragraph">Je me souviens à un moment donné, quand mon frère avait eu son bureau&#8230; j&rsquo;avais dit : <br>&#8211; Mais moi aussi j&rsquo;aimerais avoir un bureau pour faire mes devoirs&#8230; m&rsquo;assoir quelque part&#8230; Un bureau qui est chez moi, où je peux m&rsquo;assoir&#8230; Alors j&rsquo;avais demandé à mon frère&#8230;<br>&#8211; Est ce que tu es d&rsquo;accord que je vienne m&rsquo;assoir sur ton bureau quand je fais mes devoirs ?</p>



<p class="wp-block-paragraph">Et il m&rsquo;avait dit :<br>&#8211; Ben écoute&#8230; D&rsquo;accord, mais quand je ne suis pas là&#8230; Et tu ne bouges pas mes affaires !</p>



<p class="wp-block-paragraph">D&rsquo;accord ? Ok&#8230; Voilà, j&rsquo;avais un bureau, de temps en temps quand il n&rsquo;était pas là&#8230; C&rsquo;était LE bureau&#8230; C&rsquo;était pas MON bureau&#8230;</p>



<p class="wp-block-paragraph">C&rsquo;est le bureau sur lequel il travaille toujours encore. Celui qu&rsquo;il a encore chez lui&#8230; Oui, je crois bien.</p>



<p class="wp-block-paragraph">Parce qu&rsquo;il l&rsquo;avait repris quand le Père est décédé&#8230; Je crois qu&rsquo;il l&rsquo;a en bas dans son sous sol. C&rsquo;était du chêne, du vrai bois&#8230;</p>

<p>&lt;Enregistré le 15 Septembre 2014&gt; Tu vois, on faisait presque pitié dans le village parce que les gens savaient qu&rsquo;on était élevé à la dure&#8230; Mon frère et ma sœur, m&rsquo;ont toujours dit qu&rsquo;ils avaient souffert du manque, mais moi j&rsquo;en ai jamais souffert&#8230; Mais je comprends pourquoi ils ont souffert, parce que quand ils [&hellip;]</p>
