{"id":2310,"date":"2026-03-14T22:11:38","date_gmt":"2026-03-14T22:11:38","guid":{"rendered":"https:\/\/mercigracias.ch\/?page_id=2310"},"modified":"2026-06-29T20:13:43","modified_gmt":"2026-06-29T20:13:43","slug":"costa-rica-le-mexique","status":"publish","type":"page","link":"https:\/\/mercigracias.ch\/?page_id=2310","title":{"rendered":"Costa rica, le Mexique !"},"content":{"rendered":"\n<p class=\"wp-block-paragraph\">&lt;Enregistr\u00e9 le 28 et 29 Ao\u00fbt 2014&gt;<\/p>\n\n\n\n<p class=\"wp-block-paragraph\">C&rsquo;est apr\u00e8s No\u00ebl qu&rsquo;il est parti avec Loana aux Cara\u00efbes et au Mexique&#8230; Il a fait sa petite semaine aux Cara\u00efbes&#8230; <br>Il n&rsquo;\u00e9tait pas l\u00e0 pour nos anniversaires, ni de son fils, de sa fille ni le mien, un mois et demi apr\u00e8s No\u00ebl&#8230;<\/p>\n\n\n\n<p class=\"wp-block-paragraph\">La Grand-M\u00e8re m&rsquo;a dit :<br>&#8211; Non mais, tu ne vas pas le laisser partir comme \u00e7a aux Cara\u00efbes avec cette poule&#8230; Mais c&rsquo;est une pute\u00a0!<\/p>\n\n\n\n<p class=\"wp-block-paragraph\">Je lui dis :<br>&#8211; Mais non&#8230; Mon mari, il a dit qu&rsquo;il devait poser l\u00e0-bas son usine, ici il ne peut pas travailler, on lui fait trop de mis\u00e8res&#8230;\u00a0<\/p>\n\n\n\n<p class=\"wp-block-paragraph\">&#8211; Mais, j&rsquo;te dis&#8230;\u00a0! Qu&rsquo;elle me disait&#8230;<br>&#8211; Mais non, arr\u00eatez&#8230; Vous voyez du mal partout !<\/p>\n\n\n\n<p class=\"wp-block-paragraph\">Et elle me dit :<br>&#8211; Mais dis donc&#8230; pour qu&rsquo;une maman, dise \u00e7a \u00e0 sa belle-fille&#8230; Normalement, une maman ne dit pas \u00e7a \u00e0 sa belle-fille !<br>Puisque j&rsquo;te dis&#8230; Il est parti avec une pute, maintenant&#8230;<br>&#8211; Mais non&#8230;<\/p>\n\n\n\n<p class=\"wp-block-paragraph\">&#8211; <em>Comme la fois o\u00f9 il \u00e9tait parti en Italie ?<\/em><br>&#8211; Mais c&rsquo;\u00e9tait la m\u00eame&#8230; Il est parti avec la m\u00eame ! <br>Six mois avant, il \u00e9tait d\u00e9j\u00e0 parti avec elle en Italie !<\/p>\n\n\n\n<p class=\"wp-block-paragraph\">Tout \u00e7a, parce que je lui avais dit d&rsquo;engager des \u00e9trangers, et des \u00e9tudiants&#8230; Justement, c&rsquo;est elle, Loana qui a du lui dire :<br>&#8211; Maintenant il faut aller au Mexique !<\/p>\n\n\n\n<p class=\"wp-block-paragraph\">Mais l&rsquo;id\u00e9e d&rsquo;avoir des \u00e9tudiants, des gens l\u00e0-dedans pour l&rsquo;aider \u00e0 mettre en place, c&rsquo;\u00e9tait mon id\u00e9e !<\/p>\n\n\n\n<p class=\"wp-block-paragraph\">Tu vois, moi j&rsquo;\u00e9tais tellement occup\u00e9e&#8230; Et il s&rsquo;\u00e9tait embarqu\u00e9 l\u00e0-dedans avec sa mexicaine \u00e0 cause de la boule du monde&#8230;<\/p>\n\n\n\n<p class=\"wp-block-paragraph\">C&rsquo;est la boule du monde qui a d\u00e9clench\u00e9 tout ce machin pour aller l\u00e0-bas, pour avoir une main d&rsquo;\u0153uvre bon march\u00e9, ni contr\u00f4le&#8230;<\/p>\n\n\n\n<p class=\"wp-block-paragraph\"> Donc il \u00e9tait parti pour visiter le Costa Rica avec Loana ! <\/p>\n\n\n\n<p class=\"wp-block-paragraph\">Mais finalement, il avait d\u00e9cid\u00e9 d&rsquo;aller au Mexique, parce dans ses annonce, il avait mis \u00ab\u00a0Cherche Mexicaine&#8230;\u00a0\u00bb, c&rsquo;est comme \u00e7a qu&rsquo;il avait trouv\u00e9 Loana et Marilou&#8230;<\/p>\n\n\n\n<p class=\"wp-block-paragraph\">C&rsquo;est l\u00e0, qu&rsquo;il \u00e9tait parti pour d\u00e9couvrir le Costa Rica&#8230; Mais en fin de compte il \u00e9tait parti au Mexique avec Loana&#8230; C&rsquo;est clair qu&rsquo;il avait d\u00fb y avoir quelque chose&#8230;<\/p>\n\n\n\n<p class=\"wp-block-paragraph\">Et arriv\u00e9 l\u00e0-bas, il pleurait, il me t\u00e9l\u00e9phone et il me dit :<br>&#8211; Je ne peux pas rester dans ce pays&#8230; Ils sont tous moches, je croyais qu&rsquo;ils \u00e9taient beaux, mais je ne peux pas \u00eatre dans un pays o\u00f9 ils sont tous moches&#8230; qu&rsquo;il me dit.<\/p>\n\n\n\n<p class=\"wp-block-paragraph\">Alors je lui dis :<br>&#8211; Ecoute, moi j&rsquo;ai du boulot ici&#8230; J&rsquo;avais du boulot par dessus la t\u00eate, ben, voil\u00e0&#8230; tu pensais&#8230; Voil\u00e0, ce n&rsquo;est pas possible, rentre !<br>C&rsquo;est une histoire qui est close&#8230;<\/p>\n\n\n\n<p class=\"wp-block-paragraph\">Et bien non&#8230; \u00e7a ne faisait que de commencer !<\/p>\n\n\n\n<p class=\"wp-block-paragraph\">Parce que comme la Grand-M\u00e8re m&rsquo;avait dit&#8230;<br>&#8211; Tu le laisses partir 15 jours en vacances avec une femme ?<br>Mais t&rsquo;es cingl\u00e9e ou quoi\u00a0!<\/p>\n\n\n\n<p class=\"wp-block-paragraph\">Alors je m&rsquo;\u00e9tais dit :<br>&#8211; Attends, en revenant on va vite savoir&#8230;<\/p>\n\n\n\n<p class=\"wp-block-paragraph\">Ben voil\u00e0&#8230; \u00c7a s&rsquo;est vite pr\u00e9sent\u00e9. Un jour, elle s&rsquo;\u00e9tait annonc\u00e9e comme malade au boulot et moi je vais en ville avec mon mari et je la trouve, l\u00e0, en ville&#8230; Alors je lui dis :<br>&#8211; Mais vous \u00e9tiez cens\u00e9e \u00eatre malade&#8230;!?<\/p>\n\n\n\n<p class=\"wp-block-paragraph\">Mon mari, lui ne disait rien&#8230;<br>Et elle me dit&#8230;<br>&#8211; Oui, Oui&#8230; Ouais mais je dois quand m\u00eame sortir pour faire mes commissions&#8230;<br>&#8211; Mais vous n&rsquo;avez pas l&rsquo;air d&rsquo;\u00eatre malade, pas le moins du monde&#8230;<\/p>\n\n\n\n<p class=\"wp-block-paragraph\">Et quand je suis revenue \u00e0 la maison, je dis \u00e0 mon mari que sa m\u00e8re avait toujours pens\u00e9 qu&rsquo;il avait eu une histoire&#8230;<br>&#8211; Moi, je ne sais pas, mais on va tout de suite savoir&#8230; ou tu la mets dehors et il n&rsquo;y avait pas d&rsquo;histoire, ou bien tu la gardes dans l&rsquo;entreprise et il y avait une histoire&#8230;<\/p>\n\n\n\n<ul class=\"wp-block-list\">\n<li>Qu&rsquo;est ce que tu fais&#8230;?<\/li>\n<\/ul>\n\n\n\n<p class=\"wp-block-paragraph\">Et le lendemain, c&rsquo;\u00e9tait clair, ce qui allait se passer avec elle&#8230; Il l&rsquo;a mis dehors ! <\/p>\n\n\n\n<p class=\"wp-block-paragraph\">Mais je lui avais mis le couteau sous la gorge&#8230;<br><\/p>\n","protected":false},"excerpt":{"rendered":"<p>&lt;Enregistr\u00e9 le 28 et 29 Ao\u00fbt 2014&gt; C&rsquo;est apr\u00e8s No\u00ebl qu&rsquo;il est parti avec Loana aux Cara\u00efbes et au Mexique&#8230; Il a fait sa petite semaine aux Cara\u00efbes&#8230; Il n&rsquo;\u00e9tait pas l\u00e0 pour nos anniversaires, ni de son fils, de sa fille ni le mien, un mois et demi apr\u00e8s No\u00ebl&#8230; La Grand-M\u00e8re m&rsquo;a dit [&hellip;]<\/p>\n","protected":false},"author":1,"featured_media":0,"parent":0,"menu_order":0,"comment_status":"open","ping_status":"closed","template":"pages-chapitre-08","meta":{"footnotes":""},"class_list":["post-2310","page","type-page","status-publish","hentry"],"jetpack_sharing_enabled":true,"_links":{"self":[{"href":"https:\/\/mercigracias.ch\/index.php?rest_route=\/wp\/v2\/pages\/2310","targetHints":{"allow":["GET"]}}],"collection":[{"href":"https:\/\/mercigracias.ch\/index.php?rest_route=\/wp\/v2\/pages"}],"about":[{"href":"https:\/\/mercigracias.ch\/index.php?rest_route=\/wp\/v2\/types\/page"}],"author":[{"embeddable":true,"href":"https:\/\/mercigracias.ch\/index.php?rest_route=\/wp\/v2\/users\/1"}],"replies":[{"embeddable":true,"href":"https:\/\/mercigracias.ch\/index.php?rest_route=%2Fwp%2Fv2%2Fcomments&post=2310"}],"version-history":[{"count":6,"href":"https:\/\/mercigracias.ch\/index.php?rest_route=\/wp\/v2\/pages\/2310\/revisions"}],"predecessor-version":[{"id":5049,"href":"https:\/\/mercigracias.ch\/index.php?rest_route=\/wp\/v2\/pages\/2310\/revisions\/5049"}],"wp:attachment":[{"href":"https:\/\/mercigracias.ch\/index.php?rest_route=%2Fwp%2Fv2%2Fmedia&parent=2310"}],"curies":[{"name":"wp","href":"https:\/\/api.w.org\/{rel}","templated":true}]}}

<p class="wp-block-paragraph">&lt;Enregistré le 28 et 29 Août 2014&gt;</p>



<p class="wp-block-paragraph">C&rsquo;est après Noël qu&rsquo;il est parti avec Loana aux Caraïbes et au Mexique&#8230; Il a fait sa petite semaine aux Caraïbes&#8230; <br>Il n&rsquo;était pas là pour nos anniversaires, ni de son fils, de sa fille ni le mien, un mois et demi après Noël&#8230;</p>



<p class="wp-block-paragraph">La Grand-Mère m&rsquo;a dit :<br>&#8211; Non mais, tu ne vas pas le laisser partir comme ça aux Caraïbes avec cette poule&#8230; Mais c&rsquo;est une pute !</p>



<p class="wp-block-paragraph">Je lui dis :<br>&#8211; Mais non&#8230; Mon mari, il a dit qu&rsquo;il devait poser là-bas son usine, ici il ne peut pas travailler, on lui fait trop de misères&#8230; </p>



<p class="wp-block-paragraph">&#8211; Mais, j&rsquo;te dis&#8230; ! Qu&rsquo;elle me disait&#8230;<br>&#8211; Mais non, arrêtez&#8230; Vous voyez du mal partout !</p>



<p class="wp-block-paragraph">Et elle me dit :<br>&#8211; Mais dis donc&#8230; pour qu&rsquo;une maman, dise ça à sa belle-fille&#8230; Normalement, une maman ne dit pas ça à sa belle-fille !<br>Puisque j&rsquo;te dis&#8230; Il est parti avec une pute, maintenant&#8230;<br>&#8211; Mais non&#8230;</p>



<p class="wp-block-paragraph">&#8211; <em>Comme la fois où il était parti en Italie ?</em><br>&#8211; Mais c&rsquo;était la même&#8230; Il est parti avec la même ! <br>Six mois avant, il était déjà parti avec elle en Italie !</p>



<p class="wp-block-paragraph">Tout ça, parce que je lui avais dit d&rsquo;engager des étrangers, et des étudiants&#8230; Justement, c&rsquo;est elle, Loana qui a du lui dire :<br>&#8211; Maintenant il faut aller au Mexique !</p>



<p class="wp-block-paragraph">Mais l&rsquo;idée d&rsquo;avoir des étudiants, des gens là-dedans pour l&rsquo;aider à mettre en place, c&rsquo;était mon idée !</p>



<p class="wp-block-paragraph">Tu vois, moi j&rsquo;étais tellement occupée&#8230; Et il s&rsquo;était embarqué là-dedans avec sa mexicaine à cause de la boule du monde&#8230;</p>



<p class="wp-block-paragraph">C&rsquo;est la boule du monde qui a déclenché tout ce machin pour aller là-bas, pour avoir une main d&rsquo;œuvre bon marché, ni contrôle&#8230;</p>



<p class="wp-block-paragraph"> Donc il était parti pour visiter le Costa Rica avec Loana ! </p>



<p class="wp-block-paragraph">Mais finalement, il avait décidé d&rsquo;aller au Mexique, parce dans ses annonce, il avait mis « Cherche Mexicaine&#8230; », c&rsquo;est comme ça qu&rsquo;il avait trouvé Loana et Marilou&#8230;</p>



<p class="wp-block-paragraph">C&rsquo;est là, qu&rsquo;il était parti pour découvrir le Costa Rica&#8230; Mais en fin de compte il était parti au Mexique avec Loana&#8230; C&rsquo;est clair qu&rsquo;il avait dû y avoir quelque chose&#8230;</p>



<p class="wp-block-paragraph">Et arrivé là-bas, il pleurait, il me téléphone et il me dit :<br>&#8211; Je ne peux pas rester dans ce pays&#8230; Ils sont tous moches, je croyais qu&rsquo;ils étaient beaux, mais je ne peux pas être dans un pays où ils sont tous moches&#8230; qu&rsquo;il me dit.</p>



<p class="wp-block-paragraph">Alors je lui dis :<br>&#8211; Ecoute, moi j&rsquo;ai du boulot ici&#8230; J&rsquo;avais du boulot par dessus la tête, ben, voilà&#8230; tu pensais&#8230; Voilà, ce n&rsquo;est pas possible, rentre !<br>C&rsquo;est une histoire qui est close&#8230;</p>



<p class="wp-block-paragraph">Et bien non&#8230; ça ne faisait que de commencer !</p>



<p class="wp-block-paragraph">Parce que comme la Grand-Mère m&rsquo;avait dit&#8230;<br>&#8211; Tu le laisses partir 15 jours en vacances avec une femme ?<br>Mais t&rsquo;es cinglée ou quoi !</p>



<p class="wp-block-paragraph">Alors je m&rsquo;étais dit :<br>&#8211; Attends, en revenant on va vite savoir&#8230;</p>



<p class="wp-block-paragraph">Ben voilà&#8230; Ça s&rsquo;est vite présenté. Un jour, elle s&rsquo;était annoncée comme malade au boulot et moi je vais en ville avec mon mari et je la trouve, là, en ville&#8230; Alors je lui dis :<br>&#8211; Mais vous étiez censée être malade&#8230;!?</p>



<p class="wp-block-paragraph">Mon mari, lui ne disait rien&#8230;<br>Et elle me dit&#8230;<br>&#8211; Oui, Oui&#8230; Ouais mais je dois quand même sortir pour faire mes commissions&#8230;<br>&#8211; Mais vous n&rsquo;avez pas l&rsquo;air d&rsquo;être malade, pas le moins du monde&#8230;</p>



<p class="wp-block-paragraph">Et quand je suis revenue à la maison, je dis à mon mari que sa mère avait toujours pensé qu&rsquo;il avait eu une histoire&#8230;<br>&#8211; Moi, je ne sais pas, mais on va tout de suite savoir&#8230; ou tu la mets dehors et il n&rsquo;y avait pas d&rsquo;histoire, ou bien tu la gardes dans l&rsquo;entreprise et il y avait une histoire&#8230;</p>



<ul class="wp-block-list">
<li>Qu&rsquo;est ce que tu fais&#8230;?</li>
</ul>



<p class="wp-block-paragraph">Et le lendemain, c&rsquo;était clair, ce qui allait se passer avec elle&#8230; Il l&rsquo;a mis dehors ! </p>



<p class="wp-block-paragraph">Mais je lui avais mis le couteau sous la gorge&#8230;<br></p>

<p>&lt;Enregistré le 28 et 29 Août 2014&gt; C&rsquo;est après Noël qu&rsquo;il est parti avec Loana aux Caraïbes et au Mexique&#8230; Il a fait sa petite semaine aux Caraïbes&#8230; Il n&rsquo;était pas là pour nos anniversaires, ni de son fils, de sa fille ni le mien, un mois et demi après Noël&#8230; La Grand-Mère m&rsquo;a dit [&hellip;]</p>
