{"id":2326,"date":"2026-03-15T10:15:07","date_gmt":"2026-03-15T10:15:07","guid":{"rendered":"https:\/\/mercigracias.ch\/?page_id=2326"},"modified":"2026-06-29T20:18:44","modified_gmt":"2026-06-29T20:18:44","slug":"la-boule-du-monde","status":"publish","type":"page","link":"https:\/\/mercigracias.ch\/?page_id=2326","title":{"rendered":"La boule du monde"},"content":{"rendered":"\n<p class=\"wp-block-paragraph\">&lt;Enregistr\u00e9 le 28 Ao\u00fbt 2014&gt;<\/p>\n\n\n\n<figure class=\"wp-block-audio\"><audio controls src=\"https:\/\/mercigracias.ch\/wp-content\/uploads\/2026\/03\/LaBouleDuMonde.m4a\"><\/audio><\/figure>\n\n\n\n<p class=\"wp-block-paragraph\">Et tout \u00e7a, parce que je lui avais achet\u00e9 la boule du monde pour No\u00ebl&#8230; La boule du monde, tu sais, la mappemonde \u00e9clair\u00e9e&#8230; Le globe&#8230;<br>Je l&rsquo;ai rachet\u00e9e par la suite, parce que je me suis dit :<br>&#8211; Ah ben celle-l\u00e0 c&rsquo;est toute une histoire&#8230;<\/p>\n\n\n\n<p class=\"wp-block-paragraph\">Mais lui, il est parti avec sa mappemonde&#8230; <\/p>\n\n\n\n<div class=\"wp-block-group is-nowrap is-layout-flex wp-container-core-group-is-layout-3a88641f wp-block-group-is-layout-flex\">\n<figure class=\"wp-block-image size-large\"><img loading=\"lazy\" decoding=\"async\" width=\"768\" height=\"1024\" src=\"https:\/\/mercigracias.ch\/wp-content\/uploads\/2026\/03\/LaBouleDuMonde-768x1024.jpeg\" alt=\"\" class=\"wp-image-2329\" style=\"aspect-ratio:3\/4;object-fit:cover\" srcset=\"https:\/\/mercigracias.ch\/wp-content\/uploads\/2026\/03\/LaBouleDuMonde-768x1024.jpeg 768w, https:\/\/mercigracias.ch\/wp-content\/uploads\/2026\/03\/LaBouleDuMonde-225x300.jpeg 225w, https:\/\/mercigracias.ch\/wp-content\/uploads\/2026\/03\/LaBouleDuMonde-1152x1536.jpeg 1152w, https:\/\/mercigracias.ch\/wp-content\/uploads\/2026\/03\/LaBouleDuMonde-1536x2048.jpeg 1536w, https:\/\/mercigracias.ch\/wp-content\/uploads\/2026\/03\/LaBouleDuMonde-scaled.jpeg 1920w\" sizes=\"auto, (max-width: 768px) 100vw, 768px\" \/><\/figure>\n<\/div>\n\n\n\n<p class=\"wp-block-paragraph\">&#8211; Oui&#8230; il est parti avec&#8230; Le jour o\u00f9 je lui ai offert \u00e7a&#8230; Il \u00e9tait l\u00e0, tous les soirs \u00e0 rester \u00e0 c\u00f4t\u00e9, \u00e0 r\u00eaver et puis \u00e0 la tourner, tourner, tourner&#8230;<\/p>\n\n\n\n<p class=\"wp-block-paragraph\">Ah je te promets&#8230; Ah oui, c&rsquo;\u00e9tait sa bible !<\/p>\n\n\n\n<p class=\"wp-block-paragraph\">&#8211; <em>Alors ce n&rsquo;\u00e9tait pas des blagues ce que tu racontais ?<\/em><br>&#8211; Non, c&rsquo;\u00e9tait pas une blague&#8230;<\/p>\n\n\n\n<p class=\"wp-block-paragraph\">&#8230;<em>en lui ayant offert une mappemonde, \u00e7a lui avait d\u00e9clench\u00e9 l&rsquo;envie d&rsquo;une escapade et de d\u00e9couvrir le monde&#8230; \u00c7a a \u00e9t\u00e9 son nouveau sens de la vie, son nouveau challenge, essayer de conqu\u00e9rir le monde&#8230;?<\/em><\/p>\n\n\n\n<p class=\"wp-block-paragraph\">Je lui avais donn\u00e9 tous les tuyaux, je lui avais d\u00e9j\u00e0 conseill\u00e9 de prendre des \u00e9tudiants pour d\u00e9velopper ses processus \u00e0 l&rsquo;usine, des gens du Mexique, \u00e7a c&rsquo;\u00e9tait aussi moi&#8230; parce qu&rsquo;il avait envie de partir l\u00e0-bas&#8230; C&rsquo;est moi, c&rsquo;est moi l&rsquo;intelligente&#8230; Je me suis dis apr\u00e8s, comme je lui avais donn\u00e9 la boule du monde, que c&rsquo;\u00e9tait moi qui lui avait mis tout \u00e7a en place&#8230;<\/p>\n\n\n\n<p class=\"wp-block-paragraph\">J&rsquo;en revenais pas, apr\u00e8s je me disais :<br>&#8211; Tu te rends compte que chaque chose, c&rsquo;est toi qui en \u00e9tait \u00e0 l&rsquo;origine ? &#8230;et qu&rsquo;il a suivi \u00e0 la lettre tout ce que tu lui avais dit ?<\/p>\n\n\n\n<p class=\"wp-block-paragraph\">J&rsquo;aurais mieux fait de lui dire&#8230; <br>&#8211; Va te jeter au lac&#8230;(Rire)<\/p>\n","protected":false},"excerpt":{"rendered":"<p>&lt;Enregistr\u00e9 le 28 Ao\u00fbt 2014&gt; Et tout \u00e7a, parce que je lui avais achet\u00e9 la boule du monde pour No\u00ebl&#8230; La boule du monde, tu sais, la mappemonde \u00e9clair\u00e9e&#8230; Le globe&#8230;Je l&rsquo;ai rachet\u00e9e par la suite, parce que je me suis dit :&#8211; Ah ben celle-l\u00e0 c&rsquo;est toute une histoire&#8230; Mais lui, il est parti [&hellip;]<\/p>\n","protected":false},"author":1,"featured_media":0,"parent":0,"menu_order":0,"comment_status":"open","ping_status":"closed","template":"pages-chapitre-08","meta":{"footnotes":""},"class_list":["post-2326","page","type-page","status-publish","hentry"],"jetpack_sharing_enabled":true,"_links":{"self":[{"href":"https:\/\/mercigracias.ch\/index.php?rest_route=\/wp\/v2\/pages\/2326","targetHints":{"allow":["GET"]}}],"collection":[{"href":"https:\/\/mercigracias.ch\/index.php?rest_route=\/wp\/v2\/pages"}],"about":[{"href":"https:\/\/mercigracias.ch\/index.php?rest_route=\/wp\/v2\/types\/page"}],"author":[{"embeddable":true,"href":"https:\/\/mercigracias.ch\/index.php?rest_route=\/wp\/v2\/users\/1"}],"replies":[{"embeddable":true,"href":"https:\/\/mercigracias.ch\/index.php?rest_route=%2Fwp%2Fv2%2Fcomments&post=2326"}],"version-history":[{"count":8,"href":"https:\/\/mercigracias.ch\/index.php?rest_route=\/wp\/v2\/pages\/2326\/revisions"}],"predecessor-version":[{"id":5051,"href":"https:\/\/mercigracias.ch\/index.php?rest_route=\/wp\/v2\/pages\/2326\/revisions\/5051"}],"wp:attachment":[{"href":"https:\/\/mercigracias.ch\/index.php?rest_route=%2Fwp%2Fv2%2Fmedia&parent=2326"}],"curies":[{"name":"wp","href":"https:\/\/api.w.org\/{rel}","templated":true}]}}

<p class="wp-block-paragraph">&lt;Enregistré le 28 Août 2014&gt;</p>



<figure class="wp-block-audio"><audio controls src="https://mercigracias.ch/wp-content/uploads/2026/03/LaBouleDuMonde.m4a"></audio></figure>



<p class="wp-block-paragraph">Et tout ça, parce que je lui avais acheté la boule du monde pour Noël&#8230; La boule du monde, tu sais, la mappemonde éclairée&#8230; Le globe&#8230;<br>Je l&rsquo;ai rachetée par la suite, parce que je me suis dit :<br>&#8211; Ah ben celle-là c&rsquo;est toute une histoire&#8230;</p>



<p class="wp-block-paragraph">Mais lui, il est parti avec sa mappemonde&#8230; </p>



<div class="wp-block-group is-nowrap is-layout-flex wp-container-core-group-is-layout-3a88641f wp-block-group-is-layout-flex">
<figure class="wp-block-image size-large"><img loading="lazy" decoding="async" width="768" height="1024" src="https://mercigracias.ch/wp-content/uploads/2026/03/LaBouleDuMonde-768x1024.jpeg" alt="" class="wp-image-2329" style="aspect-ratio:3/4;object-fit:cover" srcset="https://mercigracias.ch/wp-content/uploads/2026/03/LaBouleDuMonde-768x1024.jpeg 768w, https://mercigracias.ch/wp-content/uploads/2026/03/LaBouleDuMonde-225x300.jpeg 225w, https://mercigracias.ch/wp-content/uploads/2026/03/LaBouleDuMonde-1152x1536.jpeg 1152w, https://mercigracias.ch/wp-content/uploads/2026/03/LaBouleDuMonde-1536x2048.jpeg 1536w, https://mercigracias.ch/wp-content/uploads/2026/03/LaBouleDuMonde-scaled.jpeg 1920w" sizes="auto, (max-width: 768px) 100vw, 768px" /></figure>
</div>



<p class="wp-block-paragraph">&#8211; Oui&#8230; il est parti avec&#8230; Le jour où je lui ai offert ça&#8230; Il était là, tous les soirs à rester à côté, à rêver et puis à la tourner, tourner, tourner&#8230;</p>



<p class="wp-block-paragraph">Ah je te promets&#8230; Ah oui, c&rsquo;était sa bible !</p>



<p class="wp-block-paragraph">&#8211; <em>Alors ce n&rsquo;était pas des blagues ce que tu racontais ?</em><br>&#8211; Non, c&rsquo;était pas une blague&#8230;</p>



<p class="wp-block-paragraph">&#8230;<em>en lui ayant offert une mappemonde, ça lui avait déclenché l&rsquo;envie d&rsquo;une escapade et de découvrir le monde&#8230; Ça a été son nouveau sens de la vie, son nouveau challenge, essayer de conquérir le monde&#8230;?</em></p>



<p class="wp-block-paragraph">Je lui avais donné tous les tuyaux, je lui avais déjà conseillé de prendre des étudiants pour développer ses processus à l&rsquo;usine, des gens du Mexique, ça c&rsquo;était aussi moi&#8230; parce qu&rsquo;il avait envie de partir là-bas&#8230; C&rsquo;est moi, c&rsquo;est moi l&rsquo;intelligente&#8230; Je me suis dis après, comme je lui avais donné la boule du monde, que c&rsquo;était moi qui lui avait mis tout ça en place&#8230;</p>



<p class="wp-block-paragraph">J&rsquo;en revenais pas, après je me disais :<br>&#8211; Tu te rends compte que chaque chose, c&rsquo;est toi qui en était à l&rsquo;origine ? &#8230;et qu&rsquo;il a suivi à la lettre tout ce que tu lui avais dit ?</p>



<p class="wp-block-paragraph">J&rsquo;aurais mieux fait de lui dire&#8230; <br>&#8211; Va te jeter au lac&#8230;(Rire)</p>

<p>&lt;Enregistré le 28 Août 2014&gt; Et tout ça, parce que je lui avais acheté la boule du monde pour Noël&#8230; La boule du monde, tu sais, la mappemonde éclairée&#8230; Le globe&#8230;Je l&rsquo;ai rachetée par la suite, parce que je me suis dit :&#8211; Ah ben celle-là c&rsquo;est toute une histoire&#8230; Mais lui, il est parti [&hellip;]</p>
