{"id":2343,"date":"2026-03-15T11:05:23","date_gmt":"2026-03-15T11:05:23","guid":{"rendered":"https:\/\/mercigracias.ch\/?page_id=2343"},"modified":"2026-06-29T20:29:26","modified_gmt":"2026-06-29T20:29:26","slug":"depart-pour-le-costa-rica","status":"publish","type":"page","link":"https:\/\/mercigracias.ch\/?page_id=2343","title":{"rendered":"D\u00e9part pour le Costa Rica"},"content":{"rendered":"\n<p class=\"wp-block-paragraph\">&lt;Enregistr\u00e9 le 28 Ao\u00fbt 2014&gt;<\/p>\n\n\n\n<p class=\"wp-block-paragraph\">Quand on est parti au Costa Rica, mon mari avait d\u00e9cid\u00e9 \u00e7a, comme \u00e7a&#8230; Alors tout ce que j&rsquo;avais achet\u00e9 je l&rsquo;avais mis dans un garde meuble, et l&rsquo;auto de mon p\u00e8re \u00e9tait rest\u00e9e dans le garage \u00e0 l&rsquo;usine&#8230;<\/p>\n\n\n\n<p class=\"wp-block-paragraph\">On n&rsquo;avait pas encore vendu l&rsquo;usine&#8230; Dans l&rsquo;usine il y avait plusieurs personnes qui louaient \u00e0 l&rsquo;int\u00e9rieur&#8230; On avait un poissonnier, un horloger, et un gars qui faisait de la micro-technique&#8230;<\/p>\n\n\n\n<p class=\"wp-block-paragraph\">M\u00eame Maman, elle est rest\u00e9e travailler l\u00e0-dedans, encore pendant six mois&#8230; Tous les matins \u00e0 7:30, c&rsquo;\u00e9tait Marilou qui la prenait, on n&rsquo;avait pas tout ferm\u00e9&#8230; Il nous restait notre local, c&rsquo;\u00e9tait grand !<\/p>\n\n\n\n<p class=\"wp-block-paragraph\">Alors moi, quand je suis revenue&#8230; Alors l\u00e0, Marilou, elle travaillait au quatri\u00e8me \u00e9tage, et en bas il y avait l&rsquo;exp\u00e9dition, alors j&rsquo;ai repris l\u00e0&#8230;<\/p>\n\n\n\n<p class=\"wp-block-paragraph\">Tu pouvais difficilement recevoir la boule du monde, \u00e0 No\u00ebl, en F\u00e9vrier \u00e0 mon anniversaire partir au Mexique avec une secr\u00e9taire, une poule&#8230; Aller aux Cara\u00efbes et le 1er juin partir d\u00e9j\u00e0 au Costa Rica&#8230;(Rire) et avoir envoy\u00e9 les containers, et avoir tout boucl\u00e9 !<br>Tout \u00e7a avec un enfant de 3 ans, et l&rsquo;autre de 15 mois, qui marchait tout juste ?<br>Avec en plus, mon salon de coiffure \u00e0 organiser&#8230;?<\/p>\n\n\n\n<p class=\"wp-block-paragraph\">Je ne t&rsquo;explique pas !<\/p>\n","protected":false},"excerpt":{"rendered":"<p>&lt;Enregistr\u00e9 le 28 Ao\u00fbt 2014&gt; Quand on est parti au Costa Rica, mon mari avait d\u00e9cid\u00e9 \u00e7a, comme \u00e7a&#8230; Alors tout ce que j&rsquo;avais achet\u00e9 je l&rsquo;avais mis dans un garde meuble, et l&rsquo;auto de mon p\u00e8re \u00e9tait rest\u00e9e dans le garage \u00e0 l&rsquo;usine&#8230; On n&rsquo;avait pas encore vendu l&rsquo;usine&#8230; Dans l&rsquo;usine il y avait [&hellip;]<\/p>\n","protected":false},"author":1,"featured_media":0,"parent":0,"menu_order":0,"comment_status":"open","ping_status":"closed","template":"pages-chapitre-08","meta":{"footnotes":""},"class_list":["post-2343","page","type-page","status-publish","hentry"],"jetpack_sharing_enabled":true,"_links":{"self":[{"href":"https:\/\/mercigracias.ch\/index.php?rest_route=\/wp\/v2\/pages\/2343","targetHints":{"allow":["GET"]}}],"collection":[{"href":"https:\/\/mercigracias.ch\/index.php?rest_route=\/wp\/v2\/pages"}],"about":[{"href":"https:\/\/mercigracias.ch\/index.php?rest_route=\/wp\/v2\/types\/page"}],"author":[{"embeddable":true,"href":"https:\/\/mercigracias.ch\/index.php?rest_route=\/wp\/v2\/users\/1"}],"replies":[{"embeddable":true,"href":"https:\/\/mercigracias.ch\/index.php?rest_route=%2Fwp%2Fv2%2Fcomments&post=2343"}],"version-history":[{"count":5,"href":"https:\/\/mercigracias.ch\/index.php?rest_route=\/wp\/v2\/pages\/2343\/revisions"}],"predecessor-version":[{"id":5055,"href":"https:\/\/mercigracias.ch\/index.php?rest_route=\/wp\/v2\/pages\/2343\/revisions\/5055"}],"wp:attachment":[{"href":"https:\/\/mercigracias.ch\/index.php?rest_route=%2Fwp%2Fv2%2Fmedia&parent=2343"}],"curies":[{"name":"wp","href":"https:\/\/api.w.org\/{rel}","templated":true}]}}

Départ pour le Costa Rica

<p class="wp-block-paragraph">&lt;Enregistré le 28 Août 2014&gt;</p>



<p class="wp-block-paragraph">Quand on est parti au Costa Rica, mon mari avait décidé ça, comme ça&#8230; Alors tout ce que j&rsquo;avais acheté je l&rsquo;avais mis dans un garde meuble, et l&rsquo;auto de mon père était restée dans le garage à l&rsquo;usine&#8230;</p>



<p class="wp-block-paragraph">On n&rsquo;avait pas encore vendu l&rsquo;usine&#8230; Dans l&rsquo;usine il y avait plusieurs personnes qui louaient à l&rsquo;intérieur&#8230; On avait un poissonnier, un horloger, et un gars qui faisait de la micro-technique&#8230;</p>



<p class="wp-block-paragraph">Même Maman, elle est restée travailler là-dedans, encore pendant six mois&#8230; Tous les matins à 7:30, c&rsquo;était Marilou qui la prenait, on n&rsquo;avait pas tout fermé&#8230; Il nous restait notre local, c&rsquo;était grand !</p>



<p class="wp-block-paragraph">Alors moi, quand je suis revenue&#8230; Alors là, Marilou, elle travaillait au quatrième étage, et en bas il y avait l&rsquo;expédition, alors j&rsquo;ai repris là&#8230;</p>



<p class="wp-block-paragraph">Tu pouvais difficilement recevoir la boule du monde, à Noël, en Février à mon anniversaire partir au Mexique avec une secrétaire, une poule&#8230; Aller aux Caraïbes et le 1er juin partir déjà au Costa Rica&#8230;(Rire) et avoir envoyé les containers, et avoir tout bouclé !<br>Tout ça avec un enfant de 3 ans, et l&rsquo;autre de 15 mois, qui marchait tout juste ?<br>Avec en plus, mon salon de coiffure à organiser&#8230;?</p>



<p class="wp-block-paragraph">Je ne t&rsquo;explique pas !</p>

<p>&lt;Enregistré le 28 Août 2014&gt; Quand on est parti au Costa Rica, mon mari avait décidé ça, comme ça&#8230; Alors tout ce que j&rsquo;avais acheté je l&rsquo;avais mis dans un garde meuble, et l&rsquo;auto de mon père était restée dans le garage à l&rsquo;usine&#8230; On n&rsquo;avait pas encore vendu l&rsquo;usine&#8230; Dans l&rsquo;usine il y avait [&hellip;]</p>
