{"id":2349,"date":"2026-03-15T13:34:39","date_gmt":"2026-03-15T13:34:39","guid":{"rendered":"https:\/\/mercigracias.ch\/?page_id=2349"},"modified":"2026-06-29T20:34:13","modified_gmt":"2026-06-29T20:34:13","slug":"mon-salon-est-foutu","status":"publish","type":"page","link":"https:\/\/mercigracias.ch\/?page_id=2349","title":{"rendered":"Mon salon est foutu"},"content":{"rendered":"\n<p class=\"wp-block-paragraph\">&lt;Enregistr\u00e9 le 03 Octobre 2016&gt;<\/p>\n\n\n\n<p class=\"wp-block-paragraph\">&#8211; <em>Tu bichonnais ton salon&#8230; <\/em><\/p>\n\n\n\n<p class=\"wp-block-paragraph\">&#8211; Ben oui, les si\u00e8ges, c&rsquo;\u00e9taient des si\u00e8ges chers&#8230; Ils avaient co\u00fbt\u00e9s 500.00 Francs le si\u00e8ge, c&rsquo;\u00e9taient des si\u00e8ges d&rsquo;occasion en cuir&#8230; mais en parfait \u00e9tat, j&rsquo;en avais cinq !<\/p>\n\n\n\n<p class=\"wp-block-paragraph\">Je les passais \u00e0 la vaseline, je les d\u00e9montais, j&rsquo;enlevais les cheveux dans les fentes, les recoins&#8230; Je les soignais.<\/p>\n\n\n\n<p class=\"wp-block-paragraph\">Et l\u00e0, quand j&rsquo;y suis retourn\u00e9e&#8230; que j&rsquo;ai vu que mes si\u00e8ges avaient des traces de teinture&#8230; que le bord des fen\u00eatres, \u00e9taient tout blanc&#8230; Moi, je les faisais toujours pour le bois&#8230; <\/p>\n\n\n\n<p class=\"wp-block-paragraph\">Ahrr&#8230; Tout \u00e9tait abim\u00e9 !<\/p>\n\n\n\n<p class=\"wp-block-paragraph\">Les meubles \u00e0 l&rsquo;entr\u00e9e que j&rsquo;avais achet\u00e9 dans un magasin de classe&#8230; c&rsquo;\u00e9tait vraiment du beau meuble, avec un grand miroir&#8230; comme t&rsquo;as vu chez mon ex-mari quand tu \u00e9tais pass\u00e9 \u00e0 son appartement en ville&#8230; L&rsquo;appartement qu&rsquo;il avait quand il venait en suisse pour ne pas aller chez papa, maman&#8230;<\/p>\n\n\n\n<p class=\"wp-block-paragraph\">Il avais rachet\u00e9 le m\u00eame d&rsquo;ailleurs&#8230; Il l&rsquo;avait dans son entr\u00e9e celui-l\u00e0&#8230;<\/p>\n\n\n\n<p class=\"wp-block-paragraph\">C&rsquo;\u00e9tait classe, c&rsquo;\u00e9tait propre et bichonn\u00e9&#8230;<\/p>\n\n\n\n<p class=\"wp-block-paragraph\">&#8211; <em>C&rsquo;\u00e9tait ta cr\u00e9ation&#8230;<\/em> <br>&#8211; Mais l\u00e0, \u00e7a ne donnait plus envie !<\/p>\n\n\n\n<p class=\"wp-block-paragraph\">Ma coiffeuse ne s&rsquo;\u00e9tait pas donn\u00e9e la peine de soigner le mobilier pendant que j&rsquo;\u00e9tais loin&#8230; En plus, Elle n&rsquo;avait pas fait fonctionner, elle avait d\u00e9laiss\u00e9 la client\u00e8le et beaucoup \u00e9taient partis&#8230;<\/p>\n\n\n\n<p class=\"wp-block-paragraph\">Alors avec deux enfants en bas \u00e2ge, tu vois, pour reprendre apr\u00e8s&#8230; l&rsquo;\u00e9nergie qu&rsquo;il aurait fallu !?<\/p>\n\n\n\n<p class=\"wp-block-paragraph\">Ce n&rsquo;\u00e9tait plus possible&#8230; C&rsquo;\u00e9tait foutu !<\/p>\n\n\n\n<p class=\"wp-block-paragraph\"><\/p>\n","protected":false},"excerpt":{"rendered":"<p>&lt;Enregistr\u00e9 le 03 Octobre 2016&gt; &#8211; Tu bichonnais ton salon&#8230; &#8211; Ben oui, les si\u00e8ges, c&rsquo;\u00e9taient des si\u00e8ges chers&#8230; Ils avaient co\u00fbt\u00e9s 500.00 Francs le si\u00e8ge, c&rsquo;\u00e9taient des si\u00e8ges d&rsquo;occasion en cuir&#8230; mais en parfait \u00e9tat, j&rsquo;en avais cinq ! Je les passais \u00e0 la vaseline, je les d\u00e9montais, j&rsquo;enlevais les cheveux dans les fentes, [&hellip;]<\/p>\n","protected":false},"author":1,"featured_media":0,"parent":0,"menu_order":0,"comment_status":"open","ping_status":"closed","template":"pages-chapitre-08","meta":{"footnotes":""},"class_list":["post-2349","page","type-page","status-publish","hentry"],"jetpack_sharing_enabled":true,"_links":{"self":[{"href":"https:\/\/mercigracias.ch\/index.php?rest_route=\/wp\/v2\/pages\/2349","targetHints":{"allow":["GET"]}}],"collection":[{"href":"https:\/\/mercigracias.ch\/index.php?rest_route=\/wp\/v2\/pages"}],"about":[{"href":"https:\/\/mercigracias.ch\/index.php?rest_route=\/wp\/v2\/types\/page"}],"author":[{"embeddable":true,"href":"https:\/\/mercigracias.ch\/index.php?rest_route=\/wp\/v2\/users\/1"}],"replies":[{"embeddable":true,"href":"https:\/\/mercigracias.ch\/index.php?rest_route=%2Fwp%2Fv2%2Fcomments&post=2349"}],"version-history":[{"count":6,"href":"https:\/\/mercigracias.ch\/index.php?rest_route=\/wp\/v2\/pages\/2349\/revisions"}],"predecessor-version":[{"id":5057,"href":"https:\/\/mercigracias.ch\/index.php?rest_route=\/wp\/v2\/pages\/2349\/revisions\/5057"}],"wp:attachment":[{"href":"https:\/\/mercigracias.ch\/index.php?rest_route=%2Fwp%2Fv2%2Fmedia&parent=2349"}],"curies":[{"name":"wp","href":"https:\/\/api.w.org\/{rel}","templated":true}]}}

<p class="wp-block-paragraph">&lt;Enregistré le 03 Octobre 2016&gt;</p>



<p class="wp-block-paragraph">&#8211; <em>Tu bichonnais ton salon&#8230; </em></p>



<p class="wp-block-paragraph">&#8211; Ben oui, les sièges, c&rsquo;étaient des sièges chers&#8230; Ils avaient coûtés 500.00 Francs le siège, c&rsquo;étaient des sièges d&rsquo;occasion en cuir&#8230; mais en parfait état, j&rsquo;en avais cinq !</p>



<p class="wp-block-paragraph">Je les passais à la vaseline, je les démontais, j&rsquo;enlevais les cheveux dans les fentes, les recoins&#8230; Je les soignais.</p>



<p class="wp-block-paragraph">Et là, quand j&rsquo;y suis retournée&#8230; que j&rsquo;ai vu que mes sièges avaient des traces de teinture&#8230; que le bord des fenêtres, étaient tout blanc&#8230; Moi, je les faisais toujours pour le bois&#8230; </p>



<p class="wp-block-paragraph">Ahrr&#8230; Tout était abimé !</p>



<p class="wp-block-paragraph">Les meubles à l&rsquo;entrée que j&rsquo;avais acheté dans un magasin de classe&#8230; c&rsquo;était vraiment du beau meuble, avec un grand miroir&#8230; comme t&rsquo;as vu chez mon ex-mari quand tu étais passé à son appartement en ville&#8230; L&rsquo;appartement qu&rsquo;il avait quand il venait en suisse pour ne pas aller chez papa, maman&#8230;</p>



<p class="wp-block-paragraph">Il avais racheté le même d&rsquo;ailleurs&#8230; Il l&rsquo;avait dans son entrée celui-là&#8230;</p>



<p class="wp-block-paragraph">C&rsquo;était classe, c&rsquo;était propre et bichonné&#8230;</p>



<p class="wp-block-paragraph">&#8211; <em>C&rsquo;était ta création&#8230;</em> <br>&#8211; Mais là, ça ne donnait plus envie !</p>



<p class="wp-block-paragraph">Ma coiffeuse ne s&rsquo;était pas donnée la peine de soigner le mobilier pendant que j&rsquo;étais loin&#8230; En plus, Elle n&rsquo;avait pas fait fonctionner, elle avait délaissé la clientèle et beaucoup étaient partis&#8230;</p>



<p class="wp-block-paragraph">Alors avec deux enfants en bas âge, tu vois, pour reprendre après&#8230; l&rsquo;énergie qu&rsquo;il aurait fallu !?</p>



<p class="wp-block-paragraph">Ce n&rsquo;était plus possible&#8230; C&rsquo;était foutu !</p>



<p class="wp-block-paragraph"></p>

<p>&lt;Enregistré le 03 Octobre 2016&gt; &#8211; Tu bichonnais ton salon&#8230; &#8211; Ben oui, les sièges, c&rsquo;étaient des sièges chers&#8230; Ils avaient coûtés 500.00 Francs le siège, c&rsquo;étaient des sièges d&rsquo;occasion en cuir&#8230; mais en parfait état, j&rsquo;en avais cinq ! Je les passais à la vaseline, je les démontais, j&rsquo;enlevais les cheveux dans les fentes, [&hellip;]</p>
