{"id":2355,"date":"2026-03-15T15:45:25","date_gmt":"2026-03-15T15:45:25","guid":{"rendered":"https:\/\/mercigracias.ch\/?page_id=2355"},"modified":"2026-06-29T20:40:06","modified_gmt":"2026-06-29T20:40:06","slug":"pourquoi-tu-tes-marie","status":"publish","type":"page","link":"https:\/\/mercigracias.ch\/?page_id=2355","title":{"rendered":"Pourquoi tu t&rsquo;es mari\u00e9 ?"},"content":{"rendered":"\n<p class=\"wp-block-paragraph\">&lt;Enregistr\u00e9 le 09 Septembre 2016&gt;<\/p>\n\n\n\n<p class=\"wp-block-paragraph\">Pour mon mari, ce n&rsquo;\u00e9tait pas ce qui l&rsquo;int\u00e9ressait&#8230;<\/p>\n\n\n\n<p class=\"wp-block-paragraph\">Mais non, \u00e7a ne pouvait pas \u00eatre un r\u00eave, il m&rsquo;avait dit&#8230;<br>&#8211; Oh, mais moi, j&rsquo;en suis gav\u00e9 de tout \u00e7a&#8230;! <br>Mais moi \u00e7a ne m&rsquo;int\u00e9resse pas du tout&#8230; Je suis gav\u00e9 de la famille, d&rsquo;aller me promener le dimanche en Suisse, et d&rsquo;aller visiter&#8230;<br>Oh&#8230; \u00c7a me sort par tous les trous.<\/p>\n\n\n\n<ul class=\"wp-block-list\">\n<li>J&rsquo;en suis gav\u00e9, gav\u00e9&#8230; <\/li>\n<\/ul>\n\n\n\n<p class=\"wp-block-paragraph\">Avoir des enfants, \u00e7a ne l&rsquo;int\u00e9ressait pas le moins du monde&#8230;<br>&#8211; Non&#8230; ? Mais pourquoi alors tu t&rsquo;es mari\u00e9 ? que je lui ai demand\u00e9&#8230;<\/p>\n\n\n\n<ul class=\"wp-block-list\">\n<li>Pourquoi ? Pour&#8230; quoi !?<\/li>\n<\/ul>\n\n\n\n<p class=\"wp-block-paragraph\">\u00c7a, je ne pouvais pas l&rsquo;accepter, ni l&rsquo;admettre&#8230; <br>&#8211; En fin de compte, tu as re\u00e7u&#8230; on t&rsquo;a fait une place, et tu ne vas pas redonner en retour ? Comment \u00e7a se fait&#8230; ?<\/p>\n\n\n\n<p class=\"wp-block-paragraph\">Mais non, \u00e7a ne pouvait pas \u00eatre un r\u00eave&#8230; Il avait eu !<br>Tu ne pas dire :<br>&#8211; R\u00eave de ta Porsche, si tu l&rsquo;as devant ta maison !<\/p>\n\n\n\n<p class=\"wp-block-paragraph\">Il voulait continuer ses r\u00eaves&#8230; et ses r\u00eaves, c&rsquo;\u00e9tait d&rsquo;\u00eatre connu dans le monde entier ! <br>Comme il disait, c&rsquo;\u00e9tait son r\u00eave&#8230;<\/p>\n\n\n\n<p class=\"wp-block-paragraph\">Ce n&rsquo;\u00e9tait pas de regarder pour une famille&#8230; Aucune envie de reproduire, transmettre \u00e0 ses enfants, ce qu&rsquo;il avait re\u00e7u&#8230;<\/p>\n\n\n\n<p class=\"wp-block-paragraph\">Un grand vide, finalement&#8230; <\/p>\n\n\n\n<p class=\"wp-block-paragraph\">&#8211; <em>Alors chez lui, c&rsquo;\u00e9tait un trop plein et chez toi c&rsquo;\u00e9tait un manque !?<\/em><br>&#8211; Oui, mais moi je ne comprends pas&#8230; parce que quand t&rsquo;es comme \u00e7a, t&rsquo;as au moins l&rsquo;honn\u00eatet\u00e9 de dire :<\/p>\n\n\n\n<ul class=\"wp-block-list\">\n<li>Je ne me marie pas !<\/li>\n<\/ul>\n\n\n\n<p class=\"wp-block-paragraph\">&#8211;<em> Oui, pourquoi il s&rsquo;est mari\u00e9 alors, pour la sexualit\u00e9 ?<\/em><br>&#8211; Mais non, puisque pour la sexualit\u00e9, il regardait de gauche et de droite&#8230; Non non, c&rsquo;\u00e9tait pour avoir son confort&#8230; <br>Un pied \u00e0 terre, c&rsquo;est tout&#8230; Comme dans chaque port&#8230; Voil\u00e0.<\/p>\n\n\n\n<p class=\"wp-block-paragraph\">D&rsquo;ailleurs c&rsquo;est ce qu&rsquo;il avait racont\u00e9 \u00e0 ma fille, quand elle \u00e9tait adolescente et que \u00e7a l&rsquo;avait beaucoup perturb\u00e9e&#8230; <\/p>\n\n\n\n<p class=\"wp-block-paragraph\">Tu vois, quand ton p\u00e8re te dit :<br>&#8211; J&rsquo;en ai toujours deux, comme \u00e7a si \u00e7a ne va pas, ou qu&rsquo;une s&rsquo;en va, j&rsquo;ai toujours l&rsquo;autre&#8230;<\/p>\n\n\n\n<p class=\"wp-block-paragraph\">Comment tu peux avoir confiance aux hommes et faire ta vie avec un mari, apr\u00e8s \u00e7a&#8230;<\/p>\n\n\n\n<p class=\"wp-block-paragraph\">&#8211; <em>Est ce que ce n&rsquo;\u00e9tait pas aussi pour t&rsquo;avoir, toi&#8230;? <br>Puisqu&rsquo;il te savait tr\u00e8s courtis\u00e9e. Alors peut-\u00eatre que \u00e7a l&rsquo;int\u00e9ressait de t&rsquo;avoir toi, pour prendre toute sa valeur ?<\/em><\/p>\n\n\n\n<p class=\"wp-block-paragraph\">Non non&#8230; C&rsquo;\u00e9tait sa s\u00e9curit\u00e9&#8230; Une s\u00e9curit\u00e9 affective. <br>Tu rentres, il y a quelqu&rsquo;un \u00e0 la maison, qui t&rsquo;attend, une s\u00e9curit\u00e9 affective&#8230;<\/p>\n\n\n\n<p class=\"wp-block-paragraph\">&#8211;<em>Il recherchait sa maman, en quelle que sorte&#8230;<\/em><br>&#8211; Oui&#8230; Quelqu&rsquo;un qui s&rsquo;occupe de lui, pour qu&rsquo;il continue de faire ses activit\u00e9s d&rsquo;enfant&#8230; <\/p>\n\n\n\n<p class=\"wp-block-paragraph\">Et quand il demandait toujours mon aide, pour qu&rsquo;il soit beau, qu&rsquo;il ait ceci, ou qu&rsquo;il ait cela, c&rsquo;\u00e9tait pour continuer de s\u00e9duire&#8230;<\/p>\n","protected":false},"excerpt":{"rendered":"<p>&lt;Enregistr\u00e9 le 09 Septembre 2016&gt; Pour mon mari, ce n&rsquo;\u00e9tait pas ce qui l&rsquo;int\u00e9ressait&#8230; Mais non, \u00e7a ne pouvait pas \u00eatre un r\u00eave, il m&rsquo;avait dit&#8230;&#8211; Oh, mais moi, j&rsquo;en suis gav\u00e9 de tout \u00e7a&#8230;! Mais moi \u00e7a ne m&rsquo;int\u00e9resse pas du tout&#8230; Je suis gav\u00e9 de la famille, d&rsquo;aller me promener le dimanche en [&hellip;]<\/p>\n","protected":false},"author":1,"featured_media":0,"parent":0,"menu_order":0,"comment_status":"open","ping_status":"closed","template":"pages-chapitre-08","meta":{"footnotes":""},"class_list":["post-2355","page","type-page","status-publish","hentry"],"jetpack_sharing_enabled":true,"_links":{"self":[{"href":"https:\/\/mercigracias.ch\/index.php?rest_route=\/wp\/v2\/pages\/2355","targetHints":{"allow":["GET"]}}],"collection":[{"href":"https:\/\/mercigracias.ch\/index.php?rest_route=\/wp\/v2\/pages"}],"about":[{"href":"https:\/\/mercigracias.ch\/index.php?rest_route=\/wp\/v2\/types\/page"}],"author":[{"embeddable":true,"href":"https:\/\/mercigracias.ch\/index.php?rest_route=\/wp\/v2\/users\/1"}],"replies":[{"embeddable":true,"href":"https:\/\/mercigracias.ch\/index.php?rest_route=%2Fwp%2Fv2%2Fcomments&post=2355"}],"version-history":[{"count":7,"href":"https:\/\/mercigracias.ch\/index.php?rest_route=\/wp\/v2\/pages\/2355\/revisions"}],"predecessor-version":[{"id":5059,"href":"https:\/\/mercigracias.ch\/index.php?rest_route=\/wp\/v2\/pages\/2355\/revisions\/5059"}],"wp:attachment":[{"href":"https:\/\/mercigracias.ch\/index.php?rest_route=%2Fwp%2Fv2%2Fmedia&parent=2355"}],"curies":[{"name":"wp","href":"https:\/\/api.w.org\/{rel}","templated":true}]}}

Pourquoi tu t&rsquo;es marié ?

<p class="wp-block-paragraph">&lt;Enregistré le 09 Septembre 2016&gt;</p>



<p class="wp-block-paragraph">Pour mon mari, ce n&rsquo;était pas ce qui l&rsquo;intéressait&#8230;</p>



<p class="wp-block-paragraph">Mais non, ça ne pouvait pas être un rêve, il m&rsquo;avait dit&#8230;<br>&#8211; Oh, mais moi, j&rsquo;en suis gavé de tout ça&#8230;! <br>Mais moi ça ne m&rsquo;intéresse pas du tout&#8230; Je suis gavé de la famille, d&rsquo;aller me promener le dimanche en Suisse, et d&rsquo;aller visiter&#8230;<br>Oh&#8230; Ça me sort par tous les trous.</p>



<ul class="wp-block-list">
<li>J&rsquo;en suis gavé, gavé&#8230; </li>
</ul>



<p class="wp-block-paragraph">Avoir des enfants, ça ne l&rsquo;intéressait pas le moins du monde&#8230;<br>&#8211; Non&#8230; ? Mais pourquoi alors tu t&rsquo;es marié ? que je lui ai demandé&#8230;</p>



<ul class="wp-block-list">
<li>Pourquoi ? Pour&#8230; quoi !?</li>
</ul>



<p class="wp-block-paragraph">Ça, je ne pouvais pas l&rsquo;accepter, ni l&rsquo;admettre&#8230; <br>&#8211; En fin de compte, tu as reçu&#8230; on t&rsquo;a fait une place, et tu ne vas pas redonner en retour ? Comment ça se fait&#8230; ?</p>



<p class="wp-block-paragraph">Mais non, ça ne pouvait pas être un rêve&#8230; Il avait eu !<br>Tu ne pas dire :<br>&#8211; Rêve de ta Porsche, si tu l&rsquo;as devant ta maison !</p>



<p class="wp-block-paragraph">Il voulait continuer ses rêves&#8230; et ses rêves, c&rsquo;était d&rsquo;être connu dans le monde entier ! <br>Comme il disait, c&rsquo;était son rêve&#8230;</p>



<p class="wp-block-paragraph">Ce n&rsquo;était pas de regarder pour une famille&#8230; Aucune envie de reproduire, transmettre à ses enfants, ce qu&rsquo;il avait reçu&#8230;</p>



<p class="wp-block-paragraph">Un grand vide, finalement&#8230; </p>



<p class="wp-block-paragraph">&#8211; <em>Alors chez lui, c&rsquo;était un trop plein et chez toi c&rsquo;était un manque !?</em><br>&#8211; Oui, mais moi je ne comprends pas&#8230; parce que quand t&rsquo;es comme ça, t&rsquo;as au moins l&rsquo;honnêteté de dire :</p>



<ul class="wp-block-list">
<li>Je ne me marie pas !</li>
</ul>



<p class="wp-block-paragraph">&#8211;<em> Oui, pourquoi il s&rsquo;est marié alors, pour la sexualité ?</em><br>&#8211; Mais non, puisque pour la sexualité, il regardait de gauche et de droite&#8230; Non non, c&rsquo;était pour avoir son confort&#8230; <br>Un pied à terre, c&rsquo;est tout&#8230; Comme dans chaque port&#8230; Voilà.</p>



<p class="wp-block-paragraph">D&rsquo;ailleurs c&rsquo;est ce qu&rsquo;il avait raconté à ma fille, quand elle était adolescente et que ça l&rsquo;avait beaucoup perturbée&#8230; </p>



<p class="wp-block-paragraph">Tu vois, quand ton père te dit :<br>&#8211; J&rsquo;en ai toujours deux, comme ça si ça ne va pas, ou qu&rsquo;une s&rsquo;en va, j&rsquo;ai toujours l&rsquo;autre&#8230;</p>



<p class="wp-block-paragraph">Comment tu peux avoir confiance aux hommes et faire ta vie avec un mari, après ça&#8230;</p>



<p class="wp-block-paragraph">&#8211; <em>Est ce que ce n&rsquo;était pas aussi pour t&rsquo;avoir, toi&#8230;? <br>Puisqu&rsquo;il te savait très courtisée. Alors peut-être que ça l&rsquo;intéressait de t&rsquo;avoir toi, pour prendre toute sa valeur ?</em></p>



<p class="wp-block-paragraph">Non non&#8230; C&rsquo;était sa sécurité&#8230; Une sécurité affective. <br>Tu rentres, il y a quelqu&rsquo;un à la maison, qui t&rsquo;attend, une sécurité affective&#8230;</p>



<p class="wp-block-paragraph">&#8211;<em>Il recherchait sa maman, en quelle que sorte&#8230;</em><br>&#8211; Oui&#8230; Quelqu&rsquo;un qui s&rsquo;occupe de lui, pour qu&rsquo;il continue de faire ses activités d&rsquo;enfant&#8230; </p>



<p class="wp-block-paragraph">Et quand il demandait toujours mon aide, pour qu&rsquo;il soit beau, qu&rsquo;il ait ceci, ou qu&rsquo;il ait cela, c&rsquo;était pour continuer de séduire&#8230;</p>

<p>&lt;Enregistré le 09 Septembre 2016&gt; Pour mon mari, ce n&rsquo;était pas ce qui l&rsquo;intéressait&#8230; Mais non, ça ne pouvait pas être un rêve, il m&rsquo;avait dit&#8230;&#8211; Oh, mais moi, j&rsquo;en suis gavé de tout ça&#8230;! Mais moi ça ne m&rsquo;intéresse pas du tout&#8230; Je suis gavé de la famille, d&rsquo;aller me promener le dimanche en [&hellip;]</p>
