{"id":259,"date":"2025-12-20T18:11:55","date_gmt":"2025-12-20T18:11:55","guid":{"rendered":"https:\/\/mercigracias.ch\/?page_id=259"},"modified":"2025-12-29T14:47:54","modified_gmt":"2025-12-29T14:47:54","slug":"chapitre-01","status":"publish","type":"page","link":"https:\/\/mercigracias.ch\/?page_id=259","title":{"rendered":"Chapitre 01"},"content":{"rendered":"\n<h2 class=\"wp-block-heading\">Ma G\u00e9n\u00e8se&#8230;<\/h2>\n\n\n\n<p class=\"wp-block-paragraph\">Ce chapitre raconte le contexte de ma naissance et pr\u00e9sente ma famille proche&#8230;<\/p>\n\n\n\n<figure class=\"wp-block-table has-small-font-size\"><table><thead><tr><th>Date Publication<\/th><th>Titre<\/th><\/tr><\/thead><tbody><tr><td>20.12.2025<\/td><td><a href=\"https:\/\/mercigracias.ch\/?page_id=159\" data-type=\"page\" data-id=\"159\">Maman\u2026<\/a><\/td><\/tr><tr><td>20.12.2025<\/td><td><a href=\"https:\/\/mercigracias.ch\/?page_id=166\" data-type=\"page\" data-id=\"166\">Le 19 ou le 20 ?<\/a><\/td><\/tr><tr><td>20.12.2025<\/td><td><a href=\"https:\/\/mercigracias.ch\/?page_id=193\" data-type=\"page\" data-id=\"193\">Ma grand-m\u00e8re<\/a><\/td><\/tr><tr><td>20.12.2025<\/td><td><a href=\"https:\/\/mercigracias.ch\/?page_id=197\" data-type=\"page\" data-id=\"197\">Mon P\u00e8re<\/a><\/td><\/tr><tr><td>20.12.2025<\/td><td><a href=\"https:\/\/mercigracias.ch\/?page_id=210\" data-type=\"page\" data-id=\"210\">La pouponi\u00e8re<\/a><\/td><\/tr><tr><td>20.12.2025<\/td><td><a href=\"https:\/\/mercigracias.ch\/?page_id=213\" data-type=\"page\" data-id=\"213\">L\u2019abandon<\/a><\/td><\/tr><tr><td>20.12.2025<\/td><td><a href=\"https:\/\/mercigracias.ch\/?page_id=216\" data-type=\"page\" data-id=\"216\">Mon ins\u00e9curit\u00e9<\/a><\/td><\/tr><tr><td>22.12.2025<\/td><td><a href=\"https:\/\/mercigracias.ch\/?page_id=383\" data-type=\"page\" data-id=\"383\">Lili, et ses massages de pieds\u2026<\/a><\/td><\/tr><\/tbody><\/table><\/figure>\n","protected":false},"excerpt":{"rendered":"<p>Ma G\u00e9n\u00e8se&#8230; Ce chapitre raconte le contexte de ma naissance et pr\u00e9sente ma famille proche&#8230; Date Publication Titre 20.12.2025 Maman\u2026 20.12.2025 Le 19 ou le 20 ? 20.12.2025 Ma grand-m\u00e8re 20.12.2025 Mon P\u00e8re 20.12.2025 La pouponi\u00e8re 20.12.2025 L\u2019abandon 20.12.2025 Mon ins\u00e9curit\u00e9 22.12.2025 Lili, et ses massages de pieds\u2026<\/p>\n","protected":false},"author":1,"featured_media":0,"parent":0,"menu_order":0,"comment_status":"closed","ping_status":"closed","template":"pages-chapitre-01","meta":{"footnotes":""},"class_list":["post-259","page","type-page","status-publish","hentry"],"jetpack_sharing_enabled":true,"_links":{"self":[{"href":"https:\/\/mercigracias.ch\/index.php?rest_route=\/wp\/v2\/pages\/259","targetHints":{"allow":["GET"]}}],"collection":[{"href":"https:\/\/mercigracias.ch\/index.php?rest_route=\/wp\/v2\/pages"}],"about":[{"href":"https:\/\/mercigracias.ch\/index.php?rest_route=\/wp\/v2\/types\/page"}],"author":[{"embeddable":true,"href":"https:\/\/mercigracias.ch\/index.php?rest_route=\/wp\/v2\/users\/1"}],"replies":[{"embeddable":true,"href":"https:\/\/mercigracias.ch\/index.php?rest_route=%2Fwp%2Fv2%2Fcomments&post=259"}],"version-history":[{"count":7,"href":"https:\/\/mercigracias.ch\/index.php?rest_route=\/wp\/v2\/pages\/259\/revisions"}],"predecessor-version":[{"id":495,"href":"https:\/\/mercigracias.ch\/index.php?rest_route=\/wp\/v2\/pages\/259\/revisions\/495"}],"wp:attachment":[{"href":"https:\/\/mercigracias.ch\/index.php?rest_route=%2Fwp%2Fv2%2Fmedia&parent=259"}],"curies":[{"name":"wp","href":"https:\/\/api.w.org\/{rel}","templated":true}]}}

<h2 class="wp-block-heading">Ma Génèse&#8230;</h2>



<p class="wp-block-paragraph">Ce chapitre raconte le contexte de ma naissance et présente ma famille proche&#8230;</p>



<figure class="wp-block-table has-small-font-size"><table><thead><tr><th>Date Publication</th><th>Titre</th></tr></thead><tbody><tr><td>20.12.2025</td><td><a href="https://mercigracias.ch/?page_id=159" data-type="page" data-id="159">Maman…</a></td></tr><tr><td>20.12.2025</td><td><a href="https://mercigracias.ch/?page_id=166" data-type="page" data-id="166">Le 19 ou le 20 ?</a></td></tr><tr><td>20.12.2025</td><td><a href="https://mercigracias.ch/?page_id=193" data-type="page" data-id="193">Ma grand-mère</a></td></tr><tr><td>20.12.2025</td><td><a href="https://mercigracias.ch/?page_id=197" data-type="page" data-id="197">Mon Père</a></td></tr><tr><td>20.12.2025</td><td><a href="https://mercigracias.ch/?page_id=210" data-type="page" data-id="210">La pouponière</a></td></tr><tr><td>20.12.2025</td><td><a href="https://mercigracias.ch/?page_id=213" data-type="page" data-id="213">L’abandon</a></td></tr><tr><td>20.12.2025</td><td><a href="https://mercigracias.ch/?page_id=216" data-type="page" data-id="216">Mon insécurité</a></td></tr><tr><td>22.12.2025</td><td><a href="https://mercigracias.ch/?page_id=383" data-type="page" data-id="383">Lili, et ses massages de pieds…</a></td></tr></tbody></table></figure>

<p>Ma Génèse&#8230; Ce chapitre raconte le contexte de ma naissance et présente ma famille proche&#8230; Date Publication Titre 20.12.2025 Maman… 20.12.2025 Le 19 ou le 20 ? 20.12.2025 Ma grand-mère 20.12.2025 Mon Père 20.12.2025 La pouponière 20.12.2025 L’abandon 20.12.2025 Mon insécurité 22.12.2025 Lili, et ses massages de pieds…</p>
