{"id":373,"date":"2025-12-22T00:04:28","date_gmt":"2025-12-22T00:04:28","guid":{"rendered":"https:\/\/mercigracias.ch\/?page_id=373"},"modified":"2026-06-14T06:59:53","modified_gmt":"2026-06-14T06:59:53","slug":"mon-arrivee-au-buffet","status":"publish","type":"page","link":"https:\/\/mercigracias.ch\/?page_id=373","title":{"rendered":"Mon arriv\u00e9e \u00ab\u00a0Au Buffet\u00a0\u00bb&#8230;"},"content":{"rendered":"\n<p class=\"wp-block-paragraph\">&lt;Enregistr\u00e9 le 05 Septembre 2014&gt;<\/p>\n\n\n\n<p class=\"wp-block-paragraph\">Je commen\u00e7ais tout juste \u00e0 marcher quand mes parents sont venus me rechercher et me ramener \u00ab\u00a0Au Buffet\u00a0\u00bb&#8230;<\/p>\n\n\n\n<p class=\"wp-block-paragraph\">Et je me souviens bien des Philistoff, alors que j&rsquo;\u00e9tais encore dans la poussette&#8230;<\/p>\n\n\n\n<p class=\"wp-block-paragraph\">Ils \u00e9taient tellement contents qu&rsquo;ils m&rsquo;avaient ramen\u00e9e chez eux. <br>Je me souviens encore de la joie de ces gens&#8230;<br><br>&#8211; <em>Tu devais resplendir de joie (d&rsquo;\u00eatre sortie de la nurserie et de pouvoir enfin d\u00e9couvrir le monde) enfin tu arrivais \u00e0 communiquer avec le monde ext\u00e9rieur et tout d&rsquo;un coup il y avait de l&rsquo;int\u00e9r\u00eat pour toi&#8230;<\/em><\/p>\n\n\n\n<p class=\"wp-block-paragraph\">&#8211; Non, j&rsquo;\u00e9tais juste heureuse quand j&rsquo;\u00e9tais au bistrot&#8230; <br>Ah oui ! <\/p>\n\n\n\n<p class=\"wp-block-paragraph\">Quand je suis arriv\u00e9e&#8230; Je me souviens quand les deux filles me prennent pour aller dans leur maison&#8230; Je me souviendrai toujours de l&rsquo;endroit o\u00f9 c&rsquo;\u00e9tait.<\/p>\n\n\n\n<p class=\"wp-block-paragraph\">C&rsquo;\u00e9tait l\u00e0, o\u00f9 il y avait l&rsquo;\u00e9cole allemande, et en dessous, on devait descendre les marches&#8230; Ils avaient d\u00fb porter la poussette, parce que j&rsquo;\u00e9tais encore dans la poussette&#8230;<br>Et je me souviens quand les filles m&rsquo;ont ramen\u00e9e \u00e0 la maison, je pense qu&rsquo;ils n&rsquo;avaient pas le temps chez nous&#8230;<\/p>\n\n\n\n<p class=\"wp-block-paragraph\">La m\u00e8re \u00e9tait resplendissante, et les filles tellement r\u00e9jouies. <br>Elles voulaient me porter, et elles \u00e9taient l\u00e0, toutes contentes&#8230;<\/p>\n\n\n\n<p class=\"wp-block-paragraph\">Je me rappelle de la lumi\u00e8re, quand elles ont ouvert la porte, et la m\u00e8re : Aaahhhh ! (Rire) qui \u00e9tait toute contente, et puis l\u00e0-bas, on me porte, et on me chouchoute&#8230;<\/p>\n\n\n\n<ul class=\"wp-block-list\">\n<li>Super&#8230; Ben&#8230; Aaah, c&rsquo;est bien ici !<\/li>\n<\/ul>\n\n\n\n<p class=\"wp-block-paragraph\">Mais je ne me souviens plus comment je suis rentr\u00e9e, mais je me souviens bien de ce passage.<\/p>\n\n\n\n<p class=\"wp-block-paragraph\">\u00c7a devait \u00eatre fort pour que mon souvenir soit aussi clair, alors que j&rsquo;\u00e9tais encore dans ma poussette ! <br>C&rsquo;\u00e9tait puissant pour se souvenir&#8230; Je ne devais pas avoir deux ans, puisque j&rsquo;\u00e9tais encore dans cette poussette.<\/p>\n\n\n\n<p class=\"wp-block-paragraph\">Mais je ne me souviens pas du <strong>Moi<\/strong>, je me souviens juste de la joie de ces gens&#8230;<\/p>\n\n\n\n<p class=\"wp-block-paragraph\">&#8211; <em>Mais comment ton fr\u00e8re et ta s\u0153ur ont ils v\u00e9cu ton arriv\u00e9e \u00e0 la maison, apr\u00e8s avoir pass\u00e9 un an \u00e0 la nurserie ?<\/em><br><em>lIs ne te connaissaient pas, non ?<\/em><\/p>\n\n\n\n<p class=\"wp-block-paragraph\"> &#8211; Ma s\u0153ur ?&#8230; Que j&rsquo;\u00e9tait tellement adorable. <\/p>\n\n\n\n<p class=\"wp-block-paragraph\">Elle disait : <br>&#8211; Partout o\u00f9 tu passais les gens t&rsquo;adoraient !<\/p>\n\n\n\n<p class=\"wp-block-paragraph\"><em>&#8211; Parce que, quand t&rsquo;\u00e9tais avec tes parents, tu ne voyais pas la joie quand ils s&rsquo;occupaient de toi ?<\/em><\/p>\n\n\n\n<p class=\"wp-block-paragraph\">&#8211; Je n&rsquo;ai pas de souvenirs avec eux&#8230; Je n&rsquo;ai aucun, mais aucun souvenir d&rsquo;eux \u00e0 cette p\u00e9riode&#8230;<\/p>\n\n\n\n<p class=\"wp-block-paragraph\">&#8211;<em> \u00c7a veut dire qu&rsquo;ils ne te prenaient pas dans les bras ?&#8230; <\/em><br><em>pas de sourires, Ils ne s&rsquo;occupaient pas de toi ?<\/em><\/p>\n\n\n\n<p class=\"wp-block-paragraph\">&#8211; Oui, plus tard je me souviens&#8230; Quand je suis arriv\u00e9e vers l&rsquo;\u00e2ge de quatre ans, l\u00e0 autour&#8230; Je me souviens que chaque fois que j&rsquo;avais l&rsquo;occasion, je filais sur les genoux \u00e0 maman, et au restaurant j&rsquo;allais toujours sur ses genoux.<\/p>\n\n\n\n<p class=\"wp-block-paragraph\">\u00c7a, je me souviens&#8230;! Chaque fois qu&rsquo;elle \u00e9tait assise&#8230;<\/p>\n\n\n\n<ul class=\"wp-block-list\">\n<li>Tac&#8230; Pouf&#8230; J&rsquo;y allais&#8230;<\/li>\n<\/ul>\n\n\n\n<p class=\"wp-block-paragraph\">Mon p\u00e8re, il me disait : <br>&#8211; Non, Non, tu ne peux pas rester l\u00e0 !<\/p>\n\n\n\n<p class=\"wp-block-paragraph\">Mais moi, j&rsquo;y retournais&#8230; Et j&rsquo;allais sur les genoux de tout le monde&#8230;!<br>On m&rsquo;avait dit, non , non , non&#8230; Mais tu vois, chez tout le monde, j&rsquo;\u00e9tais contente, je voyais des genoux&#8230; Alors j&rsquo;allais sur les genoux, je voulais qu&rsquo;on s&rsquo;occupe de moi&#8230;<\/p>\n\n\n\n<p class=\"wp-block-paragraph\">Mais on m&rsquo;avait dit, non, non non !<br>&#8211; Tu ne peux pas aller sur les genoux de toute le monde comme \u00e7a&#8230; <br>\u00c7a ne va pas, hein ! (rire)<\/p>\n\n\n\n<p class=\"wp-block-paragraph\">Moi qui \u00e9tait rest\u00e9e cloitr\u00e9e pendant un an dans un lit&#8230; Maintenant que je pouvais sortir et aller \u00e0 la rencontre des gens que je voyais passer&#8230; J&rsquo;y allais&#8230;<\/p>\n\n\n\n<p class=\"wp-block-paragraph\">Merci Gracias<\/p>\n","protected":false},"excerpt":{"rendered":"<p>&lt;Enregistr\u00e9 le 05 Septembre 2014&gt; Je commen\u00e7ais tout juste \u00e0 marcher quand mes parents sont venus me rechercher et me ramener \u00ab\u00a0Au Buffet\u00a0\u00bb&#8230; Et je me souviens bien des Philistoff, alors que j&rsquo;\u00e9tais encore dans la poussette&#8230; Ils \u00e9taient tellement contents qu&rsquo;ils m&rsquo;avaient ramen\u00e9e chez eux. Je me souviens encore de la joie de ces [&hellip;]<\/p>\n","protected":false},"author":1,"featured_media":0,"parent":0,"menu_order":0,"comment_status":"open","ping_status":"closed","template":"pages-chapitre-02","meta":{"footnotes":""},"class_list":["post-373","page","type-page","status-publish","hentry"],"jetpack_sharing_enabled":true,"_links":{"self":[{"href":"https:\/\/mercigracias.ch\/index.php?rest_route=\/wp\/v2\/pages\/373","targetHints":{"allow":["GET"]}}],"collection":[{"href":"https:\/\/mercigracias.ch\/index.php?rest_route=\/wp\/v2\/pages"}],"about":[{"href":"https:\/\/mercigracias.ch\/index.php?rest_route=\/wp\/v2\/types\/page"}],"author":[{"embeddable":true,"href":"https:\/\/mercigracias.ch\/index.php?rest_route=\/wp\/v2\/users\/1"}],"replies":[{"embeddable":true,"href":"https:\/\/mercigracias.ch\/index.php?rest_route=%2Fwp%2Fv2%2Fcomments&post=373"}],"version-history":[{"count":8,"href":"https:\/\/mercigracias.ch\/index.php?rest_route=\/wp\/v2\/pages\/373\/revisions"}],"predecessor-version":[{"id":4544,"href":"https:\/\/mercigracias.ch\/index.php?rest_route=\/wp\/v2\/pages\/373\/revisions\/4544"}],"wp:attachment":[{"href":"https:\/\/mercigracias.ch\/index.php?rest_route=%2Fwp%2Fv2%2Fmedia&parent=373"}],"curies":[{"name":"wp","href":"https:\/\/api.w.org\/{rel}","templated":true}]}}

Mon arrivée « Au Buffet »&#8230;

<p class="wp-block-paragraph">&lt;Enregistré le 05 Septembre 2014&gt;</p>



<p class="wp-block-paragraph">Je commençais tout juste à marcher quand mes parents sont venus me rechercher et me ramener « Au Buffet »&#8230;</p>



<p class="wp-block-paragraph">Et je me souviens bien des Philistoff, alors que j&rsquo;étais encore dans la poussette&#8230;</p>



<p class="wp-block-paragraph">Ils étaient tellement contents qu&rsquo;ils m&rsquo;avaient ramenée chez eux. <br>Je me souviens encore de la joie de ces gens&#8230;<br><br>&#8211; <em>Tu devais resplendir de joie (d&rsquo;être sortie de la nurserie et de pouvoir enfin découvrir le monde) enfin tu arrivais à communiquer avec le monde extérieur et tout d&rsquo;un coup il y avait de l&rsquo;intérêt pour toi&#8230;</em></p>



<p class="wp-block-paragraph">&#8211; Non, j&rsquo;étais juste heureuse quand j&rsquo;étais au bistrot&#8230; <br>Ah oui ! </p>



<p class="wp-block-paragraph">Quand je suis arrivée&#8230; Je me souviens quand les deux filles me prennent pour aller dans leur maison&#8230; Je me souviendrai toujours de l&rsquo;endroit où c&rsquo;était.</p>



<p class="wp-block-paragraph">C&rsquo;était là, où il y avait l&rsquo;école allemande, et en dessous, on devait descendre les marches&#8230; Ils avaient dû porter la poussette, parce que j&rsquo;étais encore dans la poussette&#8230;<br>Et je me souviens quand les filles m&rsquo;ont ramenée à la maison, je pense qu&rsquo;ils n&rsquo;avaient pas le temps chez nous&#8230;</p>



<p class="wp-block-paragraph">La mère était resplendissante, et les filles tellement réjouies. <br>Elles voulaient me porter, et elles étaient là, toutes contentes&#8230;</p>



<p class="wp-block-paragraph">Je me rappelle de la lumière, quand elles ont ouvert la porte, et la mère : Aaahhhh ! (Rire) qui était toute contente, et puis là-bas, on me porte, et on me chouchoute&#8230;</p>



<ul class="wp-block-list">
<li>Super&#8230; Ben&#8230; Aaah, c&rsquo;est bien ici !</li>
</ul>



<p class="wp-block-paragraph">Mais je ne me souviens plus comment je suis rentrée, mais je me souviens bien de ce passage.</p>



<p class="wp-block-paragraph">Ça devait être fort pour que mon souvenir soit aussi clair, alors que j&rsquo;étais encore dans ma poussette ! <br>C&rsquo;était puissant pour se souvenir&#8230; Je ne devais pas avoir deux ans, puisque j&rsquo;étais encore dans cette poussette.</p>



<p class="wp-block-paragraph">Mais je ne me souviens pas du <strong>Moi</strong>, je me souviens juste de la joie de ces gens&#8230;</p>



<p class="wp-block-paragraph">&#8211; <em>Mais comment ton frère et ta sœur ont ils vécu ton arrivée à la maison, après avoir passé un an à la nurserie ?</em><br><em>lIs ne te connaissaient pas, non ?</em></p>



<p class="wp-block-paragraph"> &#8211; Ma sœur ?&#8230; Que j&rsquo;était tellement adorable. </p>



<p class="wp-block-paragraph">Elle disait : <br>&#8211; Partout où tu passais les gens t&rsquo;adoraient !</p>



<p class="wp-block-paragraph"><em>&#8211; Parce que, quand t&rsquo;étais avec tes parents, tu ne voyais pas la joie quand ils s&rsquo;occupaient de toi ?</em></p>



<p class="wp-block-paragraph">&#8211; Je n&rsquo;ai pas de souvenirs avec eux&#8230; Je n&rsquo;ai aucun, mais aucun souvenir d&rsquo;eux à cette période&#8230;</p>



<p class="wp-block-paragraph">&#8211;<em> Ça veut dire qu&rsquo;ils ne te prenaient pas dans les bras ?&#8230; </em><br><em>pas de sourires, Ils ne s&rsquo;occupaient pas de toi ?</em></p>



<p class="wp-block-paragraph">&#8211; Oui, plus tard je me souviens&#8230; Quand je suis arrivée vers l&rsquo;âge de quatre ans, là autour&#8230; Je me souviens que chaque fois que j&rsquo;avais l&rsquo;occasion, je filais sur les genoux à maman, et au restaurant j&rsquo;allais toujours sur ses genoux.</p>



<p class="wp-block-paragraph">Ça, je me souviens&#8230;! Chaque fois qu&rsquo;elle était assise&#8230;</p>



<ul class="wp-block-list">
<li>Tac&#8230; Pouf&#8230; J&rsquo;y allais&#8230;</li>
</ul>



<p class="wp-block-paragraph">Mon père, il me disait : <br>&#8211; Non, Non, tu ne peux pas rester là !</p>



<p class="wp-block-paragraph">Mais moi, j&rsquo;y retournais&#8230; Et j&rsquo;allais sur les genoux de tout le monde&#8230;!<br>On m&rsquo;avait dit, non , non , non&#8230; Mais tu vois, chez tout le monde, j&rsquo;étais contente, je voyais des genoux&#8230; Alors j&rsquo;allais sur les genoux, je voulais qu&rsquo;on s&rsquo;occupe de moi&#8230;</p>



<p class="wp-block-paragraph">Mais on m&rsquo;avait dit, non, non non !<br>&#8211; Tu ne peux pas aller sur les genoux de toute le monde comme ça&#8230; <br>Ça ne va pas, hein ! (rire)</p>



<p class="wp-block-paragraph">Moi qui était restée cloitrée pendant un an dans un lit&#8230; Maintenant que je pouvais sortir et aller à la rencontre des gens que je voyais passer&#8230; J&rsquo;y allais&#8230;</p>



<p class="wp-block-paragraph">Merci Gracias</p>

<p>&lt;Enregistré le 05 Septembre 2014&gt; Je commençais tout juste à marcher quand mes parents sont venus me rechercher et me ramener « Au Buffet »&#8230; Et je me souviens bien des Philistoff, alors que j&rsquo;étais encore dans la poussette&#8230; Ils étaient tellement contents qu&rsquo;ils m&rsquo;avaient ramenée chez eux. Je me souviens encore de la joie de ces [&hellip;]</p>
