{"id":395,"date":"2025-12-26T11:16:37","date_gmt":"2025-12-26T11:16:37","guid":{"rendered":"https:\/\/mercigracias.ch\/?page_id=395"},"modified":"2026-06-14T07:18:19","modified_gmt":"2026-06-14T07:18:19","slug":"mais-je-peux-mordre","status":"publish","type":"page","link":"https:\/\/mercigracias.ch\/?page_id=395","title":{"rendered":"Mais&#8230;Je peux mordre ?!&#8230;"},"content":{"rendered":"\n<h3 class=\"wp-block-heading\">&lt;Enregistr\u00e9 le 6 Octobre 2016&gt;<\/h3>\n\n\n\n<p class=\"wp-block-paragraph\"><em>Ce qu&rsquo;on a d\u00e9couvert chez toi, c&rsquo;est que la d\u00e9couverte de l&rsquo;autre s&rsquo;est faite avant la d\u00e9couverte de ton \u00ab\u00a0Toi\u00a0\u00bb \u00e0 toi&#8230;Tu as d\u00e9couvert tous les autres b\u00e9b\u00e9s avant que ton toi s&rsquo;implante dans ton identit\u00e9&#8230;<\/em><\/p>\n\n\n\n<p class=\"wp-block-paragraph\">&#8211; C&rsquo;est pour \u00e7a que quand ma s\u0153ur me donne une claque&#8230; qu&rsquo;elle me tape et que je r\u00e9alise tout d&rsquo;un coup que j&rsquo;ai les moyens de mordre, je suis aux anges&#8230;!<br>Parce que j&rsquo;ai trouv\u00e9 ce moyen chez moi pour me d\u00e9fendre&#8230;<\/p>\n\n\n\n<p class=\"wp-block-paragraph\">Je ne peux pas taper&#8230; ce n&rsquo;est pas possible ! <br>C&rsquo;est comme si je me tapais moi m\u00eame. Mais quelque part, j&rsquo;ai un autre moyen, qui va quand m\u00eame faire comprendre&#8230; Parce que je sais, j&rsquo;avais d\u00e9j\u00e0 essay\u00e9 de me mordre&#8230; <br>En \u00e9tant plus petite, Maman , elle me disait : <br>&#8211; Mais qu&rsquo;est ce que tu fais ? <br>&#8211; J&rsquo;essaye de me mordre pour voir jusqu&rsquo;o\u00f9 \u00e7a va&#8230;<\/p>\n\n\n\n<p class=\"wp-block-paragraph\">&#8211; Mais tu vois bien&#8230;! <br>Et je continuais&#8230; A\u00efe&#8230;! <\/p>\n\n\n\n<p class=\"wp-block-paragraph\">Je me mordais moi-m\u00eame&#8230; et j&rsquo;ai compris que mordre, \u00e7a pouvait faire mal&#8230; J&rsquo;avais compris la diff\u00e9rence entre le Moi et les Autres&#8230;<\/p>\n\n\n\n<ul class=\"wp-block-list\">\n<li>Je devais avoir 4 ans&#8230;<\/li>\n<\/ul>\n\n\n\n<p class=\"wp-block-paragraph\">Et apr\u00e8s, j&rsquo;avais compris que mordre \u00e7a lui faisait mal, et \u00e7a m&rsquo;avait r\u00e9jouie parce que ce n&rsquo;\u00e9tait pas Moi&#8230; <br>Je m&rsquo;\u00e9tais sacr\u00e9ment r\u00e9jouie, j&rsquo;\u00e9tais vraiment folle heureuse&#8230;<br>Je me disais : <br>&#8211; Ah ben&#8230; c&rsquo;est pas moi !<\/p>\n\n\n\n<p class=\"wp-block-paragraph\">Parce que j&rsquo;avais bien vu que quand elle me fichait des claques&#8230;<br>Elle&#8230; ? Elle ne pleurait pas&#8230; Non, rien&#8230; Mais moi, j&rsquo;avais mal&#8230; !<\/p>\n\n\n\n<div class=\"wp-block-group is-nowrap is-layout-flex wp-container-core-group-is-layout-40af6500 wp-block-group-is-layout-flex\">\n<figure class=\"wp-block-image size-large is-resized\"><img loading=\"lazy\" decoding=\"async\" width=\"563\" height=\"1024\" src=\"https:\/\/mercigracias.ch\/wp-content\/uploads\/2025\/12\/Isa-couverture-563x1024.jpg\" alt=\"\" class=\"wp-image-398\" style=\"aspect-ratio:0.5498062092939625;width:352px;height:auto\" srcset=\"https:\/\/mercigracias.ch\/wp-content\/uploads\/2025\/12\/Isa-couverture-563x1024.jpg 563w, https:\/\/mercigracias.ch\/wp-content\/uploads\/2025\/12\/Isa-couverture-165x300.jpg 165w, https:\/\/mercigracias.ch\/wp-content\/uploads\/2025\/12\/Isa-couverture-768x1396.jpg 768w, https:\/\/mercigracias.ch\/wp-content\/uploads\/2025\/12\/Isa-couverture-845x1536.jpg 845w, https:\/\/mercigracias.ch\/wp-content\/uploads\/2025\/12\/Isa-couverture-1126x2048.jpg 1126w, https:\/\/mercigracias.ch\/wp-content\/uploads\/2025\/12\/Isa-couverture.jpg 1299w\" sizes=\"auto, (max-width: 563px) 100vw, 563px\" \/><\/figure>\n\n\n\n<p class=\"wp-block-paragraph\">&#8211; Tu vois la photo ?<br>et bien c&rsquo;\u00e9tait Luc, un pensionnaire. <br>Il avait un appareil photo, <br>et il nous a pris en photo ce jour l\u00e0, sur le perron, avec mon fr\u00e8re et ma s\u0153ur. <br><br>C&rsquo;\u00e9tait juste apr\u00e8s l&rsquo;avoir mordue. <br>Je m&rsquo;en souviens bien, J&rsquo;\u00e9tais radieuse !<\/p>\n<\/div>\n","protected":false},"excerpt":{"rendered":"<p>&lt;Enregistr\u00e9 le 6 Octobre 2016&gt; Ce qu&rsquo;on a d\u00e9couvert chez toi, c&rsquo;est que la d\u00e9couverte de l&rsquo;autre s&rsquo;est faite avant la d\u00e9couverte de ton \u00ab\u00a0Toi\u00a0\u00bb \u00e0 toi&#8230;Tu as d\u00e9couvert tous les autres b\u00e9b\u00e9s avant que ton toi s&rsquo;implante dans ton identit\u00e9&#8230; &#8211; C&rsquo;est pour \u00e7a que quand ma s\u0153ur me donne une claque&#8230; qu&rsquo;elle me [&hellip;]<\/p>\n","protected":false},"author":1,"featured_media":0,"parent":0,"menu_order":0,"comment_status":"open","ping_status":"closed","template":"pages-chapitre-02","meta":{"footnotes":""},"class_list":["post-395","page","type-page","status-publish","hentry"],"jetpack_sharing_enabled":true,"_links":{"self":[{"href":"https:\/\/mercigracias.ch\/index.php?rest_route=\/wp\/v2\/pages\/395","targetHints":{"allow":["GET"]}}],"collection":[{"href":"https:\/\/mercigracias.ch\/index.php?rest_route=\/wp\/v2\/pages"}],"about":[{"href":"https:\/\/mercigracias.ch\/index.php?rest_route=\/wp\/v2\/types\/page"}],"author":[{"embeddable":true,"href":"https:\/\/mercigracias.ch\/index.php?rest_route=\/wp\/v2\/users\/1"}],"replies":[{"embeddable":true,"href":"https:\/\/mercigracias.ch\/index.php?rest_route=%2Fwp%2Fv2%2Fcomments&post=395"}],"version-history":[{"count":12,"href":"https:\/\/mercigracias.ch\/index.php?rest_route=\/wp\/v2\/pages\/395\/revisions"}],"predecessor-version":[{"id":4549,"href":"https:\/\/mercigracias.ch\/index.php?rest_route=\/wp\/v2\/pages\/395\/revisions\/4549"}],"wp:attachment":[{"href":"https:\/\/mercigracias.ch\/index.php?rest_route=%2Fwp%2Fv2%2Fmedia&parent=395"}],"curies":[{"name":"wp","href":"https:\/\/api.w.org\/{rel}","templated":true}]}}

<h3 class="wp-block-heading">&lt;Enregistré le 6 Octobre 2016&gt;</h3>



<p class="wp-block-paragraph"><em>Ce qu&rsquo;on a découvert chez toi, c&rsquo;est que la découverte de l&rsquo;autre s&rsquo;est faite avant la découverte de ton « Toi » à toi&#8230;Tu as découvert tous les autres bébés avant que ton toi s&rsquo;implante dans ton identité&#8230;</em></p>



<p class="wp-block-paragraph">&#8211; C&rsquo;est pour ça que quand ma sœur me donne une claque&#8230; qu&rsquo;elle me tape et que je réalise tout d&rsquo;un coup que j&rsquo;ai les moyens de mordre, je suis aux anges&#8230;!<br>Parce que j&rsquo;ai trouvé ce moyen chez moi pour me défendre&#8230;</p>



<p class="wp-block-paragraph">Je ne peux pas taper&#8230; ce n&rsquo;est pas possible ! <br>C&rsquo;est comme si je me tapais moi même. Mais quelque part, j&rsquo;ai un autre moyen, qui va quand même faire comprendre&#8230; Parce que je sais, j&rsquo;avais déjà essayé de me mordre&#8230; <br>En étant plus petite, Maman , elle me disait : <br>&#8211; Mais qu&rsquo;est ce que tu fais ? <br>&#8211; J&rsquo;essaye de me mordre pour voir jusqu&rsquo;où ça va&#8230;</p>



<p class="wp-block-paragraph">&#8211; Mais tu vois bien&#8230;! <br>Et je continuais&#8230; Aïe&#8230;! </p>



<p class="wp-block-paragraph">Je me mordais moi-même&#8230; et j&rsquo;ai compris que mordre, ça pouvait faire mal&#8230; J&rsquo;avais compris la différence entre le Moi et les Autres&#8230;</p>



<ul class="wp-block-list">
<li>Je devais avoir 4 ans&#8230;</li>
</ul>



<p class="wp-block-paragraph">Et après, j&rsquo;avais compris que mordre ça lui faisait mal, et ça m&rsquo;avait réjouie parce que ce n&rsquo;était pas Moi&#8230; <br>Je m&rsquo;étais sacrément réjouie, j&rsquo;étais vraiment folle heureuse&#8230;<br>Je me disais : <br>&#8211; Ah ben&#8230; c&rsquo;est pas moi !</p>



<p class="wp-block-paragraph">Parce que j&rsquo;avais bien vu que quand elle me fichait des claques&#8230;<br>Elle&#8230; ? Elle ne pleurait pas&#8230; Non, rien&#8230; Mais moi, j&rsquo;avais mal&#8230; !</p>



<div class="wp-block-group is-nowrap is-layout-flex wp-container-core-group-is-layout-40af6500 wp-block-group-is-layout-flex">
<figure class="wp-block-image size-large is-resized"><img loading="lazy" decoding="async" width="563" height="1024" src="https://mercigracias.ch/wp-content/uploads/2025/12/Isa-couverture-563x1024.jpg" alt="" class="wp-image-398" style="aspect-ratio:0.5498062092939625;width:352px;height:auto" srcset="https://mercigracias.ch/wp-content/uploads/2025/12/Isa-couverture-563x1024.jpg 563w, https://mercigracias.ch/wp-content/uploads/2025/12/Isa-couverture-165x300.jpg 165w, https://mercigracias.ch/wp-content/uploads/2025/12/Isa-couverture-768x1396.jpg 768w, https://mercigracias.ch/wp-content/uploads/2025/12/Isa-couverture-845x1536.jpg 845w, https://mercigracias.ch/wp-content/uploads/2025/12/Isa-couverture-1126x2048.jpg 1126w, https://mercigracias.ch/wp-content/uploads/2025/12/Isa-couverture.jpg 1299w" sizes="auto, (max-width: 563px) 100vw, 563px" /></figure>



<p class="wp-block-paragraph">&#8211; Tu vois la photo ?<br>et bien c&rsquo;était Luc, un pensionnaire. <br>Il avait un appareil photo, <br>et il nous a pris en photo ce jour là, sur le perron, avec mon frère et ma sœur. <br><br>C&rsquo;était juste après l&rsquo;avoir mordue. <br>Je m&rsquo;en souviens bien, J&rsquo;étais radieuse !</p>
</div>

<p>&lt;Enregistré le 6 Octobre 2016&gt; Ce qu&rsquo;on a découvert chez toi, c&rsquo;est que la découverte de l&rsquo;autre s&rsquo;est faite avant la découverte de ton « Toi » à toi&#8230;Tu as découvert tous les autres bébés avant que ton toi s&rsquo;implante dans ton identité&#8230; &#8211; C&rsquo;est pour ça que quand ma sœur me donne une claque&#8230; qu&rsquo;elle me [&hellip;]</p>
