{"id":409,"date":"2025-12-26T11:44:35","date_gmt":"2025-12-26T11:44:35","guid":{"rendered":"https:\/\/mercigracias.ch\/?page_id=409"},"modified":"2026-06-14T07:26:19","modified_gmt":"2026-06-14T07:26:19","slug":"mon-moi-et-les-autres","status":"publish","type":"page","link":"https:\/\/mercigracias.ch\/?page_id=409","title":{"rendered":"Mon \u00ab\u00a0Moi\u00a0\u00bb et les Autres&#8230;"},"content":{"rendered":"\n<p class=\"wp-block-paragraph\">&lt;Enregistr\u00e9 le 6 Octobre 2016&gt;<\/p>\n\n\n\n<p class=\"wp-block-paragraph\"><em>Alors le fait d&rsquo;avoir d\u00e9couvert l&rsquo;autre avant le \u00ab\u00a0Moi\u00a0\u00bb, l&rsquo;Autre fait partie de toi&#8230; ?<\/em> <em>Et il n&rsquo;y aurait donc plus d&rsquo;analyse comparative entre le Moi et les Autres, puisque les autres ont \u00e9t\u00e9 assimil\u00e9s au Moi&#8230;?<\/em><\/p>\n\n\n\n<p class=\"wp-block-paragraph\">&#8211; Oui, parce que avec les enfants de la boulangerie d&rsquo;\u00e0 c\u00f4t\u00e9 de chez nous, \u00e7a ne m&rsquo;a jamais rien fait de voir ce qu&rsquo;ils avaient et pas nous&#8230;<br>Ma copine me disait :<br>&#8211; Tu veux des chaussettes ? &#8230;et je disais :<br>&#8211; Oui&#8230;<br>&#8211; Ben&#8230; l\u00e0, il y en a dans le box&#8230;<\/p>\n\n\n\n<p class=\"wp-block-paragraph\">Et quand j&rsquo;avais fini, je les remettais dedans&#8230; Les chaussettes servaient pour quelqu&rsquo;un d&rsquo;autre, c&rsquo;\u00e9tait bon&#8230; Ce n&rsquo;\u00e9tait pas un souci !<\/p>\n\n\n\n<p class=\"wp-block-paragraph\">&#8211; <em>Comme \u00e0 la T\u00e9l\u00e9, l&rsquo;autre jour, la femme qui disait, j&rsquo;ai deux m\u00e8res, une m\u00e8re porteuse et l&rsquo;autre&#8230; C&rsquo;est normal, et quand je regarde les autres, je les trouve anormaux&#8230; Alors la normalit\u00e9, elle d\u00e9pend bien de ce que tu as vu lors de ta construction&#8230; C&rsquo;est tout ton univers.<\/em><\/p>\n\n\n\n<p class=\"wp-block-paragraph\">&#8211; Mon fils, il m&rsquo;a bien dit en partant de la maison, je crois que \u00e7a fait une ann\u00e9e&#8230; <br>&#8211; Tu crois que c&rsquo;est simple, apr\u00e8s toi&#8230; ? <br>Non c&rsquo;est pas simple&#8230;, qu&rsquo;il m&rsquo;a dit, tu n&rsquo;es pas dans la \u00ab\u00a0normale\u00a0\u00bb&#8230;<br>&#8211; Quoi, pas dans la normale ? que je lui ai r\u00e9pondu&#8230;<\/p>\n\n\n\n<p class=\"wp-block-paragraph\">&#8211; Non, Maman&#8230; c&rsquo;est pas \u00e7a, la normale ! <br>Tu ne te rends pas compte&#8230;IL n&rsquo;y a rien \u00e0 voir, avec ce que tu nous a montr\u00e9&#8230; On a cru, mais on ne trouve pas de points de rep\u00e8res&#8230;<\/p>\n\n\n\n<p class=\"wp-block-paragraph\">Il me l&rsquo;a verbalis\u00e9 mon fils&#8230; Et quand il me l&rsquo;a verbalis\u00e9, je me suis dit : <br>&#8211; Mais qu&rsquo;est ce que tu racontes&#8230;.<\/p>\n\n\n\n<p class=\"wp-block-paragraph\">Il m&rsquo;a dit : <br>&#8211; Non, mais les femmes&#8230; Elles ne sont pas comme toi !<br>Rien \u00e0 voir&#8230;<\/p>\n\n\n\n<p class=\"wp-block-paragraph\">Il m&rsquo;a dit \u00e7a avec presque la larme aux yeux&#8230; Dans la tristesse, parce qu&rsquo;il s&rsquo;est dit&#8230; :<br><em>&#8230;Parce que je ne trouverai pas une femme comme ma Maman&#8230; ?<\/em> <br>(Rire)<\/p>\n","protected":false},"excerpt":{"rendered":"<p>&lt;Enregistr\u00e9 le 6 Octobre 2016&gt; Alors le fait d&rsquo;avoir d\u00e9couvert l&rsquo;autre avant le \u00ab\u00a0Moi\u00a0\u00bb, l&rsquo;Autre fait partie de toi&#8230; ? Et il n&rsquo;y aurait donc plus d&rsquo;analyse comparative entre le Moi et les Autres, puisque les autres ont \u00e9t\u00e9 assimil\u00e9s au Moi&#8230;? &#8211; Oui, parce que avec les enfants de la boulangerie d&rsquo;\u00e0 c\u00f4t\u00e9 de [&hellip;]<\/p>\n","protected":false},"author":1,"featured_media":0,"parent":0,"menu_order":0,"comment_status":"open","ping_status":"closed","template":"pages-chapitre-02","meta":{"footnotes":""},"class_list":["post-409","page","type-page","status-publish","hentry"],"jetpack_sharing_enabled":true,"_links":{"self":[{"href":"https:\/\/mercigracias.ch\/index.php?rest_route=\/wp\/v2\/pages\/409","targetHints":{"allow":["GET"]}}],"collection":[{"href":"https:\/\/mercigracias.ch\/index.php?rest_route=\/wp\/v2\/pages"}],"about":[{"href":"https:\/\/mercigracias.ch\/index.php?rest_route=\/wp\/v2\/types\/page"}],"author":[{"embeddable":true,"href":"https:\/\/mercigracias.ch\/index.php?rest_route=\/wp\/v2\/users\/1"}],"replies":[{"embeddable":true,"href":"https:\/\/mercigracias.ch\/index.php?rest_route=%2Fwp%2Fv2%2Fcomments&post=409"}],"version-history":[{"count":9,"href":"https:\/\/mercigracias.ch\/index.php?rest_route=\/wp\/v2\/pages\/409\/revisions"}],"predecessor-version":[{"id":4551,"href":"https:\/\/mercigracias.ch\/index.php?rest_route=\/wp\/v2\/pages\/409\/revisions\/4551"}],"wp:attachment":[{"href":"https:\/\/mercigracias.ch\/index.php?rest_route=%2Fwp%2Fv2%2Fmedia&parent=409"}],"curies":[{"name":"wp","href":"https:\/\/api.w.org\/{rel}","templated":true}]}}

<p class="wp-block-paragraph">&lt;Enregistré le 6 Octobre 2016&gt;</p>



<p class="wp-block-paragraph"><em>Alors le fait d&rsquo;avoir découvert l&rsquo;autre avant le « Moi », l&rsquo;Autre fait partie de toi&#8230; ?</em> <em>Et il n&rsquo;y aurait donc plus d&rsquo;analyse comparative entre le Moi et les Autres, puisque les autres ont été assimilés au Moi&#8230;?</em></p>



<p class="wp-block-paragraph">&#8211; Oui, parce que avec les enfants de la boulangerie d&rsquo;à côté de chez nous, ça ne m&rsquo;a jamais rien fait de voir ce qu&rsquo;ils avaient et pas nous&#8230;<br>Ma copine me disait :<br>&#8211; Tu veux des chaussettes ? &#8230;et je disais :<br>&#8211; Oui&#8230;<br>&#8211; Ben&#8230; là, il y en a dans le box&#8230;</p>



<p class="wp-block-paragraph">Et quand j&rsquo;avais fini, je les remettais dedans&#8230; Les chaussettes servaient pour quelqu&rsquo;un d&rsquo;autre, c&rsquo;était bon&#8230; Ce n&rsquo;était pas un souci !</p>



<p class="wp-block-paragraph">&#8211; <em>Comme à la Télé, l&rsquo;autre jour, la femme qui disait, j&rsquo;ai deux mères, une mère porteuse et l&rsquo;autre&#8230; C&rsquo;est normal, et quand je regarde les autres, je les trouve anormaux&#8230; Alors la normalité, elle dépend bien de ce que tu as vu lors de ta construction&#8230; C&rsquo;est tout ton univers.</em></p>



<p class="wp-block-paragraph">&#8211; Mon fils, il m&rsquo;a bien dit en partant de la maison, je crois que ça fait une année&#8230; <br>&#8211; Tu crois que c&rsquo;est simple, après toi&#8230; ? <br>Non c&rsquo;est pas simple&#8230;, qu&rsquo;il m&rsquo;a dit, tu n&rsquo;es pas dans la « normale »&#8230;<br>&#8211; Quoi, pas dans la normale ? que je lui ai répondu&#8230;</p>



<p class="wp-block-paragraph">&#8211; Non, Maman&#8230; c&rsquo;est pas ça, la normale ! <br>Tu ne te rends pas compte&#8230;IL n&rsquo;y a rien à voir, avec ce que tu nous a montré&#8230; On a cru, mais on ne trouve pas de points de repères&#8230;</p>



<p class="wp-block-paragraph">Il me l&rsquo;a verbalisé mon fils&#8230; Et quand il me l&rsquo;a verbalisé, je me suis dit : <br>&#8211; Mais qu&rsquo;est ce que tu racontes&#8230;.</p>



<p class="wp-block-paragraph">Il m&rsquo;a dit : <br>&#8211; Non, mais les femmes&#8230; Elles ne sont pas comme toi !<br>Rien à voir&#8230;</p>



<p class="wp-block-paragraph">Il m&rsquo;a dit ça avec presque la larme aux yeux&#8230; Dans la tristesse, parce qu&rsquo;il s&rsquo;est dit&#8230; :<br><em>&#8230;Parce que je ne trouverai pas une femme comme ma Maman&#8230; ?</em> <br>(Rire)</p>

<p>&lt;Enregistré le 6 Octobre 2016&gt; Alors le fait d&rsquo;avoir découvert l&rsquo;autre avant le « Moi », l&rsquo;Autre fait partie de toi&#8230; ? Et il n&rsquo;y aurait donc plus d&rsquo;analyse comparative entre le Moi et les Autres, puisque les autres ont été assimilés au Moi&#8230;? &#8211; Oui, parce que avec les enfants de la boulangerie d&rsquo;à côté de [&hellip;]</p>
