{"id":461,"date":"2025-12-28T17:57:19","date_gmt":"2025-12-28T17:57:19","guid":{"rendered":"https:\/\/mercigracias.ch\/?page_id=461"},"modified":"2026-07-12T16:18:54","modified_gmt":"2026-07-12T16:18:54","slug":"le-deces-de-ma-grand-mere","status":"publish","type":"page","link":"https:\/\/mercigracias.ch\/?page_id=461","title":{"rendered":"Le d\u00e9c\u00e8s de ma grand-m\u00e8re"},"content":{"rendered":"\n<p class=\"wp-block-paragraph\">&lt;Enregistr\u00e9 le 08 Juin 2014&gt;<\/p>\n\n\n\n<p class=\"wp-block-paragraph\">Maman travaillait&#8230; C&rsquo;\u00e9tait fin 1962, et je n&rsquo;allais pas encore \u00e0 l&rsquo;\u00e9cole&#8230; Mais mon fr\u00e8re et ma s\u0153ur, c&rsquo;est s\u00fbr qu&rsquo;ils y \u00e9taient.<\/p>\n\n\n\n<p class=\"wp-block-paragraph\">Le t\u00e9l\u00e9phone de la cabine s&rsquo;est mis \u00e0 sonner, et ma m\u00e8re est all\u00e9e d\u00e9crocher. Elle s&rsquo;est assise dans la cabine, et moi comme \u00e0 chaque fois qu&rsquo;elle s&rsquo;asseyait, j&rsquo;ai vite saut\u00e9 sur ces genoux&#8230;<\/p>\n\n\n\n<p class=\"wp-block-paragraph\">Et l\u00e0&#8230; j&rsquo;ai senti, sa douleur profonde. Son fr\u00e8re rest\u00e9 chez sa m\u00e8re, lui annon\u00e7ait que sa m\u00e8re venait de d\u00e9c\u00e9der&#8230;<\/p>\n\n\n\n<p class=\"wp-block-paragraph\">Ma m\u00e8re qui avait \u00e9t\u00e9 si proche de sa m\u00e8re dans sa jeunesse, et qui travaillait sans cesse dans le restaurant, n&rsquo;avait pas pu \u00eatre aupr\u00e8s d&rsquo;elle pour ses derniers instants.<\/p>\n\n\n\n<p class=\"wp-block-paragraph\">C&rsquo;\u00e9tait elle rendue compte de son \u00e9tat r\u00e9el ? Sans doute pas&#8230;<\/p>\n\n\n\n<p class=\"wp-block-paragraph\">Car ma Grand-M\u00e8re se battait depuis des ann\u00e9es contre son deuxi\u00e8me cancer du sein&#8230; Elle qui avait une volont\u00e9 d\u00e9mesur\u00e9e, elle qui trempait sa t\u00eate dans l&rsquo;eau froide de la fontaine pour enlever ses douleurs&#8230; et qui disait : <br>&#8211; \u00c7a va aller&#8230;<\/p>\n\n\n\n<p class=\"wp-block-paragraph\">Mourir \u00e0 64 ans, c&rsquo;est jeune !<\/p>\n\n\n\n<p class=\"wp-block-paragraph\">Apr\u00e8s ce drame, la vie de famille n&rsquo;a plus \u00e9t\u00e9 pareil&#8230; Mes parents vivaient chacun ce drame de leur c\u00f4t\u00e9.<\/p>\n\n\n\n<p class=\"wp-block-paragraph\">Ma m\u00e8re, qui a gard\u00e9 toute sa vie la photo de sa m\u00e8re sur sa table de nuit, \u00e9tait face \u00e0 la tristesse d&rsquo;avoir perdue sa m\u00e8re, son mod\u00e8le, son mentor, et mon p\u00e8re, sa femme qui tombait en d\u00e9prime&#8230;<\/p>\n\n\n\n<p class=\"wp-block-paragraph\">Un cataclysme pour toute la famille.<\/p>\n","protected":false},"excerpt":{"rendered":"<p>&lt;Enregistr\u00e9 le 08 Juin 2014&gt; Maman travaillait&#8230; C&rsquo;\u00e9tait fin 1962, et je n&rsquo;allais pas encore \u00e0 l&rsquo;\u00e9cole&#8230; Mais mon fr\u00e8re et ma s\u0153ur, c&rsquo;est s\u00fbr qu&rsquo;ils y \u00e9taient. Le t\u00e9l\u00e9phone de la cabine s&rsquo;est mis \u00e0 sonner, et ma m\u00e8re est all\u00e9e d\u00e9crocher. Elle s&rsquo;est assise dans la cabine, et moi comme \u00e0 chaque fois [&hellip;]<\/p>\n","protected":false},"author":1,"featured_media":0,"parent":0,"menu_order":0,"comment_status":"open","ping_status":"closed","template":"pages-chapitre-03","meta":{"footnotes":""},"class_list":["post-461","page","type-page","status-publish","hentry"],"jetpack_sharing_enabled":true,"_links":{"self":[{"href":"https:\/\/mercigracias.ch\/index.php?rest_route=\/wp\/v2\/pages\/461","targetHints":{"allow":["GET"]}}],"collection":[{"href":"https:\/\/mercigracias.ch\/index.php?rest_route=\/wp\/v2\/pages"}],"about":[{"href":"https:\/\/mercigracias.ch\/index.php?rest_route=\/wp\/v2\/types\/page"}],"author":[{"embeddable":true,"href":"https:\/\/mercigracias.ch\/index.php?rest_route=\/wp\/v2\/users\/1"}],"replies":[{"embeddable":true,"href":"https:\/\/mercigracias.ch\/index.php?rest_route=%2Fwp%2Fv2%2Fcomments&post=461"}],"version-history":[{"count":7,"href":"https:\/\/mercigracias.ch\/index.php?rest_route=\/wp\/v2\/pages\/461\/revisions"}],"predecessor-version":[{"id":5503,"href":"https:\/\/mercigracias.ch\/index.php?rest_route=\/wp\/v2\/pages\/461\/revisions\/5503"}],"wp:attachment":[{"href":"https:\/\/mercigracias.ch\/index.php?rest_route=%2Fwp%2Fv2%2Fmedia&parent=461"}],"curies":[{"name":"wp","href":"https:\/\/api.w.org\/{rel}","templated":true}]}}

Le décès de ma grand-mère

<p class="wp-block-paragraph">&lt;Enregistré le 08 Juin 2014&gt;</p>



<p class="wp-block-paragraph">Maman travaillait&#8230; C&rsquo;était fin 1962, et je n&rsquo;allais pas encore à l&rsquo;école&#8230; Mais mon frère et ma sœur, c&rsquo;est sûr qu&rsquo;ils y étaient.</p>



<p class="wp-block-paragraph">Le téléphone de la cabine s&rsquo;est mis à sonner, et ma mère est allée décrocher. Elle s&rsquo;est assise dans la cabine, et moi comme à chaque fois qu&rsquo;elle s&rsquo;asseyait, j&rsquo;ai vite sauté sur ces genoux&#8230;</p>



<p class="wp-block-paragraph">Et là&#8230; j&rsquo;ai senti, sa douleur profonde. Son frère resté chez sa mère, lui annonçait que sa mère venait de décéder&#8230;</p>



<p class="wp-block-paragraph">Ma mère qui avait été si proche de sa mère dans sa jeunesse, et qui travaillait sans cesse dans le restaurant, n&rsquo;avait pas pu être auprès d&rsquo;elle pour ses derniers instants.</p>



<p class="wp-block-paragraph">C&rsquo;était elle rendue compte de son état réel ? Sans doute pas&#8230;</p>



<p class="wp-block-paragraph">Car ma Grand-Mère se battait depuis des années contre son deuxième cancer du sein&#8230; Elle qui avait une volonté démesurée, elle qui trempait sa tête dans l&rsquo;eau froide de la fontaine pour enlever ses douleurs&#8230; et qui disait : <br>&#8211; Ça va aller&#8230;</p>



<p class="wp-block-paragraph">Mourir à 64 ans, c&rsquo;est jeune !</p>



<p class="wp-block-paragraph">Après ce drame, la vie de famille n&rsquo;a plus été pareil&#8230; Mes parents vivaient chacun ce drame de leur côté.</p>



<p class="wp-block-paragraph">Ma mère, qui a gardé toute sa vie la photo de sa mère sur sa table de nuit, était face à la tristesse d&rsquo;avoir perdue sa mère, son modèle, son mentor, et mon père, sa femme qui tombait en déprime&#8230;</p>



<p class="wp-block-paragraph">Un cataclysme pour toute la famille.</p>

<p>&lt;Enregistré le 08 Juin 2014&gt; Maman travaillait&#8230; C&rsquo;était fin 1962, et je n&rsquo;allais pas encore à l&rsquo;école&#8230; Mais mon frère et ma sœur, c&rsquo;est sûr qu&rsquo;ils y étaient. Le téléphone de la cabine s&rsquo;est mis à sonner, et ma mère est allée décrocher. Elle s&rsquo;est assise dans la cabine, et moi comme à chaque fois [&hellip;]</p>
