{"id":472,"date":"2025-12-29T11:02:33","date_gmt":"2025-12-29T11:02:33","guid":{"rendered":"https:\/\/mercigracias.ch\/?page_id=472"},"modified":"2026-06-14T08:40:55","modified_gmt":"2026-06-14T08:40:55","slug":"le-peintre","status":"publish","type":"page","link":"https:\/\/mercigracias.ch\/?page_id=472","title":{"rendered":"Le peintre&#8230;"},"content":{"rendered":"\n<p class=\"wp-block-paragraph\">&lt;Enregistr\u00e9 le 14 Septembre 2016&gt;<\/p>\n\n\n\n<p class=\"wp-block-paragraph\">Vers 7 ans et demi, comme je n&rsquo;aimais pas aller aux toilettes en bas, parce que j&rsquo;avais souci&#8230; J&rsquo;allais aux toilettes en haut, l\u00e0 o\u00f9 il y avait la grande salle, et o\u00f9 il y avait les pensionnaires&#8230;<br>Car l\u00e0 haut tu avais moins de risques de rencontrer du monde.<br>La journ\u00e9e, ils \u00e9taient tous au travail, alors qu&rsquo;en bas c&rsquo;\u00e9taient les clients du restaurant et du bar. Et qu&rsquo;il n&rsquo;y avait que deux chambres en haut, parfois trois&#8230;<\/p>\n\n\n\n<p class=\"wp-block-paragraph\">Donc comme il n&rsquo;y avait pas trop de monde, je montais toujours en haut&#8230; Si je n&rsquo;\u00e9tais pas avec ma s\u0153ur, parce que sinon je lui demandais :<br>&#8211; Tu ne viens pas aux toilettes avec moi ?<\/p>\n\n\n\n<p class=\"wp-block-paragraph\">C&rsquo;\u00e9tait toujours comme \u00e7a&#8230; et puis ce jour l\u00e0, j&rsquo;\u00e9tais en train de faire de la peinture&#8230; Mais voil\u00e0 qu&rsquo;il y avait un peintre en haut qui travaillait&#8230; Ben un peintre&#8230; C&rsquo;\u00e9tait de la peinture, quoi&#8230;hein ?<\/p>\n\n\n\n<p class=\"wp-block-paragraph\">Je pars aux toilettes&#8230;et puis ce peintre comme il \u00e9tait en haut et qu&rsquo;il \u00e9tait tout seul, il m&rsquo;aborde&#8230;<\/p>\n\n\n\n<p class=\"wp-block-paragraph\">C&rsquo;est facile d&rsquo;aborder une gamine de 7 ans et demi&#8230; et puis de la retenir, et puis de la&#8230; C&rsquo;est vraiment du jeu pour un homme. <br>M\u00eame sur une femme, alors tu vois sur une gamine&#8230;?<\/p>\n\n\n\n<p class=\"wp-block-paragraph\">Alors l\u00e0 aussi, je me mets de nouveau \u00e0 hurler et \u00e0 me d\u00e9fendre&#8230; comme une lionne !<\/p>\n\n\n\n<p class=\"wp-block-paragraph\">Et puis je cours chez maman, qui \u00e9tait en train de faire ses lessives en bas, et je lui raconte&#8230;.<\/p>\n\n\n\n<p class=\"wp-block-paragraph\">Je lui dis : <br>&#8211; Maman&#8230; voil\u00e0&#8230;<\/p>\n\n\n\n<p class=\"wp-block-paragraph\">Elle me dit : <br>&#8211; Mais&#8230; le peintre en haut ? <br>&#8211; Oui oui&#8230;<\/p>\n\n\n\n<p class=\"wp-block-paragraph\">Alors l\u00e0, Maman, elle r\u00e9agit tr\u00e8s fort&#8230; et elle va chez le directeur qui avait envoy\u00e9 le peintre, chez l&rsquo;autre&#8230; celui qui m&rsquo;avait touch\u00e9e quelques ann\u00e9es auparavant, pour lui dire qu&rsquo;il fallait faire quelque chose&#8230;<\/p>\n\n\n\n<p class=\"wp-block-paragraph\">Et celui l\u00e0, ce peintre&#8230; il fera 15 jours de prison&#8230;!<\/p>\n\n\n\n<p class=\"wp-block-paragraph\">Alors l\u00e0&#8230; Je comprends qu&rsquo;il y a un truc \u00e0 la BracABras&#8230; un truc \u00e0 coucher dehors, parce que dans ma petite t\u00eate d&rsquo;enfant, j&rsquo;arrive \u00e0 comprendre que \u00e7a ne jouait pas&#8230; et je ne mets pas mon accord !<\/p>\n\n\n\n<p class=\"wp-block-paragraph\">Je ne comprends pas exactement pourquoi, mais en tout cas, je sais que \u00e7a ne jouait pas. Je comprends que l&rsquo;autre, il n&rsquo;est pas puni&#8230; et je comprends que celui l\u00e0, il n&rsquo;est pas important&#8230;<br>Mais que le directeur, c&rsquo;\u00e9tait son titre&#8230;<\/p>\n\n\n\n<p class=\"wp-block-paragraph\">Parce que ma m\u00e8re m&rsquo;explique bien :<br>&#8211; Tu comprends&#8230; c&rsquo;est un Monsieur&#8230;! Non ! Non !&#8230;<br><br>Ma m\u00e8re \u00e9tait dans le rejet par conflit d&rsquo;int\u00e9r\u00eats, et m\u00eame pour moi, \u00e7a ne lui faisait pas Tilt&#8230; Une maman, \u00e7a prot\u00e8ge, non&#8230; ?<\/p>\n\n\n\n<p class=\"wp-block-paragraph\">Donc la dessus, je comprends qu&rsquo;il y a quelque chose qui n&rsquo;est pas nette&#8230;<\/p>\n\n\n\n<p class=\"wp-block-paragraph\">&#8211; <em>Parce que tu vois qu&rsquo;il y des cas o\u00f9 tu peux, et des cas o\u00f9 tu peux pas&#8230;<\/em>?<br>&#8211; Voil\u00e0 ! Je me suis dit, ben tiens, celui l\u00e0 il va faire de la prison&#8230; et la derni\u00e8re fois, non ?<\/p>\n\n\n\n<p class=\"wp-block-paragraph\">Alors je me disais : <br>&#8211; Non non, il y a quelque chose qui ne joue pas&#8230; Je ne suis pas d&rsquo;accord. <\/p>\n\n\n\n<p class=\"wp-block-paragraph\">Pourquoi je ne mettais pas mon accord ? <br>Il y avait quelque chose dans ma t\u00eate d&rsquo;enfant qui n&rsquo;acceptait pas&#8230;<\/p>\n\n\n\n<p class=\"wp-block-paragraph\">C&rsquo;\u00e9tait pas net&#8230;<\/p>\n\n\n\n<p class=\"wp-block-paragraph\">Alors quand un peu plus tard&#8230; la premi\u00e8re fois que \u00e7a se passe vraiment vers mes 10 ans, et m\u00eame si \u00e7a continue&#8230; <\/p>\n\n\n\n<p class=\"wp-block-paragraph\">Je me dis, \u00e7a sert \u00e0 rien parce que finalement, elle va r\u00e9gler \u00e7a comment&#8230; ? <br>Alors je comprends que je ne peux plus aller lui en parler&#8230; <\/p>\n\n\n\n<p class=\"wp-block-paragraph\">La peur d&rsquo;aller aux toilettes m&rsquo;a poursuivie toute ma vie&#8230; en plus du reste&#8230;<\/p>\n","protected":false},"excerpt":{"rendered":"<p>&lt;Enregistr\u00e9 le 14 Septembre 2016&gt; Vers 7 ans et demi, comme je n&rsquo;aimais pas aller aux toilettes en bas, parce que j&rsquo;avais souci&#8230; J&rsquo;allais aux toilettes en haut, l\u00e0 o\u00f9 il y avait la grande salle, et o\u00f9 il y avait les pensionnaires&#8230;Car l\u00e0 haut tu avais moins de risques de rencontrer du monde.La journ\u00e9e, [&hellip;]<\/p>\n","protected":false},"author":1,"featured_media":0,"parent":0,"menu_order":0,"comment_status":"open","ping_status":"closed","template":"pages-chapitre-03","meta":{"footnotes":""},"class_list":["post-472","page","type-page","status-publish","hentry"],"jetpack_sharing_enabled":true,"_links":{"self":[{"href":"https:\/\/mercigracias.ch\/index.php?rest_route=\/wp\/v2\/pages\/472","targetHints":{"allow":["GET"]}}],"collection":[{"href":"https:\/\/mercigracias.ch\/index.php?rest_route=\/wp\/v2\/pages"}],"about":[{"href":"https:\/\/mercigracias.ch\/index.php?rest_route=\/wp\/v2\/types\/page"}],"author":[{"embeddable":true,"href":"https:\/\/mercigracias.ch\/index.php?rest_route=\/wp\/v2\/users\/1"}],"replies":[{"embeddable":true,"href":"https:\/\/mercigracias.ch\/index.php?rest_route=%2Fwp%2Fv2%2Fcomments&post=472"}],"version-history":[{"count":8,"href":"https:\/\/mercigracias.ch\/index.php?rest_route=\/wp\/v2\/pages\/472\/revisions"}],"predecessor-version":[{"id":4569,"href":"https:\/\/mercigracias.ch\/index.php?rest_route=\/wp\/v2\/pages\/472\/revisions\/4569"}],"wp:attachment":[{"href":"https:\/\/mercigracias.ch\/index.php?rest_route=%2Fwp%2Fv2%2Fmedia&parent=472"}],"curies":[{"name":"wp","href":"https:\/\/api.w.org\/{rel}","templated":true}]}}

<p class="wp-block-paragraph">&lt;Enregistré le 14 Septembre 2016&gt;</p>



<p class="wp-block-paragraph">Vers 7 ans et demi, comme je n&rsquo;aimais pas aller aux toilettes en bas, parce que j&rsquo;avais souci&#8230; J&rsquo;allais aux toilettes en haut, là où il y avait la grande salle, et où il y avait les pensionnaires&#8230;<br>Car là haut tu avais moins de risques de rencontrer du monde.<br>La journée, ils étaient tous au travail, alors qu&rsquo;en bas c&rsquo;étaient les clients du restaurant et du bar. Et qu&rsquo;il n&rsquo;y avait que deux chambres en haut, parfois trois&#8230;</p>



<p class="wp-block-paragraph">Donc comme il n&rsquo;y avait pas trop de monde, je montais toujours en haut&#8230; Si je n&rsquo;étais pas avec ma sœur, parce que sinon je lui demandais :<br>&#8211; Tu ne viens pas aux toilettes avec moi ?</p>



<p class="wp-block-paragraph">C&rsquo;était toujours comme ça&#8230; et puis ce jour là, j&rsquo;étais en train de faire de la peinture&#8230; Mais voilà qu&rsquo;il y avait un peintre en haut qui travaillait&#8230; Ben un peintre&#8230; C&rsquo;était de la peinture, quoi&#8230;hein ?</p>



<p class="wp-block-paragraph">Je pars aux toilettes&#8230;et puis ce peintre comme il était en haut et qu&rsquo;il était tout seul, il m&rsquo;aborde&#8230;</p>



<p class="wp-block-paragraph">C&rsquo;est facile d&rsquo;aborder une gamine de 7 ans et demi&#8230; et puis de la retenir, et puis de la&#8230; C&rsquo;est vraiment du jeu pour un homme. <br>Même sur une femme, alors tu vois sur une gamine&#8230;?</p>



<p class="wp-block-paragraph">Alors là aussi, je me mets de nouveau à hurler et à me défendre&#8230; comme une lionne !</p>



<p class="wp-block-paragraph">Et puis je cours chez maman, qui était en train de faire ses lessives en bas, et je lui raconte&#8230;.</p>



<p class="wp-block-paragraph">Je lui dis : <br>&#8211; Maman&#8230; voilà&#8230;</p>



<p class="wp-block-paragraph">Elle me dit : <br>&#8211; Mais&#8230; le peintre en haut ? <br>&#8211; Oui oui&#8230;</p>



<p class="wp-block-paragraph">Alors là, Maman, elle réagit très fort&#8230; et elle va chez le directeur qui avait envoyé le peintre, chez l&rsquo;autre&#8230; celui qui m&rsquo;avait touchée quelques années auparavant, pour lui dire qu&rsquo;il fallait faire quelque chose&#8230;</p>



<p class="wp-block-paragraph">Et celui là, ce peintre&#8230; il fera 15 jours de prison&#8230;!</p>



<p class="wp-block-paragraph">Alors là&#8230; Je comprends qu&rsquo;il y a un truc à la BracABras&#8230; un truc à coucher dehors, parce que dans ma petite tête d&rsquo;enfant, j&rsquo;arrive à comprendre que ça ne jouait pas&#8230; et je ne mets pas mon accord !</p>



<p class="wp-block-paragraph">Je ne comprends pas exactement pourquoi, mais en tout cas, je sais que ça ne jouait pas. Je comprends que l&rsquo;autre, il n&rsquo;est pas puni&#8230; et je comprends que celui là, il n&rsquo;est pas important&#8230;<br>Mais que le directeur, c&rsquo;était son titre&#8230;</p>



<p class="wp-block-paragraph">Parce que ma mère m&rsquo;explique bien :<br>&#8211; Tu comprends&#8230; c&rsquo;est un Monsieur&#8230;! Non ! Non !&#8230;<br><br>Ma mère était dans le rejet par conflit d&rsquo;intérêts, et même pour moi, ça ne lui faisait pas Tilt&#8230; Une maman, ça protège, non&#8230; ?</p>



<p class="wp-block-paragraph">Donc la dessus, je comprends qu&rsquo;il y a quelque chose qui n&rsquo;est pas nette&#8230;</p>



<p class="wp-block-paragraph">&#8211; <em>Parce que tu vois qu&rsquo;il y des cas où tu peux, et des cas où tu peux pas&#8230;</em>?<br>&#8211; Voilà ! Je me suis dit, ben tiens, celui là il va faire de la prison&#8230; et la dernière fois, non ?</p>



<p class="wp-block-paragraph">Alors je me disais : <br>&#8211; Non non, il y a quelque chose qui ne joue pas&#8230; Je ne suis pas d&rsquo;accord. </p>



<p class="wp-block-paragraph">Pourquoi je ne mettais pas mon accord ? <br>Il y avait quelque chose dans ma tête d&rsquo;enfant qui n&rsquo;acceptait pas&#8230;</p>



<p class="wp-block-paragraph">C&rsquo;était pas net&#8230;</p>



<p class="wp-block-paragraph">Alors quand un peu plus tard&#8230; la première fois que ça se passe vraiment vers mes 10 ans, et même si ça continue&#8230; </p>



<p class="wp-block-paragraph">Je me dis, ça sert à rien parce que finalement, elle va régler ça comment&#8230; ? <br>Alors je comprends que je ne peux plus aller lui en parler&#8230; </p>



<p class="wp-block-paragraph">La peur d&rsquo;aller aux toilettes m&rsquo;a poursuivie toute ma vie&#8230; en plus du reste&#8230;</p>

<p>&lt;Enregistré le 14 Septembre 2016&gt; Vers 7 ans et demi, comme je n&rsquo;aimais pas aller aux toilettes en bas, parce que j&rsquo;avais souci&#8230; J&rsquo;allais aux toilettes en haut, là où il y avait la grande salle, et où il y avait les pensionnaires&#8230;Car là haut tu avais moins de risques de rencontrer du monde.La journée, [&hellip;]</p>
