{"id":481,"date":"2025-12-29T11:19:21","date_gmt":"2025-12-29T11:19:21","guid":{"rendered":"https:\/\/mercigracias.ch\/?page_id=481"},"modified":"2026-07-13T05:21:05","modified_gmt":"2026-07-13T05:21:05","slug":"et-mon-pere","status":"publish","type":"page","link":"https:\/\/mercigracias.ch\/?page_id=481","title":{"rendered":"Et mon P\u00e8re ?"},"content":{"rendered":"\n<p class=\"wp-block-paragraph\">&lt;Enregistr\u00e9 le 14 Septembre 2016&gt;<\/p>\n\n\n\n<p class=\"wp-block-paragraph\">Si mon p\u00e8re a \u00e9t\u00e9 mis au courant des agressions sexuelles et du reste, dont j&rsquo;ai \u00e9t\u00e9 victime ? <br>Non non, il n&rsquo;a jamais \u00e9t\u00e9 mis au courant&#8230;<\/p>\n\n\n\n<p class=\"wp-block-paragraph\">&#8211;<em>T&rsquo;as jamais demand\u00e9 \u00e0 ta m\u00e8re si elle lui en avait parl\u00e9 ?<\/em><\/p>\n\n\n\n<p class=\"wp-block-paragraph\">&#8211; Mais jamais de la vie ! <br>Pas dans ma moindre pens\u00e9e&#8230; Non, elle ne lui racontait rien !<br>Maman, elle fonctionnait avec ce qu&rsquo;elle pensait \u00e0 l&rsquo;\u00e9poque&#8230; <br>Elle r\u00e9glait comme elle pensait et \u00e7a s&rsquo;arr\u00eatait l\u00e0&#8230;<\/p>\n\n\n\n<ul class=\"wp-block-list\">\n<li>Et c&rsquo;\u00e9tait tout. Point barre&#8230;<\/li>\n<\/ul>\n\n\n\n<p class=\"wp-block-paragraph\">Elle faisait toujours au mieux, m\u00eame si ils \u00e9taient mari\u00e9s. Chacun g\u00e9rait son histoire sans l&rsquo;autre. <br>Non non, il n&rsquo;y avait pas la rencontre o\u00f9 tu parles des choses ensemble, o\u00f9 tu parles des enfants&#8230; Non non, pas du tout. Chacun vivait de son c\u00f4t\u00e9.<\/p>\n\n\n\n<p class=\"wp-block-paragraph\">Ce qui arrivait \u00e0 un enfant, l&rsquo;autre il ne le savait m\u00eame pas.<br>Les enfants ils n&rsquo;\u00e9taient rien&#8230;<\/p>\n\n\n\n<p class=\"wp-block-paragraph\">Pour ma s\u0153ur, Maman elle a du prendre des d\u00e9cisions, quand elle a eu sa m\u00e9ningite, et qu&rsquo;elle a vu qu&rsquo;elle avait la t\u00eate en arri\u00e8re comme \u00e7a, en la coiffant&#8230; Elle n&rsquo;en a pas parl\u00e9 \u00e0 mon p\u00e8re, elle a t\u00e9l\u00e9phon\u00e9 \u00e0 sa m\u00e8re, tout de suite. pour lui dire : <br>&#8211; Maman, qu&rsquo;est ce que je fais ?&#8230;Elle a la t\u00eate qui part comme \u00e7a en arri\u00e8re&#8230;<\/p>\n\n\n\n<p class=\"wp-block-paragraph\">Et ma grand m\u00e8re lui dit direct : <br>&#8211; Ecoute. Je t&rsquo;envoie ton fr\u00e8re, pour qu&rsquo;il l&#8217;emm\u00e8ne \u00e0 Bern. <\/p>\n\n\n\n<p class=\"wp-block-paragraph\">C&rsquo;\u00e9tait comme \u00e7a, il fallait d\u00e9cider.<\/p>\n\n\n\n<p class=\"wp-block-paragraph\">C&rsquo;est ce que ma m\u00e8re m&rsquo;a racont\u00e9 :<br>&#8211; Voil\u00e0, le \u00ab\u00a0Vieux\u00a0\u00bb il n&rsquo;\u00e9tait pas l\u00e0&#8230;<\/p>\n\n\n\n<p class=\"wp-block-paragraph\">Finalement mon p\u00e8re il ne faisait pas parti de la famille&#8230;<br>Chez nous c&rsquo;\u00e9tait le Commerce, qui les r\u00e9unissait, et la famille \u00e7a n&rsquo;existait pas.<\/p>\n\n\n\n<p class=\"wp-block-paragraph\">On avait un souci, un probl\u00e8me ? <br>\u00c7a n&rsquo;int\u00e9ressait personne&#8230; Ce n&rsquo;\u00e9tait pas \u00e7a, leur truc&#8230; <br>Leur truc, c&rsquo;\u00e9tait de savoir que la sommeli\u00e8re, qu&rsquo;il en fallait une pour la semaine, qu&rsquo;il y avait un mariage, qu&rsquo;il y aurait un loto&#8230; qu&rsquo;il y aurait la cagnotte&#8230; que le jeu de quille soit pr\u00eat&#8230; C&rsquo;\u00e9tait \u00e7a.<\/p>\n\n\n\n<p class=\"wp-block-paragraph\">Mais les enfants ? Il n&rsquo;y avait pas le moindre souci&#8230; <br>Non, il n&rsquo;y a jamais eu ce regard, cette attention, sauf pour ma s\u0153ur avec toutes ses maladies&#8230;<\/p>\n\n\n\n<p class=\"wp-block-paragraph\">A table les enfants ne discutaient pas&#8230; Il ne fallait pas d\u00e9ranger les adultes&#8230; Et d&rsquo;ailleurs on ne les rencontrait pas&#8230; Seulement pour aller faire les verres, faire la vaisselle, et puis l\u00e0, c&rsquo;\u00e9tait, vas y, d\u00e9range moi pas&#8230;<\/p>\n\n\n\n<p class=\"wp-block-paragraph\">On ne discute pas, on n&rsquo;a pas le temps&#8230;.<\/p>\n\n\n\n<p class=\"wp-block-paragraph\">Alors dis moi \u00e0 qui tu discutes, de tes soucis d&rsquo;enfant ?<\/p>\n","protected":false},"excerpt":{"rendered":"<p>&lt;Enregistr\u00e9 le 14 Septembre 2016&gt; Si mon p\u00e8re a \u00e9t\u00e9 mis au courant des agressions sexuelles et du reste, dont j&rsquo;ai \u00e9t\u00e9 victime ? Non non, il n&rsquo;a jamais \u00e9t\u00e9 mis au courant&#8230; &#8211;T&rsquo;as jamais demand\u00e9 \u00e0 ta m\u00e8re si elle lui en avait parl\u00e9 ? &#8211; Mais jamais de la vie ! Pas dans [&hellip;]<\/p>\n","protected":false},"author":1,"featured_media":0,"parent":0,"menu_order":0,"comment_status":"open","ping_status":"closed","template":"pages-chapitre-03","meta":{"footnotes":""},"class_list":["post-481","page","type-page","status-publish","hentry"],"jetpack_sharing_enabled":true,"_links":{"self":[{"href":"https:\/\/mercigracias.ch\/index.php?rest_route=\/wp\/v2\/pages\/481","targetHints":{"allow":["GET"]}}],"collection":[{"href":"https:\/\/mercigracias.ch\/index.php?rest_route=\/wp\/v2\/pages"}],"about":[{"href":"https:\/\/mercigracias.ch\/index.php?rest_route=\/wp\/v2\/types\/page"}],"author":[{"embeddable":true,"href":"https:\/\/mercigracias.ch\/index.php?rest_route=\/wp\/v2\/users\/1"}],"replies":[{"embeddable":true,"href":"https:\/\/mercigracias.ch\/index.php?rest_route=%2Fwp%2Fv2%2Fcomments&post=481"}],"version-history":[{"count":6,"href":"https:\/\/mercigracias.ch\/index.php?rest_route=\/wp\/v2\/pages\/481\/revisions"}],"predecessor-version":[{"id":5646,"href":"https:\/\/mercigracias.ch\/index.php?rest_route=\/wp\/v2\/pages\/481\/revisions\/5646"}],"wp:attachment":[{"href":"https:\/\/mercigracias.ch\/index.php?rest_route=%2Fwp%2Fv2%2Fmedia&parent=481"}],"curies":[{"name":"wp","href":"https:\/\/api.w.org\/{rel}","templated":true}]}}

Et mon Père ?

<p class="wp-block-paragraph">&lt;Enregistré le 14 Septembre 2016&gt;</p>



<p class="wp-block-paragraph">Si mon père a été mis au courant des agressions sexuelles et du reste, dont j&rsquo;ai été victime ? <br>Non non, il n&rsquo;a jamais été mis au courant&#8230;</p>



<p class="wp-block-paragraph">&#8211;<em>T&rsquo;as jamais demandé à ta mère si elle lui en avait parlé ?</em></p>



<p class="wp-block-paragraph">&#8211; Mais jamais de la vie ! <br>Pas dans ma moindre pensée&#8230; Non, elle ne lui racontait rien !<br>Maman, elle fonctionnait avec ce qu&rsquo;elle pensait à l&rsquo;époque&#8230; <br>Elle réglait comme elle pensait et ça s&rsquo;arrêtait là&#8230;</p>



<ul class="wp-block-list">
<li>Et c&rsquo;était tout. Point barre&#8230;</li>
</ul>



<p class="wp-block-paragraph">Elle faisait toujours au mieux, même si ils étaient mariés. Chacun gérait son histoire sans l&rsquo;autre. <br>Non non, il n&rsquo;y avait pas la rencontre où tu parles des choses ensemble, où tu parles des enfants&#8230; Non non, pas du tout. Chacun vivait de son côté.</p>



<p class="wp-block-paragraph">Ce qui arrivait à un enfant, l&rsquo;autre il ne le savait même pas.<br>Les enfants ils n&rsquo;étaient rien&#8230;</p>



<p class="wp-block-paragraph">Pour ma sœur, Maman elle a du prendre des décisions, quand elle a eu sa méningite, et qu&rsquo;elle a vu qu&rsquo;elle avait la tête en arrière comme ça, en la coiffant&#8230; Elle n&rsquo;en a pas parlé à mon père, elle a téléphoné à sa mère, tout de suite. pour lui dire : <br>&#8211; Maman, qu&rsquo;est ce que je fais ?&#8230;Elle a la tête qui part comme ça en arrière&#8230;</p>



<p class="wp-block-paragraph">Et ma grand mère lui dit direct : <br>&#8211; Ecoute. Je t&rsquo;envoie ton frère, pour qu&rsquo;il l&#8217;emmène à Bern. </p>



<p class="wp-block-paragraph">C&rsquo;était comme ça, il fallait décider.</p>



<p class="wp-block-paragraph">C&rsquo;est ce que ma mère m&rsquo;a raconté :<br>&#8211; Voilà, le « Vieux » il n&rsquo;était pas là&#8230;</p>



<p class="wp-block-paragraph">Finalement mon père il ne faisait pas parti de la famille&#8230;<br>Chez nous c&rsquo;était le Commerce, qui les réunissait, et la famille ça n&rsquo;existait pas.</p>



<p class="wp-block-paragraph">On avait un souci, un problème ? <br>Ça n&rsquo;intéressait personne&#8230; Ce n&rsquo;était pas ça, leur truc&#8230; <br>Leur truc, c&rsquo;était de savoir que la sommelière, qu&rsquo;il en fallait une pour la semaine, qu&rsquo;il y avait un mariage, qu&rsquo;il y aurait un loto&#8230; qu&rsquo;il y aurait la cagnotte&#8230; que le jeu de quille soit prêt&#8230; C&rsquo;était ça.</p>



<p class="wp-block-paragraph">Mais les enfants ? Il n&rsquo;y avait pas le moindre souci&#8230; <br>Non, il n&rsquo;y a jamais eu ce regard, cette attention, sauf pour ma sœur avec toutes ses maladies&#8230;</p>



<p class="wp-block-paragraph">A table les enfants ne discutaient pas&#8230; Il ne fallait pas déranger les adultes&#8230; Et d&rsquo;ailleurs on ne les rencontrait pas&#8230; Seulement pour aller faire les verres, faire la vaisselle, et puis là, c&rsquo;était, vas y, dérange moi pas&#8230;</p>



<p class="wp-block-paragraph">On ne discute pas, on n&rsquo;a pas le temps&#8230;.</p>



<p class="wp-block-paragraph">Alors dis moi à qui tu discutes, de tes soucis d&rsquo;enfant ?</p>

<p>&lt;Enregistré le 14 Septembre 2016&gt; Si mon père a été mis au courant des agressions sexuelles et du reste, dont j&rsquo;ai été victime ? Non non, il n&rsquo;a jamais été mis au courant&#8230; &#8211;T&rsquo;as jamais demandé à ta mère si elle lui en avait parlé ? &#8211; Mais jamais de la vie ! Pas dans [&hellip;]</p>
