{"id":490,"date":"2025-12-29T14:29:02","date_gmt":"2025-12-29T14:29:02","guid":{"rendered":"https:\/\/mercigracias.ch\/?page_id=490"},"modified":"2026-07-13T05:20:28","modified_gmt":"2026-07-13T05:20:28","slug":"le-transfert","status":"publish","type":"page","link":"https:\/\/mercigracias.ch\/?page_id=490","title":{"rendered":"Le transfert&#8230;"},"content":{"rendered":"\n<p class=\"wp-block-paragraph\">&lt;Enregistr\u00e9 le 14 Septembre 2016&gt;<\/p>\n\n\n\n<p class=\"wp-block-paragraph\">Maman, je l&rsquo;ai toujours sentie en d\u00e9sarroi, depuis toute petite.<\/p>\n\n\n\n<p class=\"wp-block-paragraph\">Quand j&rsquo;apprends par t\u00e9l\u00e9phone que ma Grand-Maman est d\u00e9c\u00e9d\u00e9e, je sens tellement son profond d\u00e9sarroi&#8230;<\/p>\n\n\n\n<p class=\"wp-block-paragraph\">Quelques jours avant&#8230; Je vais \u00e0 la cuisine, il y avait justement ma Grand-Maman qui \u00e9tait l\u00e0 avec mon oncle. Je me souviens toujours, elle \u00e9tait avec son chapeau, et ils sont l\u00e0, tous ensemble dans la cuisine&#8230;<\/p>\n\n\n\n<p class=\"wp-block-paragraph\">Ils parlent, et je sens qu&rsquo;il y a des choses importantes qui se disent&#8230; Et voil\u00e0, on va lui faire adieu, et elle repart en voiture avec son fils, qui va l&rsquo;amener \u00e0 l&rsquo;h\u00f4pital&#8230;<\/p>\n\n\n\n<p class=\"wp-block-paragraph\">Apr\u00e8s \u00e7a, dans la semaine qui suit&#8230; dans la cabine, o\u00f9 maman allait quand elle avait besoin d&rsquo;appeler une sommeli\u00e8re pour le restaurant&#8230; le t\u00e9l\u00e9phone sonnait&#8230;<\/p>\n\n\n\n<p class=\"wp-block-paragraph\">C&rsquo;\u00e9tait les seuls moments o\u00f9 j&rsquo;avais le droit d&rsquo;aller sur ses genoux&#8230; On n&rsquo;osait pas faire \u00e7a devant la client\u00e8le&#8230; C&rsquo;\u00e9tait d\u00e9fendu. C&rsquo;\u00e9tait comme \u00e7a, on ne voulait pas&#8230; M\u00eame si je le faisais de temps en temps et qu&rsquo;on me reprenait&#8230;<\/p>\n\n\n\n<p class=\"wp-block-paragraph\">Et l\u00e0, il y avait le t\u00e9l\u00e9phone qui sonnait et je la vois partir \u00e0 la cabine t\u00e9l\u00e9phonique&#8230; Hop, je monte vite avec elle dans la cabine&#8230; je suis petite, je n&rsquo;avais pas quatre ans&#8230; Je monte sur ses genoux&#8230;<\/p>\n\n\n\n<p class=\"wp-block-paragraph\">Et c&rsquo;est l\u00e0 qu&rsquo;elle apprend le d\u00e9c\u00e8s de sa m\u00e8re&#8230;<\/p>\n\n\n\n<p class=\"wp-block-paragraph\">\u00c7a fait quelque chose pour un enfant, parce que je sens son d\u00e9sarroi, un profond d\u00e9sarroi, que tu n&rsquo;arrives m\u00eame pas \u00e0 imaginer&#8230;Tu sens le monde qui s&rsquo;\u00e9croule&#8230; car t&rsquo;es capteur !<\/p>\n\n\n\n<p class=\"wp-block-paragraph\">Parce qu&rsquo;avant 6-7 ans, l&rsquo;enfant il capte&#8230; et l\u00e0 je sens ce fil conducteur, \u00e7a m&rsquo;arrive direct dessus.<\/p>\n\n\n\n<p class=\"wp-block-paragraph\">Ah&#8230; mais ma Grand-Maman, pour Maman, c&rsquo;\u00e9tait tout&#8230; <br>J&rsquo;ai senti son profond d\u00e9sarroi, et \u00e9videment qu&rsquo;apr\u00e8s, elle a d\u00fb se sentir tr\u00e8s seule&#8230;<\/p>\n\n\n\n<p class=\"wp-block-paragraph\">Tu sens qu&rsquo;il y a eu quelque chose de tr\u00e8s grave qui s&rsquo;est pass\u00e9, au m\u00eame titre que le jour o\u00f9 tout le monde s&rsquo;\u00e9tait r\u00e9uni dans la cuisine&#8230; <br>Tu sens qu&rsquo;il y avait quelque chose qui allait se passer et puis&#8230;<\/p>\n\n\n\n<p class=\"wp-block-paragraph\">L&rsquo;enfant il sent&#8230; par la vibration et l\u00e0 dans la cabine, c&rsquo;\u00e9tait la m\u00eame chose. <\/p>\n\n\n\n<p class=\"wp-block-paragraph\">Apr\u00e8s \u00e7a, elle confirme, car \u00e0 No\u00ebl, donc un mois apr\u00e8s, elle faisait une crise de foie et c&rsquo;est moi qu&rsquo;elle vient r\u00e9veiller pour m&rsquo;occuper de son ventre&#8230; <\/p>\n\n\n\n<p class=\"wp-block-paragraph\">Elle confirme, il n&rsquo;y a personne !<\/p>\n\n\n\n<p class=\"wp-block-paragraph\">Donc je regarde le lit de ma s\u0153ur, je me dis : <br>&#8211; Elle, qui n&rsquo;a pas le souci de tenir ses lavettes hyper-chaudes, et \u00e0 ma s\u0153ur et moi, maman nous dit toujours de faire attention \u00e0 l&rsquo;eau chaude&#8230;? <br>Je n&rsquo;avais jamais eu \u00e0 faire avec l&rsquo;eau chaude comme \u00e7a&#8230;<br>Tu vois ce que je suis petite !<\/p>\n\n\n\n<p class=\"wp-block-paragraph\">Je vois \u00ab\u00a0le p\u00e8re\u00a0\u00bb qui dort \u00e0 ses c\u00f4t\u00e9s&#8230; Je vois mon fr\u00e8re qui dort \u00e0 c\u00f4t\u00e9&#8230; En tout cas tout le monde dort, et c&rsquo;est moi qu&rsquo;elle vient r\u00e9veiller&#8230; et me dire : <br>&#8211; Ecoute prends soin de moi&#8230; J&rsquo;ai mal, je vais mourir&#8230;<\/p>\n\n\n\n<p class=\"wp-block-paragraph\">Parce que j&rsquo;ai tr\u00e8s tr\u00e8s mal, c&rsquo;est ce que je ressens en \u00e9tant petite&#8230; Donc il n&rsquo;y a personne d&rsquo;autre que toi qui peux prendre soin de moi&#8230; et l\u00e0 elle fait le transfert !<\/p>\n\n\n\n<p class=\"wp-block-paragraph\">Puisqu&rsquo;en fin de compte je comprends, oh l\u00e0 l\u00e0&#8230; ben dis donc&#8230;<\/p>\n\n\n\n<p class=\"wp-block-paragraph\">Et je comprends tr\u00e8s bien qu&rsquo;elle fait son transfert, sa m\u00e8re venait de d\u00e9c\u00e9der&#8230;<\/p>\n\n\n\n<p class=\"wp-block-paragraph\">Mais je comprends aussi tr\u00e8s bien, quelques ann\u00e9es plus tard, quand je commence l&rsquo;\u00e9cole, et que quand la maitresse me dit :<br>&#8211; Il faut faire tes devoirs&#8230;<\/p>\n\n\n\n<p class=\"wp-block-paragraph\">&#8230;quand j&rsquo;arrive vers maman avec ma lecture , et que je lui dis : <br>&#8211; Maman&#8230; il faut que je fasse la lecture&#8230; la maitresse elle m&rsquo;a dit&#8230; et qu&rsquo;elle me prend mon livre de lecture&#8230; et que je dis, euhh Maman, tu dors toujours&#8230; Comment on va faire ?<\/p>\n\n\n\n<p class=\"wp-block-paragraph\">Qu&rsquo;elle me prend mon livre, me le tape sur la t\u00eate et me dit : <br>&#8211; Mais si tu crois que je n&rsquo;ai que \u00e7a \u00e0 faire ? Et qu&rsquo;elle le jette au milieu de la cuisine&#8230; Fait ce que tu veux, mais ne viens pas m&#8217;emb\u00eater, m&rsquo;ennuyer avec \u00e7a&#8230; Moi, je n&rsquo;en peux plus, j&rsquo;ai trop sommeil&#8230;!<\/p>\n\n\n\n<p class=\"wp-block-paragraph\">Donc je vais le lendemain \u00e0 l&rsquo;\u00e9cole et je me fais fesser devant tout le monde, parce que je n&rsquo;ai pas fait mes devoirs.<\/p>\n\n\n\n<p class=\"wp-block-paragraph\">Mais comment aller dire, en tant qu&rsquo;enfant qu&rsquo;on ne veut pas t&rsquo;aider&#8230; qu&rsquo;il n&rsquo;y a personne ? Quand tu te retournes, tu demandes, tu vas chez ta s\u0153ur&#8230;:<br>&#8211; Ne me fais pas chier&#8230;<\/p>\n\n\n\n<p class=\"wp-block-paragraph\">Tu vas l\u00e0&#8230; :<br>&#8211; Ne me fais pas chier&#8230;<\/p>\n\n\n\n<p class=\"wp-block-paragraph\">Personne ne veut savoir&#8230; Personne ne veut t&rsquo;aider&#8230; Alors tu retournes \u00e0 l&rsquo;\u00e9cole et tu ne sais pas tes devoirs !<\/p>\n\n\n\n<p class=\"wp-block-paragraph\">Mais jamais tu  peux dire que tu es toute seule et que tu ne peux pas faire&#8230; Donc ton d\u00e9part dans la vie, il est d\u00e9j\u00e0 foutu, hein&#8230;!?<\/p>\n\n\n\n<p class=\"wp-block-paragraph\">Et oui, ton d\u00e9part, il est foutu. Voil\u00e0 !<\/p>\n\n\n\n<p class=\"wp-block-paragraph\">Et tu comprends que tu n&rsquo;int\u00e9resses pas&#8230;<\/p>\n\n\n\n<p class=\"wp-block-paragraph\"><\/p>\n","protected":false},"excerpt":{"rendered":"<p>&lt;Enregistr\u00e9 le 14 Septembre 2016&gt; Maman, je l&rsquo;ai toujours sentie en d\u00e9sarroi, depuis toute petite. Quand j&rsquo;apprends par t\u00e9l\u00e9phone que ma Grand-Maman est d\u00e9c\u00e9d\u00e9e, je sens tellement son profond d\u00e9sarroi&#8230; Quelques jours avant&#8230; Je vais \u00e0 la cuisine, il y avait justement ma Grand-Maman qui \u00e9tait l\u00e0 avec mon oncle. Je me souviens toujours, elle [&hellip;]<\/p>\n","protected":false},"author":1,"featured_media":0,"parent":0,"menu_order":0,"comment_status":"open","ping_status":"closed","template":"pages-chapitre-03","meta":{"footnotes":""},"class_list":["post-490","page","type-page","status-publish","hentry"],"jetpack_sharing_enabled":true,"_links":{"self":[{"href":"https:\/\/mercigracias.ch\/index.php?rest_route=\/wp\/v2\/pages\/490","targetHints":{"allow":["GET"]}}],"collection":[{"href":"https:\/\/mercigracias.ch\/index.php?rest_route=\/wp\/v2\/pages"}],"about":[{"href":"https:\/\/mercigracias.ch\/index.php?rest_route=\/wp\/v2\/types\/page"}],"author":[{"embeddable":true,"href":"https:\/\/mercigracias.ch\/index.php?rest_route=\/wp\/v2\/users\/1"}],"replies":[{"embeddable":true,"href":"https:\/\/mercigracias.ch\/index.php?rest_route=%2Fwp%2Fv2%2Fcomments&post=490"}],"version-history":[{"count":11,"href":"https:\/\/mercigracias.ch\/index.php?rest_route=\/wp\/v2\/pages\/490\/revisions"}],"predecessor-version":[{"id":5645,"href":"https:\/\/mercigracias.ch\/index.php?rest_route=\/wp\/v2\/pages\/490\/revisions\/5645"}],"wp:attachment":[{"href":"https:\/\/mercigracias.ch\/index.php?rest_route=%2Fwp%2Fv2%2Fmedia&parent=490"}],"curies":[{"name":"wp","href":"https:\/\/api.w.org\/{rel}","templated":true}]}}

<p class="wp-block-paragraph">&lt;Enregistré le 14 Septembre 2016&gt;</p>



<p class="wp-block-paragraph">Maman, je l&rsquo;ai toujours sentie en désarroi, depuis toute petite.</p>



<p class="wp-block-paragraph">Quand j&rsquo;apprends par téléphone que ma Grand-Maman est décédée, je sens tellement son profond désarroi&#8230;</p>



<p class="wp-block-paragraph">Quelques jours avant&#8230; Je vais à la cuisine, il y avait justement ma Grand-Maman qui était là avec mon oncle. Je me souviens toujours, elle était avec son chapeau, et ils sont là, tous ensemble dans la cuisine&#8230;</p>



<p class="wp-block-paragraph">Ils parlent, et je sens qu&rsquo;il y a des choses importantes qui se disent&#8230; Et voilà, on va lui faire adieu, et elle repart en voiture avec son fils, qui va l&rsquo;amener à l&rsquo;hôpital&#8230;</p>



<p class="wp-block-paragraph">Après ça, dans la semaine qui suit&#8230; dans la cabine, où maman allait quand elle avait besoin d&rsquo;appeler une sommelière pour le restaurant&#8230; le téléphone sonnait&#8230;</p>



<p class="wp-block-paragraph">C&rsquo;était les seuls moments où j&rsquo;avais le droit d&rsquo;aller sur ses genoux&#8230; On n&rsquo;osait pas faire ça devant la clientèle&#8230; C&rsquo;était défendu. C&rsquo;était comme ça, on ne voulait pas&#8230; Même si je le faisais de temps en temps et qu&rsquo;on me reprenait&#8230;</p>



<p class="wp-block-paragraph">Et là, il y avait le téléphone qui sonnait et je la vois partir à la cabine téléphonique&#8230; Hop, je monte vite avec elle dans la cabine&#8230; je suis petite, je n&rsquo;avais pas quatre ans&#8230; Je monte sur ses genoux&#8230;</p>



<p class="wp-block-paragraph">Et c&rsquo;est là qu&rsquo;elle apprend le décès de sa mère&#8230;</p>



<p class="wp-block-paragraph">Ça fait quelque chose pour un enfant, parce que je sens son désarroi, un profond désarroi, que tu n&rsquo;arrives même pas à imaginer&#8230;Tu sens le monde qui s&rsquo;écroule&#8230; car t&rsquo;es capteur !</p>



<p class="wp-block-paragraph">Parce qu&rsquo;avant 6-7 ans, l&rsquo;enfant il capte&#8230; et là je sens ce fil conducteur, ça m&rsquo;arrive direct dessus.</p>



<p class="wp-block-paragraph">Ah&#8230; mais ma Grand-Maman, pour Maman, c&rsquo;était tout&#8230; <br>J&rsquo;ai senti son profond désarroi, et évidement qu&rsquo;après, elle a dû se sentir très seule&#8230;</p>



<p class="wp-block-paragraph">Tu sens qu&rsquo;il y a eu quelque chose de très grave qui s&rsquo;est passé, au même titre que le jour où tout le monde s&rsquo;était réuni dans la cuisine&#8230; <br>Tu sens qu&rsquo;il y avait quelque chose qui allait se passer et puis&#8230;</p>



<p class="wp-block-paragraph">L&rsquo;enfant il sent&#8230; par la vibration et là dans la cabine, c&rsquo;était la même chose. </p>



<p class="wp-block-paragraph">Après ça, elle confirme, car à Noël, donc un mois après, elle faisait une crise de foie et c&rsquo;est moi qu&rsquo;elle vient réveiller pour m&rsquo;occuper de son ventre&#8230; </p>



<p class="wp-block-paragraph">Elle confirme, il n&rsquo;y a personne !</p>



<p class="wp-block-paragraph">Donc je regarde le lit de ma sœur, je me dis : <br>&#8211; Elle, qui n&rsquo;a pas le souci de tenir ses lavettes hyper-chaudes, et à ma sœur et moi, maman nous dit toujours de faire attention à l&rsquo;eau chaude&#8230;? <br>Je n&rsquo;avais jamais eu à faire avec l&rsquo;eau chaude comme ça&#8230;<br>Tu vois ce que je suis petite !</p>



<p class="wp-block-paragraph">Je vois « le père » qui dort à ses côtés&#8230; Je vois mon frère qui dort à côté&#8230; En tout cas tout le monde dort, et c&rsquo;est moi qu&rsquo;elle vient réveiller&#8230; et me dire : <br>&#8211; Ecoute prends soin de moi&#8230; J&rsquo;ai mal, je vais mourir&#8230;</p>



<p class="wp-block-paragraph">Parce que j&rsquo;ai très très mal, c&rsquo;est ce que je ressens en étant petite&#8230; Donc il n&rsquo;y a personne d&rsquo;autre que toi qui peux prendre soin de moi&#8230; et là elle fait le transfert !</p>



<p class="wp-block-paragraph">Puisqu&rsquo;en fin de compte je comprends, oh là là&#8230; ben dis donc&#8230;</p>



<p class="wp-block-paragraph">Et je comprends très bien qu&rsquo;elle fait son transfert, sa mère venait de décéder&#8230;</p>



<p class="wp-block-paragraph">Mais je comprends aussi très bien, quelques années plus tard, quand je commence l&rsquo;école, et que quand la maitresse me dit :<br>&#8211; Il faut faire tes devoirs&#8230;</p>



<p class="wp-block-paragraph">&#8230;quand j&rsquo;arrive vers maman avec ma lecture , et que je lui dis : <br>&#8211; Maman&#8230; il faut que je fasse la lecture&#8230; la maitresse elle m&rsquo;a dit&#8230; et qu&rsquo;elle me prend mon livre de lecture&#8230; et que je dis, euhh Maman, tu dors toujours&#8230; Comment on va faire ?</p>



<p class="wp-block-paragraph">Qu&rsquo;elle me prend mon livre, me le tape sur la tête et me dit : <br>&#8211; Mais si tu crois que je n&rsquo;ai que ça à faire ? Et qu&rsquo;elle le jette au milieu de la cuisine&#8230; Fait ce que tu veux, mais ne viens pas m&#8217;embêter, m&rsquo;ennuyer avec ça&#8230; Moi, je n&rsquo;en peux plus, j&rsquo;ai trop sommeil&#8230;!</p>



<p class="wp-block-paragraph">Donc je vais le lendemain à l&rsquo;école et je me fais fesser devant tout le monde, parce que je n&rsquo;ai pas fait mes devoirs.</p>



<p class="wp-block-paragraph">Mais comment aller dire, en tant qu&rsquo;enfant qu&rsquo;on ne veut pas t&rsquo;aider&#8230; qu&rsquo;il n&rsquo;y a personne ? Quand tu te retournes, tu demandes, tu vas chez ta sœur&#8230;:<br>&#8211; Ne me fais pas chier&#8230;</p>



<p class="wp-block-paragraph">Tu vas là&#8230; :<br>&#8211; Ne me fais pas chier&#8230;</p>



<p class="wp-block-paragraph">Personne ne veut savoir&#8230; Personne ne veut t&rsquo;aider&#8230; Alors tu retournes à l&rsquo;école et tu ne sais pas tes devoirs !</p>



<p class="wp-block-paragraph">Mais jamais tu  peux dire que tu es toute seule et que tu ne peux pas faire&#8230; Donc ton départ dans la vie, il est déjà foutu, hein&#8230;!?</p>



<p class="wp-block-paragraph">Et oui, ton départ, il est foutu. Voilà !</p>



<p class="wp-block-paragraph">Et tu comprends que tu n&rsquo;intéresses pas&#8230;</p>



<p class="wp-block-paragraph"></p>

<p>&lt;Enregistré le 14 Septembre 2016&gt; Maman, je l&rsquo;ai toujours sentie en désarroi, depuis toute petite. Quand j&rsquo;apprends par téléphone que ma Grand-Maman est décédée, je sens tellement son profond désarroi&#8230; Quelques jours avant&#8230; Je vais à la cuisine, il y avait justement ma Grand-Maman qui était là avec mon oncle. Je me souviens toujours, elle [&hellip;]</p>
