{"id":5,"date":"2021-06-11T13:30:07","date_gmt":"2021-06-11T13:30:07","guid":{"rendered":"https:\/\/mercigracias.ch\/?page_id=5"},"modified":"2026-06-14T05:12:05","modified_gmt":"2026-06-14T05:12:05","slug":"create-your-website-with-blocks","status":"publish","type":"page","link":"https:\/\/mercigracias.ch\/","title":{"rendered":"Merci Gracias, Merci la vie&#8230;"},"content":{"rendered":"\n<div style=\"height:23px\" aria-hidden=\"true\" class=\"wp-block-spacer\"><\/div>\n\n\n\n<div class=\"wp-block-columns is-not-stacked-on-mobile is-style-default has-background has-normal-font-size is-layout-flex wp-container-core-columns-is-layout-bd6da76f wp-block-columns-is-layout-flex\" style=\"background-color:#dcfaf9;padding-right:0;padding-left:0\">\n<div class=\"wp-block-column has-black-color has-text-color has-background has-link-color wp-elements-1 is-layout-flow wp-block-column-is-layout-flow\" style=\"background-color:#dcfaf9;padding-right:0;padding-left:0\">\n<p class=\"has-large-font-size wp-block-paragraph\">Certains me diront : Ta vie ?\u2026Elle n\u2019a pas \u00e9t\u00e9 triste !<\/p>\n\n\n\n<p class=\"has-large-font-size wp-block-paragraph\">Je leur dirais plut\u00f4t que si elle a pu l\u2019\u00eatre par moments, \u00e0 d\u2019autres elle a \u00e9t\u00e9 pleine de joie, avec des hauts et des bas comme chez tout le monde. C\u2019est tout le paradoxe de nos vies, non ?<\/p>\n\n\n\n<p class=\"has-large-font-size wp-block-paragraph\">Tous ces moments mis au bout les uns des autres, c\u2019est ma vie, la mienne&#8230; pour laquelle je ne changerais rien, pour rien au monde car c\u2019est ce chemin qui m\u2019a amen\u00e9e \u00e0 \u00eatre ce que je suis aujourd\u2019hui.<\/p>\n\n\n\n<p class=\"has-large-font-size wp-block-paragraph\">Ce chemin fait partie de moi, c\u2019est toute ma vie. Je remercie Dieu pour toutes ses gr\u00e2ces et pour toutes les pierres blanches d\u00e9pos\u00e9es sur ma route qui m\u2019ont continuellement guid\u00e9e vers sa lumi\u00e8re.<\/p>\n\n\n\n<p class=\"has-large-font-size wp-block-paragraph\">A quoi je sers, qui suis je&#8230; ?<\/p>\n\n\n\n<p class=\"has-large-font-size wp-block-paragraph\">Quel est le sens de ma vie ? Pourquoi suis je l\u00e0 sur cette terre, perdue au milieu de tout ce monde et malgr\u00e9 tout, finalement bien seule face aux autres et face \u00e0 moi-m\u00eame ?<\/p>\n\n\n\n<p class=\"has-large-font-size wp-block-paragraph\">Qui sommes nous vraiment ?<\/p>\n\n\n\n<ul class=\"wp-block-list\">\n<li class=\"has-large-font-size\">Je suis le chemin, \u00e0 dit J\u00e9sus\u2026<\/li>\n<\/ul>\n\n\n\n<p class=\"has-large-font-size wp-block-paragraph\" style=\"padding-top:0;padding-right:0;padding-bottom:0;padding-left:0\">Je crois bien que c\u2019est notre chemin qui caract\u00e9rise le mieux qui nous sommes&#8230;<\/p>\n\n\n\n<p class=\"has-large-font-size wp-block-paragraph\" style=\"padding-top:0;padding-right:0;padding-bottom:0;padding-left:0\">Si je suis fi\u00e8re d\u2019avoir pu traverser tous ces moments difficiles, je le dois \u00e0 toutes ces pierres blanches, \u00e0 tous ces messages venus de l&rsquo;au-del\u00e0 qui ont \u00e9t\u00e9 d\u00e9pos\u00e9s sur ma route et qui m\u2019ont permis d&rsquo;avancer tout en restant moi-m\u00eame.<\/p>\n\n\n\n<p class=\"has-large-font-size wp-block-paragraph\" style=\"padding-top:0;padding-right:0;padding-bottom:0;padding-left:0\">Voici donc ma vie telle que je l&rsquo;ai v\u00e9cue&#8230;<\/p>\n<\/div>\n<\/div>\n\n\n\n<p class=\"wp-block-paragraph\"><\/p>\n","protected":false},"excerpt":{"rendered":"<p>Certains me diront : Ta vie ?\u2026Elle n\u2019a pas \u00e9t\u00e9 triste ! Je leur dirais plut\u00f4t que si elle a pu l\u2019\u00eatre par moments, \u00e0 d\u2019autres elle a \u00e9t\u00e9 pleine de joie, avec des hauts et des bas comme chez tout le monde. C\u2019est tout le paradoxe de nos vies, non ? Tous ces moments [&hellip;]<\/p>\n","protected":false},"author":1,"featured_media":0,"parent":0,"menu_order":0,"comment_status":"closed","ping_status":"closed","template":"","meta":{"footnotes":""},"class_list":["post-5","page","type-page","status-publish","hentry"],"jetpack_sharing_enabled":true,"_links":{"self":[{"href":"https:\/\/mercigracias.ch\/index.php?rest_route=\/wp\/v2\/pages\/5","targetHints":{"allow":["GET"]}}],"collection":[{"href":"https:\/\/mercigracias.ch\/index.php?rest_route=\/wp\/v2\/pages"}],"about":[{"href":"https:\/\/mercigracias.ch\/index.php?rest_route=\/wp\/v2\/types\/page"}],"author":[{"embeddable":true,"href":"https:\/\/mercigracias.ch\/index.php?rest_route=\/wp\/v2\/users\/1"}],"replies":[{"embeddable":true,"href":"https:\/\/mercigracias.ch\/index.php?rest_route=%2Fwp%2Fv2%2Fcomments&post=5"}],"version-history":[{"count":40,"href":"https:\/\/mercigracias.ch\/index.php?rest_route=\/wp\/v2\/pages\/5\/revisions"}],"predecessor-version":[{"id":4526,"href":"https:\/\/mercigracias.ch\/index.php?rest_route=\/wp\/v2\/pages\/5\/revisions\/4526"}],"wp:attachment":[{"href":"https:\/\/mercigracias.ch\/index.php?rest_route=%2Fwp%2Fv2%2Fmedia&parent=5"}],"curies":[{"name":"wp","href":"https:\/\/api.w.org\/{rel}","templated":true}]}}

<div style="height:23px" aria-hidden="true" class="wp-block-spacer"></div>



<div class="wp-block-columns is-not-stacked-on-mobile is-style-default has-background has-normal-font-size is-layout-flex wp-container-core-columns-is-layout-bd6da76f wp-block-columns-is-layout-flex" style="background-color:#dcfaf9;padding-right:0;padding-left:0">
<div class="wp-block-column has-black-color has-text-color has-background has-link-color wp-elements-1 is-layout-flow wp-block-column-is-layout-flow" style="background-color:#dcfaf9;padding-right:0;padding-left:0">
<p class="has-large-font-size wp-block-paragraph">Certains me diront : Ta vie ?…Elle n’a pas été triste !</p>



<p class="has-large-font-size wp-block-paragraph">Je leur dirais plutôt que si elle a pu l’être par moments, à d’autres elle a été pleine de joie, avec des hauts et des bas comme chez tout le monde. C’est tout le paradoxe de nos vies, non ?</p>



<p class="has-large-font-size wp-block-paragraph">Tous ces moments mis au bout les uns des autres, c’est ma vie, la mienne&#8230; pour laquelle je ne changerais rien, pour rien au monde car c’est ce chemin qui m’a amenée à être ce que je suis aujourd’hui.</p>



<p class="has-large-font-size wp-block-paragraph">Ce chemin fait partie de moi, c’est toute ma vie. Je remercie Dieu pour toutes ses grâces et pour toutes les pierres blanches déposées sur ma route qui m’ont continuellement guidée vers sa lumière.</p>



<p class="has-large-font-size wp-block-paragraph">A quoi je sers, qui suis je&#8230; ?</p>



<p class="has-large-font-size wp-block-paragraph">Quel est le sens de ma vie ? Pourquoi suis je là sur cette terre, perdue au milieu de tout ce monde et malgré tout, finalement bien seule face aux autres et face à moi-même ?</p>



<p class="has-large-font-size wp-block-paragraph">Qui sommes nous vraiment ?</p>



<ul class="wp-block-list">
<li class="has-large-font-size">Je suis le chemin, à dit Jésus…</li>
</ul>



<p class="has-large-font-size wp-block-paragraph" style="padding-top:0;padding-right:0;padding-bottom:0;padding-left:0">Je crois bien que c’est notre chemin qui caractérise le mieux qui nous sommes&#8230;</p>



<p class="has-large-font-size wp-block-paragraph" style="padding-top:0;padding-right:0;padding-bottom:0;padding-left:0">Si je suis fière d’avoir pu traverser tous ces moments difficiles, je le dois à toutes ces pierres blanches, à tous ces messages venus de l&rsquo;au-delà qui ont été déposés sur ma route et qui m’ont permis d&rsquo;avancer tout en restant moi-même.</p>



<p class="has-large-font-size wp-block-paragraph" style="padding-top:0;padding-right:0;padding-bottom:0;padding-left:0">Voici donc ma vie telle que je l&rsquo;ai vécue&#8230;</p>
</div>
</div>



<p class="wp-block-paragraph"></p>

<p>Certains me diront : Ta vie ?…Elle n’a pas été triste ! Je leur dirais plutôt que si elle a pu l’être par moments, à d’autres elle a été pleine de joie, avec des hauts et des bas comme chez tout le monde. C’est tout le paradoxe de nos vies, non ? Tous ces moments [&hellip;]</p>
