{"id":558,"date":"2026-01-03T21:54:25","date_gmt":"2026-01-03T21:54:25","guid":{"rendered":"https:\/\/mercigracias.ch\/?page_id=558"},"modified":"2026-06-14T10:04:40","modified_gmt":"2026-06-14T10:04:40","slug":"la-sainte-vierge","status":"publish","type":"page","link":"https:\/\/mercigracias.ch\/?page_id=558","title":{"rendered":"La Sainte Vierge"},"content":{"rendered":"\n<p class=\"wp-block-paragraph\">&lt;Enregistr\u00e9 le 13 Septembre 2016&gt;<\/p>\n\n\n\n<p class=\"wp-block-paragraph\">Je me souviens des soirs et des nuits, seule dans ma chambre o\u00f9 on m&rsquo;avait envoy\u00e9e&#8230; Avant de m&rsquo;endormir, je contemplais la Vierge Marie, tu sais, celle que j&rsquo;ai toujours dans ma chambre&#8230;<\/p>\n\n\n\n<p class=\"wp-block-paragraph\">Et bien, je remercie encore la Sainte Vierge et sa lumi\u00e8re, parce que quand maman passait et qu&rsquo;elle allumait la lumi\u00e8re, alors la Sainte Vierge restait allum\u00e9e un moment. Apr\u00e8s elle \u00e9tait au moins en ma compagnie, parce qu&rsquo;apr\u00e8s, je savais que tout serait tout noir, le noir complet&#8230;<\/p>\n\n\n\n<figure class=\"wp-block-image size-large\"><img loading=\"lazy\" decoding=\"async\" width=\"768\" height=\"1024\" src=\"https:\/\/mercigracias.ch\/wp-content\/uploads\/2026\/01\/Vierge-768x1024.jpeg\" alt=\"\" class=\"wp-image-557\" srcset=\"https:\/\/mercigracias.ch\/wp-content\/uploads\/2026\/01\/Vierge-768x1024.jpeg 768w, https:\/\/mercigracias.ch\/wp-content\/uploads\/2026\/01\/Vierge-225x300.jpeg 225w, https:\/\/mercigracias.ch\/wp-content\/uploads\/2026\/01\/Vierge-1152x1536.jpeg 1152w, https:\/\/mercigracias.ch\/wp-content\/uploads\/2026\/01\/Vierge-1536x2048.jpeg 1536w, https:\/\/mercigracias.ch\/wp-content\/uploads\/2026\/01\/Vierge-scaled.jpeg 1920w\" sizes=\"auto, (max-width: 768px) 100vw, 768px\" \/><figcaption class=\"wp-element-caption\">La Vierge Marie de mon enfance<\/figcaption><\/figure>\n\n\n\n<p class=\"wp-block-paragraph\">En regardant cette Sainte Vierge, phosphorescente qui m&rsquo;accompagnait, quelque chose se passait d\u00e9j\u00e0&#8230;. <\/p>\n\n\n\n<ul class=\"wp-block-list\">\n<li>Une int\u00e9riorisation.<\/li>\n<\/ul>\n\n\n\n<p class=\"wp-block-paragraph\">Oui, tu comprends la finitude, qu&rsquo;\u00e0 un moment, il y a et puis, il n&rsquo;y a plus !<\/p>\n\n\n\n<p class=\"wp-block-paragraph\">C&rsquo;est bizarre parce que \u00e7a ne s&rsquo;est pas produit chez mon fr\u00e8re, ni chez ma s\u0153ur, et pourtant \u00e7a aurait d\u00fb aussi venir chez eux&#8230; <\/p>\n\n\n\n<p class=\"wp-block-paragraph\">Alors, pourquoi ce n&rsquo;est pas comme \u00e7a ?<\/p>\n","protected":false},"excerpt":{"rendered":"<p>&lt;Enregistr\u00e9 le 13 Septembre 2016&gt; Je me souviens des soirs et des nuits, seule dans ma chambre o\u00f9 on m&rsquo;avait envoy\u00e9e&#8230; Avant de m&rsquo;endormir, je contemplais la Vierge Marie, tu sais, celle que j&rsquo;ai toujours dans ma chambre&#8230; Et bien, je remercie encore la Sainte Vierge et sa lumi\u00e8re, parce que quand maman passait et [&hellip;]<\/p>\n","protected":false},"author":1,"featured_media":0,"parent":0,"menu_order":0,"comment_status":"open","ping_status":"closed","template":"pages-chapitre-04","meta":{"footnotes":""},"class_list":["post-558","page","type-page","status-publish","hentry"],"jetpack_sharing_enabled":true,"_links":{"self":[{"href":"https:\/\/mercigracias.ch\/index.php?rest_route=\/wp\/v2\/pages\/558","targetHints":{"allow":["GET"]}}],"collection":[{"href":"https:\/\/mercigracias.ch\/index.php?rest_route=\/wp\/v2\/pages"}],"about":[{"href":"https:\/\/mercigracias.ch\/index.php?rest_route=\/wp\/v2\/types\/page"}],"author":[{"embeddable":true,"href":"https:\/\/mercigracias.ch\/index.php?rest_route=\/wp\/v2\/users\/1"}],"replies":[{"embeddable":true,"href":"https:\/\/mercigracias.ch\/index.php?rest_route=%2Fwp%2Fv2%2Fcomments&post=558"}],"version-history":[{"count":6,"href":"https:\/\/mercigracias.ch\/index.php?rest_route=\/wp\/v2\/pages\/558\/revisions"}],"predecessor-version":[{"id":4573,"href":"https:\/\/mercigracias.ch\/index.php?rest_route=\/wp\/v2\/pages\/558\/revisions\/4573"}],"wp:attachment":[{"href":"https:\/\/mercigracias.ch\/index.php?rest_route=%2Fwp%2Fv2%2Fmedia&parent=558"}],"curies":[{"name":"wp","href":"https:\/\/api.w.org\/{rel}","templated":true}]}}

<p class="wp-block-paragraph">&lt;Enregistré le 13 Septembre 2016&gt;</p>



<p class="wp-block-paragraph">Je me souviens des soirs et des nuits, seule dans ma chambre où on m&rsquo;avait envoyée&#8230; Avant de m&rsquo;endormir, je contemplais la Vierge Marie, tu sais, celle que j&rsquo;ai toujours dans ma chambre&#8230;</p>



<p class="wp-block-paragraph">Et bien, je remercie encore la Sainte Vierge et sa lumière, parce que quand maman passait et qu&rsquo;elle allumait la lumière, alors la Sainte Vierge restait allumée un moment. Après elle était au moins en ma compagnie, parce qu&rsquo;après, je savais que tout serait tout noir, le noir complet&#8230;</p>



<figure class="wp-block-image size-large"><img loading="lazy" decoding="async" width="768" height="1024" src="https://mercigracias.ch/wp-content/uploads/2026/01/Vierge-768x1024.jpeg" alt="" class="wp-image-557" srcset="https://mercigracias.ch/wp-content/uploads/2026/01/Vierge-768x1024.jpeg 768w, https://mercigracias.ch/wp-content/uploads/2026/01/Vierge-225x300.jpeg 225w, https://mercigracias.ch/wp-content/uploads/2026/01/Vierge-1152x1536.jpeg 1152w, https://mercigracias.ch/wp-content/uploads/2026/01/Vierge-1536x2048.jpeg 1536w, https://mercigracias.ch/wp-content/uploads/2026/01/Vierge-scaled.jpeg 1920w" sizes="auto, (max-width: 768px) 100vw, 768px" /><figcaption class="wp-element-caption">La Vierge Marie de mon enfance</figcaption></figure>



<p class="wp-block-paragraph">En regardant cette Sainte Vierge, phosphorescente qui m&rsquo;accompagnait, quelque chose se passait déjà&#8230;. </p>



<ul class="wp-block-list">
<li>Une intériorisation.</li>
</ul>



<p class="wp-block-paragraph">Oui, tu comprends la finitude, qu&rsquo;à un moment, il y a et puis, il n&rsquo;y a plus !</p>



<p class="wp-block-paragraph">C&rsquo;est bizarre parce que ça ne s&rsquo;est pas produit chez mon frère, ni chez ma sœur, et pourtant ça aurait dû aussi venir chez eux&#8230; </p>



<p class="wp-block-paragraph">Alors, pourquoi ce n&rsquo;est pas comme ça ?</p>

<p>&lt;Enregistré le 13 Septembre 2016&gt; Je me souviens des soirs et des nuits, seule dans ma chambre où on m&rsquo;avait envoyée&#8230; Avant de m&rsquo;endormir, je contemplais la Vierge Marie, tu sais, celle que j&rsquo;ai toujours dans ma chambre&#8230; Et bien, je remercie encore la Sainte Vierge et sa lumière, parce que quand maman passait et [&hellip;]</p>
