{"id":575,"date":"2026-01-03T22:40:00","date_gmt":"2026-01-03T22:40:00","guid":{"rendered":"https:\/\/mercigracias.ch\/?page_id=575"},"modified":"2026-07-13T05:21:41","modified_gmt":"2026-07-13T05:21:41","slug":"les-mandarines","status":"publish","type":"page","link":"https:\/\/mercigracias.ch\/?page_id=575","title":{"rendered":"Les mandarines"},"content":{"rendered":"\n<p class=\"wp-block-paragraph\">&lt;Enregistr\u00e9 le 11 D\u00e9cembre 2016&gt;<\/p>\n\n\n\n<p class=\"wp-block-paragraph\">Les mandarines, elles avaient l&rsquo;odeur du Saint Nicolas&#8230;<\/p>\n\n\n\n<p class=\"wp-block-paragraph\">Il faut dire qu&rsquo;on n&rsquo;en recevait pas&#8230; C&rsquo;\u00e9tait seulement le jour de la Saint Nicolas, et encore, uniquement \u00e0 l&rsquo;\u00e9cole&#8230; On arrivait dans la classe et on avait droit chacun \u00e0 une mandarine pos\u00e9e sur le pupitre. <br>Ah c&rsquo;\u00e9tait aussi comme \u00e7a chez toi&#8230;?<\/p>\n\n\n\n<p class=\"wp-block-paragraph\">C&rsquo;\u00e9tait magnifique. Et comme c&rsquo;\u00e9tait catholique, bien souvent il y avait une bougie qui \u00e9tait allum\u00e9e \u00e0 c\u00f4t\u00e9, alors quand on rentrait dans la classe, c&rsquo;\u00e9tait splendide&#8230; II y avait ces bougies, et tout \u00e9tait allum\u00e9, il y avait cette belle lumi\u00e8re&#8230; car ils fermaient le store.<\/p>\n\n\n\n<p class=\"wp-block-paragraph\">Et cette mandarine, elle \u00e9tait sacr\u00e9e, tu sais, car tu savais que c&rsquo;\u00e9tait le Saint Nicolas&#8230;<\/p>\n\n\n\n<p class=\"wp-block-paragraph\">C&rsquo;\u00e9tait surtout comme \u00e7a, avec Monsieur Rossier&#8230; Mais nous, on savait qu&rsquo;il n&rsquo;y en aurait pas trente six, des mandarines&#8230; Il y aurait celle l\u00e0, et celle qu&rsquo;on allait recevoir avec le Saint Nicolas, quand il passerait&#8230; Parce qu&rsquo;on recevait un petit sac, quand il venait vers les gens pour les distribuer&#8230;<\/p>\n\n\n\n<p class=\"wp-block-paragraph\">Il y en avait peut-\u00eatre deux, peut-\u00eatre trois&#8230; Alors je la sentais&#8230; Hum&#8230;et j&rsquo;ouvrais gentiment les coins&#8230; et je sentais cette odeur qui restait dans mon esprit, m\u00eame la nuit&#8230; <br>Oui, c&rsquo;\u00e9tait vraiment quelque chose, d&rsquo;avoir une mandarine !<\/p>\n\n\n\n<p class=\"wp-block-paragraph\">Maintenant, la premi\u00e8re que j&rsquo;ouvre, elle a toujours quelque chose de symbolique, tu ne la manges pas direct&#8230; Elle provoque ce rappel d&rsquo;enfance, qui est l\u00e0 au fond de moi&#8230; Le souvenir de cette mandarine qui est sacr\u00e9e. Tous ces souvenirs d&rsquo;espoirs, de r\u00eaves, de magie, du Saint Nicolas et de cette lumi\u00e8re&#8230;<\/p>\n\n\n\n<p class=\"wp-block-paragraph\">Oui, cette lumi\u00e8re quand on rentrait dans la classe, et avec toutes ces bougies partout&#8230; Cette lumi\u00e8re, je l&rsquo;ai associ\u00e9e aux dons, aux cadeaux&#8230; \u00e0 la joie.<\/p>\n\n\n\n<p class=\"wp-block-paragraph\">Quand j&rsquo;y repense, on a eu vraiment de la chance comme on a \u00e9t\u00e9 \u00e9lev\u00e9 avec tous ces symboles, parce que tu vois, \u00e0 l&rsquo;\u00e9glise du village il y a aussi des bougies. Tu entres, tu t&rsquo;assois, tu fais une pri\u00e8re&#8230;<\/p>\n\n\n\n<p class=\"wp-block-paragraph\">Ce n&rsquo;est peut-\u00eatre rien, mais tu te l\u00e8ves et tu commences par prier&#8230;<\/p>\n\n\n\n<p class=\"wp-block-paragraph\">Tu as l&rsquo;essentiel&#8230; Tu as ce recueillement, le remerciement de la vie&#8230; de ce que tu es en train de vivre. C&rsquo;est une sacr\u00e9e chance !<\/p>\n\n\n\n<p class=\"wp-block-paragraph\">Merci la vie, Merci Gracias <\/p>\n","protected":false},"excerpt":{"rendered":"<p>&lt;Enregistr\u00e9 le 11 D\u00e9cembre 2016&gt; Les mandarines, elles avaient l&rsquo;odeur du Saint Nicolas&#8230; Il faut dire qu&rsquo;on n&rsquo;en recevait pas&#8230; C&rsquo;\u00e9tait seulement le jour de la Saint Nicolas, et encore, uniquement \u00e0 l&rsquo;\u00e9cole&#8230; On arrivait dans la classe et on avait droit chacun \u00e0 une mandarine pos\u00e9e sur le pupitre. Ah c&rsquo;\u00e9tait aussi comme \u00e7a [&hellip;]<\/p>\n","protected":false},"author":1,"featured_media":0,"parent":0,"menu_order":0,"comment_status":"open","ping_status":"closed","template":"pages-chapitre-04","meta":{"footnotes":""},"class_list":["post-575","page","type-page","status-publish","hentry"],"jetpack_sharing_enabled":true,"_links":{"self":[{"href":"https:\/\/mercigracias.ch\/index.php?rest_route=\/wp\/v2\/pages\/575","targetHints":{"allow":["GET"]}}],"collection":[{"href":"https:\/\/mercigracias.ch\/index.php?rest_route=\/wp\/v2\/pages"}],"about":[{"href":"https:\/\/mercigracias.ch\/index.php?rest_route=\/wp\/v2\/types\/page"}],"author":[{"embeddable":true,"href":"https:\/\/mercigracias.ch\/index.php?rest_route=\/wp\/v2\/users\/1"}],"replies":[{"embeddable":true,"href":"https:\/\/mercigracias.ch\/index.php?rest_route=%2Fwp%2Fv2%2Fcomments&post=575"}],"version-history":[{"count":7,"href":"https:\/\/mercigracias.ch\/index.php?rest_route=\/wp\/v2\/pages\/575\/revisions"}],"predecessor-version":[{"id":5647,"href":"https:\/\/mercigracias.ch\/index.php?rest_route=\/wp\/v2\/pages\/575\/revisions\/5647"}],"wp:attachment":[{"href":"https:\/\/mercigracias.ch\/index.php?rest_route=%2Fwp%2Fv2%2Fmedia&parent=575"}],"curies":[{"name":"wp","href":"https:\/\/api.w.org\/{rel}","templated":true}]}}

<p class="wp-block-paragraph">&lt;Enregistré le 11 Décembre 2016&gt;</p>



<p class="wp-block-paragraph">Les mandarines, elles avaient l&rsquo;odeur du Saint Nicolas&#8230;</p>



<p class="wp-block-paragraph">Il faut dire qu&rsquo;on n&rsquo;en recevait pas&#8230; C&rsquo;était seulement le jour de la Saint Nicolas, et encore, uniquement à l&rsquo;école&#8230; On arrivait dans la classe et on avait droit chacun à une mandarine posée sur le pupitre. <br>Ah c&rsquo;était aussi comme ça chez toi&#8230;?</p>



<p class="wp-block-paragraph">C&rsquo;était magnifique. Et comme c&rsquo;était catholique, bien souvent il y avait une bougie qui était allumée à côté, alors quand on rentrait dans la classe, c&rsquo;était splendide&#8230; II y avait ces bougies, et tout était allumé, il y avait cette belle lumière&#8230; car ils fermaient le store.</p>



<p class="wp-block-paragraph">Et cette mandarine, elle était sacrée, tu sais, car tu savais que c&rsquo;était le Saint Nicolas&#8230;</p>



<p class="wp-block-paragraph">C&rsquo;était surtout comme ça, avec Monsieur Rossier&#8230; Mais nous, on savait qu&rsquo;il n&rsquo;y en aurait pas trente six, des mandarines&#8230; Il y aurait celle là, et celle qu&rsquo;on allait recevoir avec le Saint Nicolas, quand il passerait&#8230; Parce qu&rsquo;on recevait un petit sac, quand il venait vers les gens pour les distribuer&#8230;</p>



<p class="wp-block-paragraph">Il y en avait peut-être deux, peut-être trois&#8230; Alors je la sentais&#8230; Hum&#8230;et j&rsquo;ouvrais gentiment les coins&#8230; et je sentais cette odeur qui restait dans mon esprit, même la nuit&#8230; <br>Oui, c&rsquo;était vraiment quelque chose, d&rsquo;avoir une mandarine !</p>



<p class="wp-block-paragraph">Maintenant, la première que j&rsquo;ouvre, elle a toujours quelque chose de symbolique, tu ne la manges pas direct&#8230; Elle provoque ce rappel d&rsquo;enfance, qui est là au fond de moi&#8230; Le souvenir de cette mandarine qui est sacrée. Tous ces souvenirs d&rsquo;espoirs, de rêves, de magie, du Saint Nicolas et de cette lumière&#8230;</p>



<p class="wp-block-paragraph">Oui, cette lumière quand on rentrait dans la classe, et avec toutes ces bougies partout&#8230; Cette lumière, je l&rsquo;ai associée aux dons, aux cadeaux&#8230; à la joie.</p>



<p class="wp-block-paragraph">Quand j&rsquo;y repense, on a eu vraiment de la chance comme on a été élevé avec tous ces symboles, parce que tu vois, à l&rsquo;église du village il y a aussi des bougies. Tu entres, tu t&rsquo;assois, tu fais une prière&#8230;</p>



<p class="wp-block-paragraph">Ce n&rsquo;est peut-être rien, mais tu te lèves et tu commences par prier&#8230;</p>



<p class="wp-block-paragraph">Tu as l&rsquo;essentiel&#8230; Tu as ce recueillement, le remerciement de la vie&#8230; de ce que tu es en train de vivre. C&rsquo;est une sacrée chance !</p>



<p class="wp-block-paragraph">Merci la vie, Merci Gracias </p>

<p>&lt;Enregistré le 11 Décembre 2016&gt; Les mandarines, elles avaient l&rsquo;odeur du Saint Nicolas&#8230; Il faut dire qu&rsquo;on n&rsquo;en recevait pas&#8230; C&rsquo;était seulement le jour de la Saint Nicolas, et encore, uniquement à l&rsquo;école&#8230; On arrivait dans la classe et on avait droit chacun à une mandarine posée sur le pupitre. Ah c&rsquo;était aussi comme ça [&hellip;]</p>
