{"id":590,"date":"2026-01-04T22:33:56","date_gmt":"2026-01-04T22:33:56","guid":{"rendered":"https:\/\/mercigracias.ch\/?page_id=590"},"modified":"2026-06-14T11:17:48","modified_gmt":"2026-06-14T11:17:48","slug":"luc-et-martine","status":"publish","type":"page","link":"https:\/\/mercigracias.ch\/?page_id=590","title":{"rendered":"Luc et Martine"},"content":{"rendered":"\n<p class=\"wp-block-paragraph\">&lt;Enregistr\u00e9 le 1er Septembre 2014&gt;<\/p>\n\n\n\n<p class=\"wp-block-paragraph\">Je crois qu&rsquo;il venait du Valais celui-l\u00e0, il s&rsquo;appelait Luc. <br>Lui aussi, Il \u00e9tait tellement content quand il nous voyait, soit ma s\u0153ur, soit moi. Je ne sais pas quelle relation il avait avec ma s\u0153ur, mais il l&rsquo;aimait bien aussi.<\/p>\n\n\n\n<p class=\"wp-block-paragraph\">Pour un No\u00ebl, il il nous avait ramen\u00e9 \u00ab&nbsp;Martine fait ses courses&nbsp;\u00bb et \u00ab&nbsp;Martine va en avion&nbsp;\u00bb, chacune un&#8230;<\/p>\n\n\n\n<p class=\"wp-block-paragraph\">Alors ces livres, qu&rsquo;est ce qu&rsquo;on les a \u00e9pluch\u00e9s ! <br>Qu&rsquo;est ce qu&rsquo;ils nous avaient fait r\u00eaver, et ce petit chien l\u00e0, oh dit donc&nbsp;!  On en voulait tous un, de petit chien comme \u00e7a.<\/p>\n\n\n\n<p class=\"wp-block-paragraph\">Ma s\u0153ur je ne sais pas s&rsquo;ils l&rsquo;avaient fait r\u00eaver, mais en tout cas moi, tu vois comme on n&rsquo;avait pas de livres chez nous&#8230;<\/p>\n\n\n\n<p class=\"wp-block-paragraph\">C&rsquo;\u00e9tait des livres d&rsquo;enfance, ils ont fait tous nos d\u00e9m\u00e9nagements, tout le tour de notre histoire de vie, tu vois il n&rsquo;y en avait pas d&rsquo;autres&#8230;<\/p>\n\n\n\n<p class=\"wp-block-paragraph\">C&rsquo;\u00e9tait quelque chose&nbsp;!<br>Mais pour les livres je me suis bien rattrap\u00e9e apr\u00e8s&#8230;<\/p>\n\n\n\n<p class=\"wp-block-paragraph\">Luc&#8230; C&rsquo;est lui qui avait pris son appareil photo pour nous prendre en photo quand j&rsquo;avais 4 ans, <a href=\"https:\/\/mercigracias.ch\/?page_id=395\" data-type=\"page\" data-id=\"395\">apr\u00e8s avoir mordu ma s\u0153ur&#8230;<\/a><\/p>\n\n\n\n<p class=\"wp-block-paragraph\">Je pense que la photo est encore dans mon album&#8230; Je me souviens qu&rsquo;il s&rsquo;\u00e9tait donn\u00e9 de la peine de nous dire :<br>&#8211; Je veux vous prendre en photo !<\/p>\n\n\n\n<p class=\"wp-block-paragraph\">Tu vois, c&rsquo;\u00e9tait tellement fort, on n&rsquo;avait pas l&rsquo;habitude qu&rsquo;on nous prenne en photo&#8230; Il voulait un souvenir de nous aussi.<\/p>\n\n\n\n<p class=\"wp-block-paragraph\">Merci Gracias<\/p>\n","protected":false},"excerpt":{"rendered":"<p>&lt;Enregistr\u00e9 le 1er Septembre 2014&gt; Je crois qu&rsquo;il venait du Valais celui-l\u00e0, il s&rsquo;appelait Luc. Lui aussi, Il \u00e9tait tellement content quand il nous voyait, soit ma s\u0153ur, soit moi. Je ne sais pas quelle relation il avait avec ma s\u0153ur, mais il l&rsquo;aimait bien aussi. Pour un No\u00ebl, il il nous avait ramen\u00e9 \u00ab&nbsp;Martine [&hellip;]<\/p>\n","protected":false},"author":1,"featured_media":0,"parent":0,"menu_order":0,"comment_status":"open","ping_status":"closed","template":"pages-chapitre-04","meta":{"footnotes":""},"class_list":["post-590","page","type-page","status-publish","hentry"],"jetpack_sharing_enabled":true,"_links":{"self":[{"href":"https:\/\/mercigracias.ch\/index.php?rest_route=\/wp\/v2\/pages\/590","targetHints":{"allow":["GET"]}}],"collection":[{"href":"https:\/\/mercigracias.ch\/index.php?rest_route=\/wp\/v2\/pages"}],"about":[{"href":"https:\/\/mercigracias.ch\/index.php?rest_route=\/wp\/v2\/types\/page"}],"author":[{"embeddable":true,"href":"https:\/\/mercigracias.ch\/index.php?rest_route=\/wp\/v2\/users\/1"}],"replies":[{"embeddable":true,"href":"https:\/\/mercigracias.ch\/index.php?rest_route=%2Fwp%2Fv2%2Fcomments&post=590"}],"version-history":[{"count":7,"href":"https:\/\/mercigracias.ch\/index.php?rest_route=\/wp\/v2\/pages\/590\/revisions"}],"predecessor-version":[{"id":4587,"href":"https:\/\/mercigracias.ch\/index.php?rest_route=\/wp\/v2\/pages\/590\/revisions\/4587"}],"wp:attachment":[{"href":"https:\/\/mercigracias.ch\/index.php?rest_route=%2Fwp%2Fv2%2Fmedia&parent=590"}],"curies":[{"name":"wp","href":"https:\/\/api.w.org\/{rel}","templated":true}]}}

<p class="wp-block-paragraph">&lt;Enregistré le 1er Septembre 2014&gt;</p>



<p class="wp-block-paragraph">Je crois qu&rsquo;il venait du Valais celui-là, il s&rsquo;appelait Luc. <br>Lui aussi, Il était tellement content quand il nous voyait, soit ma sœur, soit moi. Je ne sais pas quelle relation il avait avec ma sœur, mais il l&rsquo;aimait bien aussi.</p>



<p class="wp-block-paragraph">Pour un Noël, il il nous avait ramené «&nbsp;Martine fait ses courses&nbsp;» et «&nbsp;Martine va en avion&nbsp;», chacune un&#8230;</p>



<p class="wp-block-paragraph">Alors ces livres, qu&rsquo;est ce qu&rsquo;on les a épluchés ! <br>Qu&rsquo;est ce qu&rsquo;ils nous avaient fait rêver, et ce petit chien là, oh dit donc&nbsp;!  On en voulait tous un, de petit chien comme ça.</p>



<p class="wp-block-paragraph">Ma sœur je ne sais pas s&rsquo;ils l&rsquo;avaient fait rêver, mais en tout cas moi, tu vois comme on n&rsquo;avait pas de livres chez nous&#8230;</p>



<p class="wp-block-paragraph">C&rsquo;était des livres d&rsquo;enfance, ils ont fait tous nos déménagements, tout le tour de notre histoire de vie, tu vois il n&rsquo;y en avait pas d&rsquo;autres&#8230;</p>



<p class="wp-block-paragraph">C&rsquo;était quelque chose&nbsp;!<br>Mais pour les livres je me suis bien rattrapée après&#8230;</p>



<p class="wp-block-paragraph">Luc&#8230; C&rsquo;est lui qui avait pris son appareil photo pour nous prendre en photo quand j&rsquo;avais 4 ans, <a href="https://mercigracias.ch/?page_id=395" data-type="page" data-id="395">après avoir mordu ma sœur&#8230;</a></p>



<p class="wp-block-paragraph">Je pense que la photo est encore dans mon album&#8230; Je me souviens qu&rsquo;il s&rsquo;était donné de la peine de nous dire :<br>&#8211; Je veux vous prendre en photo !</p>



<p class="wp-block-paragraph">Tu vois, c&rsquo;était tellement fort, on n&rsquo;avait pas l&rsquo;habitude qu&rsquo;on nous prenne en photo&#8230; Il voulait un souvenir de nous aussi.</p>



<p class="wp-block-paragraph">Merci Gracias</p>

<p>&lt;Enregistré le 1er Septembre 2014&gt; Je crois qu&rsquo;il venait du Valais celui-là, il s&rsquo;appelait Luc. Lui aussi, Il était tellement content quand il nous voyait, soit ma sœur, soit moi. Je ne sais pas quelle relation il avait avec ma sœur, mais il l&rsquo;aimait bien aussi. Pour un Noël, il il nous avait ramené «&nbsp;Martine [&hellip;]</p>
