{"id":6,"date":"2021-06-11T13:30:07","date_gmt":"2021-06-11T13:30:07","guid":{"rendered":"https:\/\/mercigracias.ch\/?page_id=6"},"modified":"2025-11-10T10:35:09","modified_gmt":"2025-11-10T10:35:09","slug":"a-propos-de","status":"publish","type":"page","link":"https:\/\/mercigracias.ch\/?page_id=6","title":{"rendered":"J&rsquo;aime la mer"},"content":{"rendered":"\n<div class=\"wp-block-columns is-layout-flex wp-container-core-columns-is-layout-794e3cfa wp-block-columns-is-layout-flex\">\n<div class=\"wp-block-column is-layout-flow wp-block-column-is-layout-flow\" style=\"flex-basis:100%\">\n<div class=\"wp-block-columns is-layout-flex wp-container-core-columns-is-layout-794e3cfa wp-block-columns-is-layout-flex\">\n<div class=\"wp-block-column is-layout-flow wp-block-column-is-layout-flow\" style=\"flex-basis:100%\">\n<div class=\"wp-block-group is-layout-flow wp-block-group-is-layout-flow\">\n<div class=\"wp-block-columns is-layout-flex wp-container-core-columns-is-layout-794e3cfa wp-block-columns-is-layout-flex\">\n<div class=\"wp-block-column is-layout-flow wp-block-column-is-layout-flow\">\n<p class=\"wp-block-paragraph\">J\u2019aime contempler cette immensit\u00e9 pleine de rien,  o\u00f9 ma vision peut s\u2019\u00e9tendre \u00e0 l\u2019infini  o\u00f9 mon regard ne s\u2019arr\u00eate sur rien, j\u2019aime ne plus rien voir d\u2019autre que ces vagues qui vont et qui viennent vers moi sans jamais s\u2019arr\u00eater, les suivre du regard les unes apr\u00e8s les autres pour remplir mon \u00eatre profond..<\/p>\n\n\n\n<p class=\"wp-block-paragraph\">J\u2019aime les sentir me fouetter les jambes. J\u2019aime sentir mon corps flotter, le sentir monter puis redescendre, me laisser porter, ne pas lutter en me laissant aller tout simplement pour faire un avec l\u2019univers. J\u2019aime me sentir au milieu de cet \u00e9tendu o\u00f9 cet immensit\u00e9 du rien est face \u00e0 moi o\u00f9 cet infini dans l\u2019espace me permet de ne plus rien voir d\u2019autre que l\u2019essentiel.<\/p>\n\n\n\n<p class=\"wp-block-paragraph\">Toute cette eau en mouvement s\u2019\u00e9coule dans mes veines, alors je me remplis de toute sa force, de toute sa lumi\u00e8re, transport\u00e9e vers une dimension sup\u00e9rieure dans un bien \u00eatre indescriptible, un \u00e9tat de pl\u00e9nitude, un \u00e9tat de gr\u00e2ce divine.<\/p>\n\n\n\n<p class=\"wp-block-paragraph\">Ma vie est comme cette mer anim\u00e9e par tous ces \u00e9l\u00e9ments qui ont surgit devant moi et que j\u2019ai d\u00fb surmonter pour ne pas couler, trouver un point d\u2019ancrage pour ne pas me noyer. Si Je ne suis pas encore arriv\u00e9e \u00e0 mon port c\u00e9leste, je remercie tous les messages divins qui m\u2019ont \u00e9t\u00e9 envoy\u00e9s, les bou\u00e9es qui m\u2019ont \u00e9t\u00e9 lanc\u00e9es, tous ces anges gardiens qui m\u2019ont guid\u00e9e vers la lumi\u00e8re et qui m\u2019ont donn\u00e9 la force d\u2019avancer sur mon chemin de vie.<\/p>\n\n\n\n<p class=\"wp-block-paragraph\">Aujourd\u2019hui encore je me demande comment sera la prochaine vague et ce qu\u2019il y aura derri\u00e8re mais je suis sereine car je sais que je suis accompagn\u00e9e.<\/p>\n<\/div>\n<\/div>\n<\/div>\n<\/div>\n<\/div>\n<\/div>\n<\/div>\n\n\n\n<figure class=\"wp-block-image size-full is-style-twentytwentyone-border\"><img loading=\"lazy\" decoding=\"async\" width=\"2048\" height=\"1536\" src=\"https:\/\/mercigracias.ch\/wp-content\/uploads\/2025\/11\/IMG_4658.jpeg\" alt=\"\" class=\"wp-image-154\" srcset=\"https:\/\/mercigracias.ch\/wp-content\/uploads\/2025\/11\/IMG_4658.jpeg 2048w, https:\/\/mercigracias.ch\/wp-content\/uploads\/2025\/11\/IMG_4658-300x225.jpeg 300w, https:\/\/mercigracias.ch\/wp-content\/uploads\/2025\/11\/IMG_4658-1024x768.jpeg 1024w, https:\/\/mercigracias.ch\/wp-content\/uploads\/2025\/11\/IMG_4658-768x576.jpeg 768w, https:\/\/mercigracias.ch\/wp-content\/uploads\/2025\/11\/IMG_4658-1536x1152.jpeg 1536w, https:\/\/mercigracias.ch\/wp-content\/uploads\/2025\/11\/IMG_4658-1568x1176.jpeg 1568w\" sizes=\"auto, (max-width: 2048px) 100vw, 2048px\" \/><\/figure>\n","protected":false},"excerpt":{"rendered":"<p>J\u2019aime contempler cette immensit\u00e9 pleine de rien, o\u00f9 ma vision peut s\u2019\u00e9tendre \u00e0 l\u2019infini o\u00f9 mon regard ne s\u2019arr\u00eate sur rien, j\u2019aime ne plus rien voir d\u2019autre que ces vagues qui vont et qui viennent vers moi sans jamais s\u2019arr\u00eater, les suivre du regard les unes apr\u00e8s les autres pour remplir mon \u00eatre profond.. J\u2019aime [&hellip;]<\/p>\n","protected":false},"author":1,"featured_media":0,"parent":0,"menu_order":0,"comment_status":"closed","ping_status":"closed","template":"","meta":{"footnotes":""},"class_list":["post-6","page","type-page","status-publish","hentry"],"jetpack_sharing_enabled":true,"_links":{"self":[{"href":"https:\/\/mercigracias.ch\/index.php?rest_route=\/wp\/v2\/pages\/6","targetHints":{"allow":["GET"]}}],"collection":[{"href":"https:\/\/mercigracias.ch\/index.php?rest_route=\/wp\/v2\/pages"}],"about":[{"href":"https:\/\/mercigracias.ch\/index.php?rest_route=\/wp\/v2\/types\/page"}],"author":[{"embeddable":true,"href":"https:\/\/mercigracias.ch\/index.php?rest_route=\/wp\/v2\/users\/1"}],"replies":[{"embeddable":true,"href":"https:\/\/mercigracias.ch\/index.php?rest_route=%2Fwp%2Fv2%2Fcomments&post=6"}],"version-history":[{"count":9,"href":"https:\/\/mercigracias.ch\/index.php?rest_route=\/wp\/v2\/pages\/6\/revisions"}],"predecessor-version":[{"id":157,"href":"https:\/\/mercigracias.ch\/index.php?rest_route=\/wp\/v2\/pages\/6\/revisions\/157"}],"wp:attachment":[{"href":"https:\/\/mercigracias.ch\/index.php?rest_route=%2Fwp%2Fv2%2Fmedia&parent=6"}],"curies":[{"name":"wp","href":"https:\/\/api.w.org\/{rel}","templated":true}]}}

<div class="wp-block-columns is-layout-flex wp-container-core-columns-is-layout-794e3cfa wp-block-columns-is-layout-flex">
<div class="wp-block-column is-layout-flow wp-block-column-is-layout-flow" style="flex-basis:100%">
<div class="wp-block-columns is-layout-flex wp-container-core-columns-is-layout-794e3cfa wp-block-columns-is-layout-flex">
<div class="wp-block-column is-layout-flow wp-block-column-is-layout-flow" style="flex-basis:100%">
<div class="wp-block-group is-layout-flow wp-block-group-is-layout-flow">
<div class="wp-block-columns is-layout-flex wp-container-core-columns-is-layout-794e3cfa wp-block-columns-is-layout-flex">
<div class="wp-block-column is-layout-flow wp-block-column-is-layout-flow">
<p class="wp-block-paragraph">J’aime contempler cette immensité pleine de rien,  où ma vision peut s’étendre à l’infini  où mon regard ne s’arrête sur rien, j’aime ne plus rien voir d’autre que ces vagues qui vont et qui viennent vers moi sans jamais s’arrêter, les suivre du regard les unes après les autres pour remplir mon être profond..</p>



<p class="wp-block-paragraph">J’aime les sentir me fouetter les jambes. J’aime sentir mon corps flotter, le sentir monter puis redescendre, me laisser porter, ne pas lutter en me laissant aller tout simplement pour faire un avec l’univers. J’aime me sentir au milieu de cet étendu où cet immensité du rien est face à moi où cet infini dans l’espace me permet de ne plus rien voir d’autre que l’essentiel.</p>



<p class="wp-block-paragraph">Toute cette eau en mouvement s’écoule dans mes veines, alors je me remplis de toute sa force, de toute sa lumière, transportée vers une dimension supérieure dans un bien être indescriptible, un état de plénitude, un état de grâce divine.</p>



<p class="wp-block-paragraph">Ma vie est comme cette mer animée par tous ces éléments qui ont surgit devant moi et que j’ai dû surmonter pour ne pas couler, trouver un point d’ancrage pour ne pas me noyer. Si Je ne suis pas encore arrivée à mon port céleste, je remercie tous les messages divins qui m’ont été envoyés, les bouées qui m’ont été lancées, tous ces anges gardiens qui m’ont guidée vers la lumière et qui m’ont donné la force d’avancer sur mon chemin de vie.</p>



<p class="wp-block-paragraph">Aujourd’hui encore je me demande comment sera la prochaine vague et ce qu’il y aura derrière mais je suis sereine car je sais que je suis accompagnée.</p>
</div>
</div>
</div>
</div>
</div>
</div>
</div>



<figure class="wp-block-image size-full is-style-twentytwentyone-border"><img loading="lazy" decoding="async" width="2048" height="1536" src="https://mercigracias.ch/wp-content/uploads/2025/11/IMG_4658.jpeg" alt="" class="wp-image-154" srcset="https://mercigracias.ch/wp-content/uploads/2025/11/IMG_4658.jpeg 2048w, https://mercigracias.ch/wp-content/uploads/2025/11/IMG_4658-300x225.jpeg 300w, https://mercigracias.ch/wp-content/uploads/2025/11/IMG_4658-1024x768.jpeg 1024w, https://mercigracias.ch/wp-content/uploads/2025/11/IMG_4658-768x576.jpeg 768w, https://mercigracias.ch/wp-content/uploads/2025/11/IMG_4658-1536x1152.jpeg 1536w, https://mercigracias.ch/wp-content/uploads/2025/11/IMG_4658-1568x1176.jpeg 1568w" sizes="auto, (max-width: 2048px) 100vw, 2048px" /></figure>

<p>J’aime contempler cette immensité pleine de rien, où ma vision peut s’étendre à l’infini où mon regard ne s’arrête sur rien, j’aime ne plus rien voir d’autre que ces vagues qui vont et qui viennent vers moi sans jamais s’arrêter, les suivre du regard les unes après les autres pour remplir mon être profond.. J’aime [&hellip;]</p>
