{"id":604,"date":"2026-01-05T17:15:52","date_gmt":"2026-01-05T17:15:52","guid":{"rendered":"https:\/\/mercigracias.ch\/?page_id=604"},"modified":"2026-07-13T05:09:01","modified_gmt":"2026-07-13T05:09:01","slug":"la-poignee-de-porte","status":"publish","type":"page","link":"https:\/\/mercigracias.ch\/?page_id=604","title":{"rendered":"La poign\u00e9e de porte"},"content":{"rendered":"\n<p class=\"wp-block-paragraph\">&lt;Enregistr\u00e9 le 14 Mai 2020&gt;<\/p>\n\n\n\n<p class=\"wp-block-paragraph\">J&rsquo;avais \u00e9t\u00e9 punie et on m&rsquo;avait enferm\u00e9e dans la chambre de mon fr\u00e8re. Il faut croire que j&rsquo;avais d\u00fb faire quelque chose de pas comme il faut&#8230; <br>\u00e0 cette \u00e9poque, j&rsquo;avais moins de 10 ans.<\/p>\n\n\n\n<p class=\"wp-block-paragraph\">Dans cette chambre, il y avait une double porte, et la deuxi\u00e8me porte permettait de bloquer l&rsquo;entr\u00e9e en enlevant la poign\u00e9. Alors hop, tu ne pouvais plus entrer, mais tu ne pouvais pas ressortir non plus&#8230;!<\/p>\n\n\n\n<p class=\"wp-block-paragraph\">Et comme moi je voulais sortir parce qu&rsquo;il faisait beau, je m&rsquo;\u00e9tais dit : <br>&#8211; Je ne vais pas rester ici tout l&rsquo;apr\u00e8s midi, ils vont m&rsquo;oublier l\u00e0-dedans&#8230;<\/p>\n\n\n\n<p class=\"wp-block-paragraph\">C&rsquo;\u00e9tait une double porte, que mes parents bloquaient quand il y avait les bals, pour que personne ne puisse y entrer, parce que c&rsquo;\u00e9tait aussi la r\u00e9serve de cigares et de cigarettes, et mon fr\u00e8re dormait l\u00e0-dedans avec toutes ces odeurs de tabac, \u00e7a ne devait pas \u00eatre super&#8230;<\/p>\n\n\n\n<p class=\"wp-block-paragraph\">C&rsquo;\u00e9tait la seule fois o\u00f9 mon p\u00e8re m&rsquo;avait enferm\u00e9e dedans&#8230; Et moi, je n&rsquo;\u00e9tais pas du tout en accord de rester l\u00e0-dedans&#8230; Il faisait grand beau !<\/p>\n\n\n\n<p class=\"wp-block-paragraph\">Tu vois, d\u00e9j\u00e0 je n&rsquo;en faisais qu&rsquo;\u00e0 ma t\u00eate, parce que les punitions&#8230; Alors quand il est reparti, et que j&rsquo;ai entendu qu&rsquo;il \u00e9tait dehors, je me suis dit :<br>&#8211; C&rsquo;est pas possible, tu vas bien trouver le moyen pour sortir de l\u00e0 !<\/p>\n\n\n\n<p class=\"wp-block-paragraph\">Alors tr\u00e8s vite, j&rsquo;ai vu que la porte avait un petit loquet&#8230; et qu&rsquo;il suffirait d&rsquo;avoir un crochet&#8230; Alors j&rsquo;ai pris un cintre dans l&rsquo;armoire de mon fr\u00e8re et hop je t&rsquo;ai soulev\u00e9 ce loquet et la porte s&rsquo;est ouverte&#8230; <br>Alors j&rsquo;ai pu sortir !<\/p>\n\n\n\n<p class=\"wp-block-paragraph\">Puis un autre jour, quand mon p\u00e8re est all\u00e9 dans cette chambre pour faire l&rsquo;inventaire des cigarettes&#8230; Alors c&rsquo;est moi qui l&rsquo;y ai enferm\u00e9&#8230;!  <br>J&rsquo;ai ferm\u00e9 la porte et je suis partie avec la poign\u00e9e&#8230;!  (rire)&#8230; <\/p>\n\n\n\n<p class=\"wp-block-paragraph\">&#8211; On verra si t&rsquo;es aussi malin que moi&#8230; l\u00e0 l\u00e0 l\u00e0&#8230; <\/p>\n\n\n\n<p class=\"wp-block-paragraph\">Pour moi c&rsquo;\u00e9tait \u00e0 jeu&#8230; puis je suis all\u00e9e vers maman pour lui raconter&#8230; : <br>&#8211; Voil\u00e0&#8230; j&rsquo;ai ferm\u00e9 la porte&#8230; l\u00e0 l\u00e0 l\u00e0&#8230;en chantonnant&#8230; <br>&#8211; Non&#8230; Mais \u00e7a va pas ou bien ?&#8230; tu n&rsquo;as pas fait \u00e7a&#8230;!? <br>Oh, faut tout de suite monter&#8230;<\/p>\n\n\n\n<p class=\"wp-block-paragraph\">&#8211; Mais moi, je ne monte pas&#8230; Parce que maintenant c&rsquo;est s\u00fbr que je vais en ramasser une, hein&#8230; ! (rire)<\/p>\n\n\n\n<p class=\"wp-block-paragraph\">Donc je l&rsquo;ai laiss\u00e9e y aller, puis apr\u00e8s quand j&rsquo;ai su d&rsquo;o\u00f9 il sortait&#8230; <br>Je me suis tir\u00e9e parce que je faisais toujours comme \u00e7a&#8230; quand on ouvrait une porte, moi je sortais par l&rsquo;autre&#8230;<\/p>\n\n\n\n<p class=\"wp-block-paragraph\">&#8230;Viens m&rsquo;attraper !<\/p>\n\n\n\n<p class=\"wp-block-paragraph\">De beaux souvenirs&#8230; C&rsquo;est ce qui me reste de mon p\u00e8re, comme contact&#8230;<\/p>\n\n\n\n<p class=\"wp-block-paragraph\">Merci Papa&#8230;<\/p>\n","protected":false},"excerpt":{"rendered":"<p>&lt;Enregistr\u00e9 le 14 Mai 2020&gt; J&rsquo;avais \u00e9t\u00e9 punie et on m&rsquo;avait enferm\u00e9e dans la chambre de mon fr\u00e8re. Il faut croire que j&rsquo;avais d\u00fb faire quelque chose de pas comme il faut&#8230; \u00e0 cette \u00e9poque, j&rsquo;avais moins de 10 ans. Dans cette chambre, il y avait une double porte, et la deuxi\u00e8me porte permettait de [&hellip;]<\/p>\n","protected":false},"author":1,"featured_media":0,"parent":0,"menu_order":0,"comment_status":"open","ping_status":"closed","template":"pages-chapitre-04","meta":{"footnotes":""},"class_list":["post-604","page","type-page","status-publish","hentry"],"jetpack_sharing_enabled":true,"_links":{"self":[{"href":"https:\/\/mercigracias.ch\/index.php?rest_route=\/wp\/v2\/pages\/604","targetHints":{"allow":["GET"]}}],"collection":[{"href":"https:\/\/mercigracias.ch\/index.php?rest_route=\/wp\/v2\/pages"}],"about":[{"href":"https:\/\/mercigracias.ch\/index.php?rest_route=\/wp\/v2\/types\/page"}],"author":[{"embeddable":true,"href":"https:\/\/mercigracias.ch\/index.php?rest_route=\/wp\/v2\/users\/1"}],"replies":[{"embeddable":true,"href":"https:\/\/mercigracias.ch\/index.php?rest_route=%2Fwp%2Fv2%2Fcomments&post=604"}],"version-history":[{"count":8,"href":"https:\/\/mercigracias.ch\/index.php?rest_route=\/wp\/v2\/pages\/604\/revisions"}],"predecessor-version":[{"id":5630,"href":"https:\/\/mercigracias.ch\/index.php?rest_route=\/wp\/v2\/pages\/604\/revisions\/5630"}],"wp:attachment":[{"href":"https:\/\/mercigracias.ch\/index.php?rest_route=%2Fwp%2Fv2%2Fmedia&parent=604"}],"curies":[{"name":"wp","href":"https:\/\/api.w.org\/{rel}","templated":true}]}}

La poignée de porte

<p class="wp-block-paragraph">&lt;Enregistré le 14 Mai 2020&gt;</p>



<p class="wp-block-paragraph">J&rsquo;avais été punie et on m&rsquo;avait enfermée dans la chambre de mon frère. Il faut croire que j&rsquo;avais dû faire quelque chose de pas comme il faut&#8230; <br>à cette époque, j&rsquo;avais moins de 10 ans.</p>



<p class="wp-block-paragraph">Dans cette chambre, il y avait une double porte, et la deuxième porte permettait de bloquer l&rsquo;entrée en enlevant la poigné. Alors hop, tu ne pouvais plus entrer, mais tu ne pouvais pas ressortir non plus&#8230;!</p>



<p class="wp-block-paragraph">Et comme moi je voulais sortir parce qu&rsquo;il faisait beau, je m&rsquo;étais dit : <br>&#8211; Je ne vais pas rester ici tout l&rsquo;après midi, ils vont m&rsquo;oublier là-dedans&#8230;</p>



<p class="wp-block-paragraph">C&rsquo;était une double porte, que mes parents bloquaient quand il y avait les bals, pour que personne ne puisse y entrer, parce que c&rsquo;était aussi la réserve de cigares et de cigarettes, et mon frère dormait là-dedans avec toutes ces odeurs de tabac, ça ne devait pas être super&#8230;</p>



<p class="wp-block-paragraph">C&rsquo;était la seule fois où mon père m&rsquo;avait enfermée dedans&#8230; Et moi, je n&rsquo;étais pas du tout en accord de rester là-dedans&#8230; Il faisait grand beau !</p>



<p class="wp-block-paragraph">Tu vois, déjà je n&rsquo;en faisais qu&rsquo;à ma tête, parce que les punitions&#8230; Alors quand il est reparti, et que j&rsquo;ai entendu qu&rsquo;il était dehors, je me suis dit :<br>&#8211; C&rsquo;est pas possible, tu vas bien trouver le moyen pour sortir de là !</p>



<p class="wp-block-paragraph">Alors très vite, j&rsquo;ai vu que la porte avait un petit loquet&#8230; et qu&rsquo;il suffirait d&rsquo;avoir un crochet&#8230; Alors j&rsquo;ai pris un cintre dans l&rsquo;armoire de mon frère et hop je t&rsquo;ai soulevé ce loquet et la porte s&rsquo;est ouverte&#8230; <br>Alors j&rsquo;ai pu sortir !</p>



<p class="wp-block-paragraph">Puis un autre jour, quand mon père est allé dans cette chambre pour faire l&rsquo;inventaire des cigarettes&#8230; Alors c&rsquo;est moi qui l&rsquo;y ai enfermé&#8230;!  <br>J&rsquo;ai fermé la porte et je suis partie avec la poignée&#8230;!  (rire)&#8230; </p>



<p class="wp-block-paragraph">&#8211; On verra si t&rsquo;es aussi malin que moi&#8230; là là là&#8230; </p>



<p class="wp-block-paragraph">Pour moi c&rsquo;était à jeu&#8230; puis je suis allée vers maman pour lui raconter&#8230; : <br>&#8211; Voilà&#8230; j&rsquo;ai fermé la porte&#8230; là là là&#8230;en chantonnant&#8230; <br>&#8211; Non&#8230; Mais ça va pas ou bien ?&#8230; tu n&rsquo;as pas fait ça&#8230;!? <br>Oh, faut tout de suite monter&#8230;</p>



<p class="wp-block-paragraph">&#8211; Mais moi, je ne monte pas&#8230; Parce que maintenant c&rsquo;est sûr que je vais en ramasser une, hein&#8230; ! (rire)</p>



<p class="wp-block-paragraph">Donc je l&rsquo;ai laissée y aller, puis après quand j&rsquo;ai su d&rsquo;où il sortait&#8230; <br>Je me suis tirée parce que je faisais toujours comme ça&#8230; quand on ouvrait une porte, moi je sortais par l&rsquo;autre&#8230;</p>



<p class="wp-block-paragraph">&#8230;Viens m&rsquo;attraper !</p>



<p class="wp-block-paragraph">De beaux souvenirs&#8230; C&rsquo;est ce qui me reste de mon père, comme contact&#8230;</p>



<p class="wp-block-paragraph">Merci Papa&#8230;</p>

<p>&lt;Enregistré le 14 Mai 2020&gt; J&rsquo;avais été punie et on m&rsquo;avait enfermée dans la chambre de mon frère. Il faut croire que j&rsquo;avais dû faire quelque chose de pas comme il faut&#8230; à cette époque, j&rsquo;avais moins de 10 ans. Dans cette chambre, il y avait une double porte, et la deuxième porte permettait de [&hellip;]</p>
