{"id":611,"date":"2026-01-06T23:42:47","date_gmt":"2026-01-06T23:42:47","guid":{"rendered":"https:\/\/mercigracias.ch\/?page_id=611"},"modified":"2026-06-19T05:24:12","modified_gmt":"2026-06-19T05:24:12","slug":"jai-ete-adoptee","status":"publish","type":"page","link":"https:\/\/mercigracias.ch\/?page_id=611","title":{"rendered":"Tu ne t&rsquo;es pas tromp\u00e9e ?"},"content":{"rendered":"\n<p class=\"wp-block-paragraph\">&lt;Enregistr\u00e9 le 30 Ao\u00fbt 2014&gt;<\/p>\n\n\n\n<p class=\"wp-block-paragraph\">Alors la premi\u00e8re fois que j&rsquo;avais demand\u00e9 \u00e0 Maman si j&rsquo;avais \u00e9t\u00e9 adopt\u00e9e, elle m&rsquo;avait dit :<\/p>\n\n\n\n<p class=\"wp-block-paragraph\">&#8211; Arr\u00eate de raconter des histoires et tout&#8230;<\/p>\n\n\n\n<p class=\"wp-block-paragraph\">Mais la deuxi\u00e8me fois quand je suis revenue, pour lui dire&nbsp;:<\/p>\n\n\n\n<p class=\"wp-block-paragraph\">&#8211; Bon alors, \u00e9coute Maman, Moi je ne sais pas&#8230; <br>Je ne me sens pas l\u00e0 dedans, je ne pense pas comme vous,<br>je suis diff\u00e9rente, je ne vous ressemble pas, je ne sais pas&#8230;<br>Vous pensez diff\u00e9rentes choses et vous vous prenez la t\u00eate pour des trucs, c&rsquo;est toujours des guerres&#8230; C&rsquo;est toute une histoire, et moi je ne sens pas \u00e7a, comme \u00e7a&#8230;<br>Bon, Ben alors, je dois \u00eatre adopt\u00e9e ?<\/p>\n\n\n\n<p class=\"wp-block-paragraph\">&#8211; De bleu&nbsp;!&#8230; cette fois ci, c&rsquo;est la derni\u00e8re fois que tu me dis \u00e7a&#8230;&nbsp;! <br>C&rsquo;est la deuxi\u00e8me fois que tu viens avec \u00e7a&nbsp;!<\/p>\n\n\n\n<p class=\"wp-block-paragraph\">Elle me tire une paire de claques et elle me dit :<\/p>\n\n\n\n<p class=\"wp-block-paragraph\">&#8211; Tu ne le r\u00e9p\u00e8teras plus jamais&nbsp;! Si tu crois qu&rsquo;avec le boulot que j&rsquo;avais&#8230; Et quand j&rsquo;\u00e9tais enceinte, je ne pouvais pas&#8230; <br>Tu ne sais pas ce que j&rsquo;aurais fait pour ne pas t&rsquo;avoir&#8230; Tomber dans les escalier, n&rsquo;importe quoi&#8230; Personne n&rsquo;a vu que j&rsquo;\u00e9tais enceinte, tellement je me serrais&#8230;j&rsquo;aurais fait n&rsquo;importe quoi&#8230; Alors tu crois que j&rsquo;allais m&rsquo;encombrer d&rsquo;une gamine, non mais&#8230;&nbsp;<\/p>\n\n\n\n<p class=\"wp-block-paragraph\">Alors l\u00e0 elle avait une monture, une rage&#8230; C\u2019est l\u00e0 que j\u2019ai compris qu\u2019en fin de compte je n&rsquo;avais pas \u00e9t\u00e9 adopt\u00e9e, mais l\u00e0&#8230;:<\/p>\n\n\n\n<p class=\"wp-block-paragraph\">&#8211; Mais alors tu t&rsquo;es tromp\u00e9e \u00e0 l&rsquo;h\u00f4pital&#8230;&nbsp;?<\/p>\n\n\n\n<p class=\"wp-block-paragraph\">&#8211; Mais enfin, arr\u00eate ton char ! C&rsquo;est quoi ces histoires&#8230;&nbsp;?!<br>Quand j&rsquo;allais \u00e0 l&rsquo;orphelinat chaque mois pour payer ta garde, je te reconnaissais gr\u00e2ce \u00e0 ta tache de vin derri\u00e8re le cou, et celle pr\u00e8s de l&rsquo;\u0153il&#8230; Autrement je ne t&rsquo;aurais pas reconnue, vous \u00e9tiez tous habill\u00e9s la m\u00eame chose, je n&rsquo;aurais m\u00eame pas su qui tu \u00e9tais&#8230;<\/p>\n\n\n\n<p class=\"wp-block-paragraph\">et elle rajoute :<\/p>\n\n\n\n<p class=\"wp-block-paragraph\">&#8211; J&rsquo;y allais une fois par mois. Je n&rsquo;y allais pas pour te visiter, il ne faut pas croire que&#8230; Quand ton fr\u00e8re, il dit que je t&rsquo;ai fait des faveurs et tout&#8230; Non, je venais pour payer&#8230;&nbsp;! <br>Parce que si je ne venais pas pour payer ils t&rsquo;auraient renvoy\u00e9e&#8230; D\u00e9j\u00e0 \u00e0 la fin, ils bringuaient &nbsp;: \u00ab Il faut la ramasser cette gamine, c&rsquo;est trop tard \u00bb et tout&#8230; Mais je n&rsquo;avais pas le temps, on n&rsquo;avait pas le temps.<br>Il n&rsquo;y avait pas que \u00e7a \u00e0 faire&nbsp;! Tu voulais qu&rsquo;on fasse quoi de toi&nbsp;?<br>On n&rsquo;avait pas le temps de s&rsquo;occuper de toi&#8230;&nbsp;!<\/p>\n\n\n\n<p class=\"wp-block-paragraph\">Et elle continue :<\/p>\n\n\n\n<p class=\"wp-block-paragraph\">&#8211; C&rsquo;est pas que je ne t&rsquo;aimais pas&#8230; On n&rsquo;avait pas le temps&nbsp;! <br>On ne peut pas faire du commerce et avoir encore un b\u00e9b\u00e9 sur les bras&#8230;  Moi je ne suis pas all\u00e9e pour te trouver&#8230; Rien du tout, moi je suis all\u00e9 pour payer, pour qu&rsquo;ils te gardent&#8230;&nbsp;!<\/p>\n\n\n\n<p class=\"wp-block-paragraph\">C&rsquo;\u00e9tait son souci. Elle ne s&rsquo;\u00e9tait pas g\u00ean\u00e9e de me le dire, c&rsquo;\u00e9tait juste pour payer&#8230;<\/p>\n\n\n\n<p class=\"wp-block-paragraph\">&#8230;Mais bon au moins, j&rsquo;\u00e9tais rassur\u00e9e, j&rsquo;ai su que j&rsquo;\u00e9tais de la famille&#8230;<\/p>\n\n\n\n<p class=\"wp-block-paragraph\">L\u00e0-bas, les liens s&rsquo;\u00e9taient fait avec la s\u0153ur. C&rsquo;\u00e9tait la s\u0153ur Bernard qui s&rsquo;occupait de moi&#8230; C&rsquo;\u00e9tait elle, qui avait vu ce poupon grandir.<\/p>\n\n\n\n<p class=\"wp-block-paragraph\">L\u00e0-bas les s\u0153urs, avec la discipline de l\u00e0-bas, tout \u00e7a, c&rsquo;\u00e9tait une autre \u00e9poque.<\/p>\n\n\n\n<p class=\"wp-block-paragraph\">Je l&rsquo;ai revue une fois, je devais avoir 6 ans&#8230; J&rsquo;\u00e9tais avec mon P\u00e8re et ma M\u00e8re, on l&rsquo;avait rencontr\u00e9e en ville&#8230; Je me souviens, elle \u00e9tait dans un costume tout gris&#8230; et l\u00e0 ils m&rsquo;ont dit :<\/p>\n\n\n\n<p class=\"wp-block-paragraph\">&#8211; Ah ben voil\u00e0&nbsp;! C&rsquo;est la s\u0153ur qui s&rsquo;est occup\u00e9e de toi&#8230;<\/p>\n\n\n\n<p class=\"wp-block-paragraph\">Je l&rsquo;ai trouv\u00e9e triste&#8230; pas gaie du tout, pas chaleureuse. Une femme tr\u00e8s triste, pas grande, en fin de compte elle devait avoir ma morphologie&#8230; Mais je ne l&rsquo;ai pas trouv\u00e9e heureuse dans ce qu&rsquo;elle vivait&#8230;<\/p>\n\n\n\n<p class=\"wp-block-paragraph\">C&rsquo;\u00e9tait le ressenti que j&rsquo;ai eu en \u00e9tant petite fille \u00e0 6 ans&#8230; Voil\u00e0.<\/p>\n\n\n\n<p class=\"wp-block-paragraph\">Je l&rsquo;ai vu 5 minutes comme \u00e7a, et c&rsquo;est ce qui m&rsquo;est rest\u00e9&#8230;<\/p>\n\n\n\n<p class=\"wp-block-paragraph\">Elle m&rsquo;avait dit \u00ab&nbsp;Bonjour , ah ben la voil\u00e0 la petite chouchou&#8230;&nbsp;\u00bb. <br>Je l&rsquo;ai vue comme \u00e7a, l&rsquo;espace d&rsquo;un flash. <br>Un enfant, il a tout de suite le ressenti&#8230; Et je me suis dit, ben elle est bien triste celle l\u00e0&#8230;&nbsp;!<\/p>\n\n\n\n<p class=\"wp-block-paragraph\">Maman elle m&rsquo;avait dit&nbsp;: <br>&#8211; Ah ben qu&rsquo;est ce qu&rsquo;elle a eu de la peine celle l\u00e0, quand je suis venue te chercher&#8230;<\/p>\n\n\n\n<p class=\"wp-block-paragraph\">\u00c7a ne devait pas \u00eatre simple, il ne fallait pas qu&rsquo;elles s&rsquo;attachent trop&#8230; Et elles devaient en avoir marre de casser les liens, de s&rsquo;occuper de tous ces poupons et de devoir les redonner&#8230; Pas simple pour elles qui ne pouvaient pas en avoir \u00e0 elles&#8230;<\/p>\n\n\n\n<p class=\"wp-block-paragraph\">Mais au final, c&rsquo;est l\u00e0 que j&rsquo;ai appris que j&rsquo;avais pass\u00e9 plus d&rsquo;un an, en nurserie&#8230; \u00c7a expliquait beaucoup de choses.<\/p>\n\n\n\n<p class=\"wp-block-paragraph\">Mais il m&rsquo;a fallu des ann\u00e9es et aller \u00e0 l&rsquo;universit\u00e9 \u00e0 58 ans pour comprendre l&rsquo;impact de cette s\u00e9paration&#8230; J&rsquo;ai compris alors pourquoi mon Moi n&rsquo;avait pas pu se faire&#8230; car enfant, je me disais, mon fr\u00e8re et ma s\u0153ur, mais pourquoi ils sont ensemble et moi pas&nbsp;?!<\/p>\n\n\n\n<p class=\"wp-block-paragraph\">Ma s\u0153ur aussi elle sentait de la diff\u00e9rence avec moi&#8230; Elle avait eu de la peine parce que je lui avais pris sa place. Pour elle \u00e7a avait \u00e9t\u00e9 aussi un traumatisme, avec ses 2 ans de plus que moi et qu&rsquo;on ram\u00e8ne un b\u00e9b\u00e9 de plus d&rsquo;un an&#8230; \u00e0 la maison&#8230;pour ses 3 ans&#8230;<br>La totale&#8230;<\/p>\n\n\n\n<p class=\"wp-block-paragraph\"><\/p>\n","protected":false},"excerpt":{"rendered":"<p>&lt;Enregistr\u00e9 le 30 Ao\u00fbt 2014&gt; Alors la premi\u00e8re fois que j&rsquo;avais demand\u00e9 \u00e0 Maman si j&rsquo;avais \u00e9t\u00e9 adopt\u00e9e, elle m&rsquo;avait dit : &#8211; Arr\u00eate de raconter des histoires et tout&#8230; Mais la deuxi\u00e8me fois quand je suis revenue, pour lui dire&nbsp;: &#8211; Bon alors, \u00e9coute Maman, Moi je ne sais pas&#8230; Je ne me sens [&hellip;]<\/p>\n","protected":false},"author":1,"featured_media":0,"parent":0,"menu_order":0,"comment_status":"open","ping_status":"closed","template":"pages-chapitre-04","meta":{"footnotes":""},"class_list":["post-611","page","type-page","status-publish","hentry"],"jetpack_sharing_enabled":true,"_links":{"self":[{"href":"https:\/\/mercigracias.ch\/index.php?rest_route=\/wp\/v2\/pages\/611","targetHints":{"allow":["GET"]}}],"collection":[{"href":"https:\/\/mercigracias.ch\/index.php?rest_route=\/wp\/v2\/pages"}],"about":[{"href":"https:\/\/mercigracias.ch\/index.php?rest_route=\/wp\/v2\/types\/page"}],"author":[{"embeddable":true,"href":"https:\/\/mercigracias.ch\/index.php?rest_route=\/wp\/v2\/users\/1"}],"replies":[{"embeddable":true,"href":"https:\/\/mercigracias.ch\/index.php?rest_route=%2Fwp%2Fv2%2Fcomments&post=611"}],"version-history":[{"count":12,"href":"https:\/\/mercigracias.ch\/index.php?rest_route=\/wp\/v2\/pages\/611\/revisions"}],"predecessor-version":[{"id":4700,"href":"https:\/\/mercigracias.ch\/index.php?rest_route=\/wp\/v2\/pages\/611\/revisions\/4700"}],"wp:attachment":[{"href":"https:\/\/mercigracias.ch\/index.php?rest_route=%2Fwp%2Fv2%2Fmedia&parent=611"}],"curies":[{"name":"wp","href":"https:\/\/api.w.org\/{rel}","templated":true}]}}

Tu ne t&rsquo;es pas trompée ?

<p class="wp-block-paragraph">&lt;Enregistré le 30 Août 2014&gt;</p>



<p class="wp-block-paragraph">Alors la première fois que j&rsquo;avais demandé à Maman si j&rsquo;avais été adoptée, elle m&rsquo;avait dit :</p>



<p class="wp-block-paragraph">&#8211; Arrête de raconter des histoires et tout&#8230;</p>



<p class="wp-block-paragraph">Mais la deuxième fois quand je suis revenue, pour lui dire&nbsp;:</p>



<p class="wp-block-paragraph">&#8211; Bon alors, écoute Maman, Moi je ne sais pas&#8230; <br>Je ne me sens pas là dedans, je ne pense pas comme vous,<br>je suis différente, je ne vous ressemble pas, je ne sais pas&#8230;<br>Vous pensez différentes choses et vous vous prenez la tête pour des trucs, c&rsquo;est toujours des guerres&#8230; C&rsquo;est toute une histoire, et moi je ne sens pas ça, comme ça&#8230;<br>Bon, Ben alors, je dois être adoptée ?</p>



<p class="wp-block-paragraph">&#8211; De bleu&nbsp;!&#8230; cette fois ci, c&rsquo;est la dernière fois que tu me dis ça&#8230;&nbsp;! <br>C&rsquo;est la deuxième fois que tu viens avec ça&nbsp;!</p>



<p class="wp-block-paragraph">Elle me tire une paire de claques et elle me dit :</p>



<p class="wp-block-paragraph">&#8211; Tu ne le répèteras plus jamais&nbsp;! Si tu crois qu&rsquo;avec le boulot que j&rsquo;avais&#8230; Et quand j&rsquo;étais enceinte, je ne pouvais pas&#8230; <br>Tu ne sais pas ce que j&rsquo;aurais fait pour ne pas t&rsquo;avoir&#8230; Tomber dans les escalier, n&rsquo;importe quoi&#8230; Personne n&rsquo;a vu que j&rsquo;étais enceinte, tellement je me serrais&#8230;j&rsquo;aurais fait n&rsquo;importe quoi&#8230; Alors tu crois que j&rsquo;allais m&rsquo;encombrer d&rsquo;une gamine, non mais&#8230;&nbsp;</p>



<p class="wp-block-paragraph">Alors là elle avait une monture, une rage&#8230; C’est là que j’ai compris qu’en fin de compte je n&rsquo;avais pas été adoptée, mais là&#8230;:</p>



<p class="wp-block-paragraph">&#8211; Mais alors tu t&rsquo;es trompée à l&rsquo;hôpital&#8230;&nbsp;?</p>



<p class="wp-block-paragraph">&#8211; Mais enfin, arrête ton char ! C&rsquo;est quoi ces histoires&#8230;&nbsp;?!<br>Quand j&rsquo;allais à l&rsquo;orphelinat chaque mois pour payer ta garde, je te reconnaissais grâce à ta tache de vin derrière le cou, et celle près de l&rsquo;œil&#8230; Autrement je ne t&rsquo;aurais pas reconnue, vous étiez tous habillés la même chose, je n&rsquo;aurais même pas su qui tu étais&#8230;</p>



<p class="wp-block-paragraph">et elle rajoute :</p>



<p class="wp-block-paragraph">&#8211; J&rsquo;y allais une fois par mois. Je n&rsquo;y allais pas pour te visiter, il ne faut pas croire que&#8230; Quand ton frère, il dit que je t&rsquo;ai fait des faveurs et tout&#8230; Non, je venais pour payer&#8230;&nbsp;! <br>Parce que si je ne venais pas pour payer ils t&rsquo;auraient renvoyée&#8230; Déjà à la fin, ils bringuaient &nbsp;: « Il faut la ramasser cette gamine, c&rsquo;est trop tard » et tout&#8230; Mais je n&rsquo;avais pas le temps, on n&rsquo;avait pas le temps.<br>Il n&rsquo;y avait pas que ça à faire&nbsp;! Tu voulais qu&rsquo;on fasse quoi de toi&nbsp;?<br>On n&rsquo;avait pas le temps de s&rsquo;occuper de toi&#8230;&nbsp;!</p>



<p class="wp-block-paragraph">Et elle continue :</p>



<p class="wp-block-paragraph">&#8211; C&rsquo;est pas que je ne t&rsquo;aimais pas&#8230; On n&rsquo;avait pas le temps&nbsp;! <br>On ne peut pas faire du commerce et avoir encore un bébé sur les bras&#8230;  Moi je ne suis pas allée pour te trouver&#8230; Rien du tout, moi je suis allé pour payer, pour qu&rsquo;ils te gardent&#8230;&nbsp;!</p>



<p class="wp-block-paragraph">C&rsquo;était son souci. Elle ne s&rsquo;était pas gênée de me le dire, c&rsquo;était juste pour payer&#8230;</p>



<p class="wp-block-paragraph">&#8230;Mais bon au moins, j&rsquo;étais rassurée, j&rsquo;ai su que j&rsquo;étais de la famille&#8230;</p>



<p class="wp-block-paragraph">Là-bas, les liens s&rsquo;étaient fait avec la sœur. C&rsquo;était la sœur Bernard qui s&rsquo;occupait de moi&#8230; C&rsquo;était elle, qui avait vu ce poupon grandir.</p>



<p class="wp-block-paragraph">Là-bas les sœurs, avec la discipline de là-bas, tout ça, c&rsquo;était une autre époque.</p>



<p class="wp-block-paragraph">Je l&rsquo;ai revue une fois, je devais avoir 6 ans&#8230; J&rsquo;étais avec mon Père et ma Mère, on l&rsquo;avait rencontrée en ville&#8230; Je me souviens, elle était dans un costume tout gris&#8230; et là ils m&rsquo;ont dit :</p>



<p class="wp-block-paragraph">&#8211; Ah ben voilà&nbsp;! C&rsquo;est la sœur qui s&rsquo;est occupée de toi&#8230;</p>



<p class="wp-block-paragraph">Je l&rsquo;ai trouvée triste&#8230; pas gaie du tout, pas chaleureuse. Une femme très triste, pas grande, en fin de compte elle devait avoir ma morphologie&#8230; Mais je ne l&rsquo;ai pas trouvée heureuse dans ce qu&rsquo;elle vivait&#8230;</p>



<p class="wp-block-paragraph">C&rsquo;était le ressenti que j&rsquo;ai eu en étant petite fille à 6 ans&#8230; Voilà.</p>



<p class="wp-block-paragraph">Je l&rsquo;ai vu 5 minutes comme ça, et c&rsquo;est ce qui m&rsquo;est resté&#8230;</p>



<p class="wp-block-paragraph">Elle m&rsquo;avait dit «&nbsp;Bonjour , ah ben la voilà la petite chouchou&#8230;&nbsp;». <br>Je l&rsquo;ai vue comme ça, l&rsquo;espace d&rsquo;un flash. <br>Un enfant, il a tout de suite le ressenti&#8230; Et je me suis dit, ben elle est bien triste celle là&#8230;&nbsp;!</p>



<p class="wp-block-paragraph">Maman elle m&rsquo;avait dit&nbsp;: <br>&#8211; Ah ben qu&rsquo;est ce qu&rsquo;elle a eu de la peine celle là, quand je suis venue te chercher&#8230;</p>



<p class="wp-block-paragraph">Ça ne devait pas être simple, il ne fallait pas qu&rsquo;elles s&rsquo;attachent trop&#8230; Et elles devaient en avoir marre de casser les liens, de s&rsquo;occuper de tous ces poupons et de devoir les redonner&#8230; Pas simple pour elles qui ne pouvaient pas en avoir à elles&#8230;</p>



<p class="wp-block-paragraph">Mais au final, c&rsquo;est là que j&rsquo;ai appris que j&rsquo;avais passé plus d&rsquo;un an, en nurserie&#8230; Ça expliquait beaucoup de choses.</p>



<p class="wp-block-paragraph">Mais il m&rsquo;a fallu des années et aller à l&rsquo;université à 58 ans pour comprendre l&rsquo;impact de cette séparation&#8230; J&rsquo;ai compris alors pourquoi mon Moi n&rsquo;avait pas pu se faire&#8230; car enfant, je me disais, mon frère et ma sœur, mais pourquoi ils sont ensemble et moi pas&nbsp;?!</p>



<p class="wp-block-paragraph">Ma sœur aussi elle sentait de la différence avec moi&#8230; Elle avait eu de la peine parce que je lui avais pris sa place. Pour elle ça avait été aussi un traumatisme, avec ses 2 ans de plus que moi et qu&rsquo;on ramène un bébé de plus d&rsquo;un an&#8230; à la maison&#8230;pour ses 3 ans&#8230;<br>La totale&#8230;</p>



<p class="wp-block-paragraph"></p>

<p>&lt;Enregistré le 30 Août 2014&gt; Alors la première fois que j&rsquo;avais demandé à Maman si j&rsquo;avais été adoptée, elle m&rsquo;avait dit : &#8211; Arrête de raconter des histoires et tout&#8230; Mais la deuxième fois quand je suis revenue, pour lui dire&nbsp;: &#8211; Bon alors, écoute Maman, Moi je ne sais pas&#8230; Je ne me sens [&hellip;]</p>
