{"id":682,"date":"2026-01-08T23:34:24","date_gmt":"2026-01-08T23:34:24","guid":{"rendered":"https:\/\/mercigracias.ch\/?page_id=682"},"modified":"2026-06-14T20:45:48","modified_gmt":"2026-06-14T20:45:48","slug":"salut-les-copains","status":"publish","type":"page","link":"https:\/\/mercigracias.ch\/?page_id=682","title":{"rendered":"Salut les copains"},"content":{"rendered":"\n<p class=\"wp-block-paragraph\">&lt;Enregistr\u00e9 le 25 Octobre 2013&gt;<\/p>\n\n\n\n<p class=\"wp-block-paragraph\">Ce qui est paradoxal, ce sont nos mani\u00e8res de nous \u00e9vader&#8230;<br>Mon fr\u00e8re et ma s\u0153ur \u00e9taient compl\u00e8tement accrocs aux chanteurs, ils r\u00eavaient des chanteurs et avaient plein de posters de leurs idoles. <br>Ils vivaient avec des gens qui n&rsquo;\u00e9taient pas pr\u00e9sents&#8230;<\/p>\n\n\n\n<p class=\"wp-block-paragraph\">C&rsquo;\u00e9tait leurs r\u00eaves, et quand je voyais \u00e7a, je me disais :<br>&#8211; Ils sont compl\u00e8tement absents&#8230; Ils vivent dans quel monde ?<\/p>\n\n\n\n<p class=\"wp-block-paragraph\">Ma s\u0153ur vivait avec \u00ab\u00a0Salut les copains\u00a0\u00bb, et avec les images de son journal, avec la chanteuse qu&rsquo;elle voyait dedans, sur le catalogue&#8230;<\/p>\n\n\n\n<p class=\"wp-block-paragraph\">Elle lisait ses histoires, elle connaissait sa vie, et toutes les chansons de Claude Fran\u00e7ois&#8230; Elle les connaissait toutes par c\u0153ur et son coin de chambre \u00e9tait rempli de posters et il ne fallait surtout pas abimer un coin&#8230; Mon Dieu&#8230; Un sacril\u00e8ge !<\/p>\n\n\n\n<p class=\"wp-block-paragraph\">Elle devait r\u00eaver un mois, pour d\u00e9cider l\u00e0 o\u00f9 elle devait poser son poster&#8230; Elle mesurait avec un m\u00e8tre pour savoir \u00e0 combien de centim\u00e8tres elle allait l&rsquo;accrocher au mur&#8230; du haut et du bas&#8230;<\/p>\n\n\n\n<p class=\"wp-block-paragraph\">Alors qu&rsquo;ils \u00e9taient compl\u00e8tement cart\u00e9siens et mat\u00e9riels&#8230; <br>C&rsquo;\u00e9tait \u00e9poustouflant !<\/p>\n\n\n\n<p class=\"wp-block-paragraph\">Et moi, je me disais :<br>&#8211; Mais comment est ce que \u00e7a se fait qu&rsquo;ils puissent r\u00eaver \u00e0 des chanteurs, ou \u00e0 des chansons, \u00e0 des gens qu&rsquo;ils ne connaissent pas, ni leur histoire&#8230; <\/p>\n\n\n\n<p class=\"wp-block-paragraph\">Et on disait de moi, que j&rsquo;\u00e9tais une r\u00eaveuse ?&#8230;C&rsquo;\u00e9tait crois\u00e9 !<\/p>\n\n\n\n<p class=\"wp-block-paragraph\">Moi, la chanson ? Oui, j&rsquo;aimais bien tous ces chanteurs et leurs chansons, mais j&rsquo;aimais surtout les entendre au restaurant&#8230; <br>Je savais par exemple quelles chansons, tel ou tel client aimait&#8230; <\/p>\n\n\n\n<p class=\"wp-block-paragraph\">Quand il allait au Jukebox, et qu&rsquo;il allait mettre un franc, ce qu&rsquo;il allait mettre comme disque&#8230; Je connaissais par rapport aux go\u00fbts des gens et tr\u00e8s souvent quand j&rsquo;\u00e9tais \u00e0 c\u00f4t\u00e9 d&rsquo;eux, ils me disaient : <br>&#8211; Tu peux en choisir une&#8230;<\/p>\n\n\n\n<p class=\"wp-block-paragraph\">Parce que pour un franc on pouvait en mettre 5, alors je choisissais, Michel Fugain, Michel Sardou&#8230; <\/p>\n\n\n\n<p class=\"wp-block-paragraph\">Les chanteurs c&rsquo;\u00e9taient une identit\u00e9, un exemple de vie, c&rsquo;\u00e9tait un id\u00e9al qu&rsquo;ils voulaient atteindre. A chaque fois ma s\u0153ur \u00e9tait plong\u00e9e dans l&rsquo;une ou l&rsquo;autre, qu&rsquo;elle aurait aim\u00e9 \u00eatre&#8230;<\/p>\n\n\n\n<p class=\"wp-block-paragraph\">Moi, je n&rsquo;avais pas besoin de cette identification&#8230; ou de l&rsquo;appropriation d&rsquo;une notori\u00e9t\u00e9&#8230; Je n&rsquo;ai jamais eu \u00e7a. Mais je constatais \u00e7a, chez ma s\u0153ur et j&rsquo;\u00e9tais tr\u00e8s admirative&#8230; <\/p>\n\n\n\n<p class=\"wp-block-paragraph\">Comment elle pouvait \u00eatre compl\u00e8tement fan, fanatique, et \u00e7a leur changeait compl\u00e8tement la vie&#8230;<\/p>\n\n\n\n<p class=\"wp-block-paragraph\">D&rsquo;ailleurs, t&rsquo;aurais vu quand ma fille est all\u00e9e voir en ville, la Star Acad\u00e9mie, il y a quelques ann\u00e9es&#8230; C&rsquo;\u00e9tait devant l&rsquo;h\u00f4tel du Lac, je l&rsquo;ai accompagn\u00e9e, parce qu&rsquo;elle voulait y aller et il fallait que je comprenne&#8230;<\/p>\n\n\n\n<p class=\"wp-block-paragraph\">Mais je ne t&rsquo;explique pas, j&rsquo;ai eu un retour en arri\u00e8re, sur ma s\u0153ur, total !<\/p>\n\n\n\n<p class=\"wp-block-paragraph\">Compl\u00e8tement hyst\u00e9rique, \u00e0 gueuler par les fen\u00eatres&#8230; Je me souviens, elle avait voulu aller voir Georges Alain, je ne sais pas si tu te souviens de lui&#8230; un des chanteurs de la Star Acad\u00e9mie&#8230;<br>Et elle criait : <br>&#8211; Georges Alainnnnnnn, Georges Alainnnnnn, je veux venir avec toi&#8230;<\/p>\n\n\n\n<p class=\"wp-block-paragraph\">Des cingl\u00e9es, des cingl\u00e9es&#8230; (rire) et l&rsquo;autre&#8230; elle gueulait un autre nom&#8230; parce qu&rsquo;elle le voyait passer derri\u00e8re la fen\u00eatre de leur chambre \u00e0 coucher&#8230; Apr\u00e8s elles couraient dans les salles, le corridor&#8230;<\/p>\n\n\n\n<p class=\"wp-block-paragraph\">C&rsquo;\u00e9tait des ados&#8230;<\/p>\n\n\n\n<p class=\"wp-block-paragraph\">Merci Gracias, pour ces moments de joie.<\/p>\n","protected":false},"excerpt":{"rendered":"<p>&lt;Enregistr\u00e9 le 25 Octobre 2013&gt; Ce qui est paradoxal, ce sont nos mani\u00e8res de nous \u00e9vader&#8230;Mon fr\u00e8re et ma s\u0153ur \u00e9taient compl\u00e8tement accrocs aux chanteurs, ils r\u00eavaient des chanteurs et avaient plein de posters de leurs idoles. Ils vivaient avec des gens qui n&rsquo;\u00e9taient pas pr\u00e9sents&#8230; C&rsquo;\u00e9tait leurs r\u00eaves, et quand je voyais \u00e7a, je [&hellip;]<\/p>\n","protected":false},"author":1,"featured_media":0,"parent":0,"menu_order":0,"comment_status":"open","ping_status":"closed","template":"pages-chapitre-04","meta":{"footnotes":""},"class_list":["post-682","page","type-page","status-publish","hentry"],"jetpack_sharing_enabled":true,"_links":{"self":[{"href":"https:\/\/mercigracias.ch\/index.php?rest_route=\/wp\/v2\/pages\/682","targetHints":{"allow":["GET"]}}],"collection":[{"href":"https:\/\/mercigracias.ch\/index.php?rest_route=\/wp\/v2\/pages"}],"about":[{"href":"https:\/\/mercigracias.ch\/index.php?rest_route=\/wp\/v2\/types\/page"}],"author":[{"embeddable":true,"href":"https:\/\/mercigracias.ch\/index.php?rest_route=\/wp\/v2\/users\/1"}],"replies":[{"embeddable":true,"href":"https:\/\/mercigracias.ch\/index.php?rest_route=%2Fwp%2Fv2%2Fcomments&post=682"}],"version-history":[{"count":7,"href":"https:\/\/mercigracias.ch\/index.php?rest_route=\/wp\/v2\/pages\/682\/revisions"}],"predecessor-version":[{"id":4599,"href":"https:\/\/mercigracias.ch\/index.php?rest_route=\/wp\/v2\/pages\/682\/revisions\/4599"}],"wp:attachment":[{"href":"https:\/\/mercigracias.ch\/index.php?rest_route=%2Fwp%2Fv2%2Fmedia&parent=682"}],"curies":[{"name":"wp","href":"https:\/\/api.w.org\/{rel}","templated":true}]}}

<p class="wp-block-paragraph">&lt;Enregistré le 25 Octobre 2013&gt;</p>



<p class="wp-block-paragraph">Ce qui est paradoxal, ce sont nos manières de nous évader&#8230;<br>Mon frère et ma sœur étaient complètement accrocs aux chanteurs, ils rêvaient des chanteurs et avaient plein de posters de leurs idoles. <br>Ils vivaient avec des gens qui n&rsquo;étaient pas présents&#8230;</p>



<p class="wp-block-paragraph">C&rsquo;était leurs rêves, et quand je voyais ça, je me disais :<br>&#8211; Ils sont complètement absents&#8230; Ils vivent dans quel monde ?</p>



<p class="wp-block-paragraph">Ma sœur vivait avec « Salut les copains », et avec les images de son journal, avec la chanteuse qu&rsquo;elle voyait dedans, sur le catalogue&#8230;</p>



<p class="wp-block-paragraph">Elle lisait ses histoires, elle connaissait sa vie, et toutes les chansons de Claude François&#8230; Elle les connaissait toutes par cœur et son coin de chambre était rempli de posters et il ne fallait surtout pas abimer un coin&#8230; Mon Dieu&#8230; Un sacrilège !</p>



<p class="wp-block-paragraph">Elle devait rêver un mois, pour décider là où elle devait poser son poster&#8230; Elle mesurait avec un mètre pour savoir à combien de centimètres elle allait l&rsquo;accrocher au mur&#8230; du haut et du bas&#8230;</p>



<p class="wp-block-paragraph">Alors qu&rsquo;ils étaient complètement cartésiens et matériels&#8230; <br>C&rsquo;était époustouflant !</p>



<p class="wp-block-paragraph">Et moi, je me disais :<br>&#8211; Mais comment est ce que ça se fait qu&rsquo;ils puissent rêver à des chanteurs, ou à des chansons, à des gens qu&rsquo;ils ne connaissent pas, ni leur histoire&#8230; </p>



<p class="wp-block-paragraph">Et on disait de moi, que j&rsquo;étais une rêveuse ?&#8230;C&rsquo;était croisé !</p>



<p class="wp-block-paragraph">Moi, la chanson ? Oui, j&rsquo;aimais bien tous ces chanteurs et leurs chansons, mais j&rsquo;aimais surtout les entendre au restaurant&#8230; <br>Je savais par exemple quelles chansons, tel ou tel client aimait&#8230; </p>



<p class="wp-block-paragraph">Quand il allait au Jukebox, et qu&rsquo;il allait mettre un franc, ce qu&rsquo;il allait mettre comme disque&#8230; Je connaissais par rapport aux goûts des gens et très souvent quand j&rsquo;étais à côté d&rsquo;eux, ils me disaient : <br>&#8211; Tu peux en choisir une&#8230;</p>



<p class="wp-block-paragraph">Parce que pour un franc on pouvait en mettre 5, alors je choisissais, Michel Fugain, Michel Sardou&#8230; </p>



<p class="wp-block-paragraph">Les chanteurs c&rsquo;étaient une identité, un exemple de vie, c&rsquo;était un idéal qu&rsquo;ils voulaient atteindre. A chaque fois ma sœur était plongée dans l&rsquo;une ou l&rsquo;autre, qu&rsquo;elle aurait aimé être&#8230;</p>



<p class="wp-block-paragraph">Moi, je n&rsquo;avais pas besoin de cette identification&#8230; ou de l&rsquo;appropriation d&rsquo;une notoriété&#8230; Je n&rsquo;ai jamais eu ça. Mais je constatais ça, chez ma sœur et j&rsquo;étais très admirative&#8230; </p>



<p class="wp-block-paragraph">Comment elle pouvait être complètement fan, fanatique, et ça leur changeait complètement la vie&#8230;</p>



<p class="wp-block-paragraph">D&rsquo;ailleurs, t&rsquo;aurais vu quand ma fille est allée voir en ville, la Star Académie, il y a quelques années&#8230; C&rsquo;était devant l&rsquo;hôtel du Lac, je l&rsquo;ai accompagnée, parce qu&rsquo;elle voulait y aller et il fallait que je comprenne&#8230;</p>



<p class="wp-block-paragraph">Mais je ne t&rsquo;explique pas, j&rsquo;ai eu un retour en arrière, sur ma sœur, total !</p>



<p class="wp-block-paragraph">Complètement hystérique, à gueuler par les fenêtres&#8230; Je me souviens, elle avait voulu aller voir Georges Alain, je ne sais pas si tu te souviens de lui&#8230; un des chanteurs de la Star Académie&#8230;<br>Et elle criait : <br>&#8211; Georges Alainnnnnnn, Georges Alainnnnnn, je veux venir avec toi&#8230;</p>



<p class="wp-block-paragraph">Des cinglées, des cinglées&#8230; (rire) et l&rsquo;autre&#8230; elle gueulait un autre nom&#8230; parce qu&rsquo;elle le voyait passer derrière la fenêtre de leur chambre à coucher&#8230; Après elles couraient dans les salles, le corridor&#8230;</p>



<p class="wp-block-paragraph">C&rsquo;était des ados&#8230;</p>



<p class="wp-block-paragraph">Merci Gracias, pour ces moments de joie.</p>

<p>&lt;Enregistré le 25 Octobre 2013&gt; Ce qui est paradoxal, ce sont nos manières de nous évader&#8230;Mon frère et ma sœur étaient complètement accrocs aux chanteurs, ils rêvaient des chanteurs et avaient plein de posters de leurs idoles. Ils vivaient avec des gens qui n&rsquo;étaient pas présents&#8230; C&rsquo;était leurs rêves, et quand je voyais ça, je [&hellip;]</p>
