{"id":698,"date":"2026-01-10T10:42:46","date_gmt":"2026-01-10T10:42:46","guid":{"rendered":"https:\/\/mercigracias.ch\/?page_id=698"},"modified":"2026-07-13T05:25:18","modified_gmt":"2026-07-13T05:25:18","slug":"les-posters-de-claude-francois","status":"publish","type":"page","link":"https:\/\/mercigracias.ch\/?page_id=698","title":{"rendered":"Les posters de Claude Fran\u00e7ois"},"content":{"rendered":"\n<p class=\"wp-block-paragraph\">&lt;Enregistr\u00e9 le 15 Septembre 2015&gt;<\/p>\n\n\n\n<p class=\"wp-block-paragraph\">Ceux l\u00e0 ?&#8230; Ils \u00e9taient tous dans le JukeBox. Mais Claude Fran\u00e7ois, ma s\u0153ur ne le connaissait ni en blanc ni en noir, et il lui faisait un tel effet, qu&rsquo;elle en occupait toute la paroi de son lit, et puis elle voulait occuper toute ma partie&#8230; de mon c\u00f4t\u00e9 aussi !<\/p>\n\n\n\n<p class=\"wp-block-paragraph\">Elle ne le connaissait pas, et elle \u00e9tait pr\u00eate, mon Dieu, \u00e0 je ne sais pas quoi&#8230; Mais mon Dieu, quand elle l&rsquo;entendait&#8230;T&rsquo;avais l&rsquo;impression que c&rsquo;\u00e9tait une jouissance totale&#8230; Et elle ne le connaissait m\u00eame pas&#8230; C&rsquo;est quoi \u00e7a&#8230; ?<\/p>\n\n\n\n<p class=\"wp-block-paragraph\">J&rsquo;\u00e9tais compl\u00e8tement retourn\u00e9e, que cet homme puisse lui faire un tel effet&#8230; Donc, je me suis dit : <br>&#8211; Jusqu&rsquo;o\u00f9 elle peut aller ? <br>Ok, tu peux mettre des photos, des posters sur mon c\u00f4t\u00e9 et tout&#8230; Quand elle me discutait sur diff\u00e9rentes choses, quand elle me disait : <br>&#8211; Ah&#8230; il faut ranger ta place, tes poup\u00e9es !<\/p>\n\n\n\n<p class=\"wp-block-paragraph\">Bien s\u00fbr, moi j&rsquo;avais trente six poup\u00e9es dans mon lit et partout&#8230;<br>&#8211; D&rsquo;accord&#8230; ben puisque \u00e7a ne te va pas, range les moi comme tu veux, que je lui disais, autrement je t&rsquo;enl\u00e8ve les photos de ton joli Monsieur que tu ne connais m\u00eame pas&#8230;(rire)<\/p>\n\n\n\n<p class=\"wp-block-paragraph\">L\u00e0, c&rsquo;\u00e9tait le grand drame&#8230;<\/p>\n\n\n\n<p class=\"wp-block-paragraph\">Alors voil\u00e0, elle me rangeait ma partie&#8230; J&rsquo;avais compris que c&rsquo;\u00e9tait l&rsquo;histoire de ce monsieur l\u00e0, qui faisait toute la diff\u00e9rence, qui la faisait sourire ou pas sourire&#8230; J&rsquo;\u00e9tais compl\u00e8tement subjugu\u00e9e de l&rsquo;effet que \u00e7a pouvait avoir sur elle&#8230; C&rsquo;\u00e9tait quelque chose !<\/p>\n\n\n\n<p class=\"wp-block-paragraph\">Je me disais : <br>&#8211; Mais elle fait \u00e7a comment ?<\/p>\n\n\n\n<p class=\"wp-block-paragraph\">Et puis apr\u00e8s, je vais au jeu de quilles, pour nettoyer le jeu de quilles en bas&#8230; et je vois mon fr\u00e8re avec les Beatles&#8230;<\/p>\n\n\n\n<p class=\"wp-block-paragraph\">&#8211; Ah bon , lui aussi ?<br>C&rsquo;\u00e9tait tout un groupe qui chantait, et il \u00e9tait l\u00e0 tout content&#8230;<br>Tout fou, il allait mettre sa musique en bas, et en nettoyant et il \u00e9tait&#8230; <br>&#8211; Ohhh&#8230;  Mais il fait \u00e7a comment ?<\/p>\n\n\n\n<p class=\"wp-block-paragraph\">C&rsquo;\u00e9tait aussi quelque chose de compl\u00e8tement fou, les Beatles, Beatles, Beatles, et j&rsquo;\u00e9tais toute \u00e9tonn\u00e9e de me dire : <br>-&#8230;Tiens, tiens&#8230;<\/p>\n\n\n\n<p class=\"wp-block-paragraph\">Alors que moi, ben&#8230; Non je n&rsquo;avais pas encore compris \u00e7a ! J&rsquo;entendais les musiques de Michel Fugain, et c&rsquo;est vrai j&rsquo;aimais bien quand il grattait sur sa guitare&#8230; Je trouvais qu&rsquo;il avait quelque chose de tr\u00e8s doux&#8230; <br>J&rsquo;aimais aussi Polnareff, quand il parlait avec ces sons tellement aigus, et je trouvais qu&rsquo;il avait un \u00e9lev\u00e9 de voix, qui \u00e9tait assez fantastique.<\/p>\n\n\n\n<p class=\"wp-block-paragraph\">J&rsquo;aimais bien Julien Clerc, parce qu&rsquo;il avait cette voix qui tremblotait, chevrotante, comme \u00e7a et que \u00e7a me faisait rigoler&#8230; Alors je l&rsquo;imitais, ahahahaha&#8230; <br>J&rsquo;entendais les chanteurs, mais je n&rsquo;aurais pas pu dire comme eux,<br>celui l\u00e0, celui l\u00e0, moi je ne les connaissais pas&#8230;!<\/p>\n\n\n\n<p class=\"wp-block-paragraph\">Qu&rsquo;est ce que \u00e7a pouvait bien m&rsquo;apporter et me faire ? <\/p>\n\n\n\n<p class=\"wp-block-paragraph\">M\u00eame quand j&rsquo;\u00e9tais \u00e0 Gstaad&#8230; On m&rsquo;a dit :<br>&#8211; Quoi ? &#8230; Yves Montant ?&#8230;tu vas voir Yves Montant ?<\/p>\n\n\n\n<p class=\"wp-block-paragraph\">Mais \u00e7a c&rsquo;est une autre histoire&#8230;<\/p>\n\n\n\n<p class=\"wp-block-paragraph\">Merci Gracias<\/p>\n","protected":false},"excerpt":{"rendered":"<p>&lt;Enregistr\u00e9 le 15 Septembre 2015&gt; Ceux l\u00e0 ?&#8230; Ils \u00e9taient tous dans le JukeBox. Mais Claude Fran\u00e7ois, ma s\u0153ur ne le connaissait ni en blanc ni en noir, et il lui faisait un tel effet, qu&rsquo;elle en occupait toute la paroi de son lit, et puis elle voulait occuper toute ma partie&#8230; de mon c\u00f4t\u00e9 [&hellip;]<\/p>\n","protected":false},"author":1,"featured_media":0,"parent":0,"menu_order":0,"comment_status":"open","ping_status":"closed","template":"pages-chapitre-04","meta":{"footnotes":""},"class_list":["post-698","page","type-page","status-publish","hentry"],"jetpack_sharing_enabled":true,"_links":{"self":[{"href":"https:\/\/mercigracias.ch\/index.php?rest_route=\/wp\/v2\/pages\/698","targetHints":{"allow":["GET"]}}],"collection":[{"href":"https:\/\/mercigracias.ch\/index.php?rest_route=\/wp\/v2\/pages"}],"about":[{"href":"https:\/\/mercigracias.ch\/index.php?rest_route=\/wp\/v2\/types\/page"}],"author":[{"embeddable":true,"href":"https:\/\/mercigracias.ch\/index.php?rest_route=\/wp\/v2\/users\/1"}],"replies":[{"embeddable":true,"href":"https:\/\/mercigracias.ch\/index.php?rest_route=%2Fwp%2Fv2%2Fcomments&post=698"}],"version-history":[{"count":5,"href":"https:\/\/mercigracias.ch\/index.php?rest_route=\/wp\/v2\/pages\/698\/revisions"}],"predecessor-version":[{"id":5651,"href":"https:\/\/mercigracias.ch\/index.php?rest_route=\/wp\/v2\/pages\/698\/revisions\/5651"}],"wp:attachment":[{"href":"https:\/\/mercigracias.ch\/index.php?rest_route=%2Fwp%2Fv2%2Fmedia&parent=698"}],"curies":[{"name":"wp","href":"https:\/\/api.w.org\/{rel}","templated":true}]}}

Les posters de Claude François

<p class="wp-block-paragraph">&lt;Enregistré le 15 Septembre 2015&gt;</p>



<p class="wp-block-paragraph">Ceux là ?&#8230; Ils étaient tous dans le JukeBox. Mais Claude François, ma sœur ne le connaissait ni en blanc ni en noir, et il lui faisait un tel effet, qu&rsquo;elle en occupait toute la paroi de son lit, et puis elle voulait occuper toute ma partie&#8230; de mon côté aussi !</p>



<p class="wp-block-paragraph">Elle ne le connaissait pas, et elle était prête, mon Dieu, à je ne sais pas quoi&#8230; Mais mon Dieu, quand elle l&rsquo;entendait&#8230;T&rsquo;avais l&rsquo;impression que c&rsquo;était une jouissance totale&#8230; Et elle ne le connaissait même pas&#8230; C&rsquo;est quoi ça&#8230; ?</p>



<p class="wp-block-paragraph">J&rsquo;étais complètement retournée, que cet homme puisse lui faire un tel effet&#8230; Donc, je me suis dit : <br>&#8211; Jusqu&rsquo;où elle peut aller ? <br>Ok, tu peux mettre des photos, des posters sur mon côté et tout&#8230; Quand elle me discutait sur différentes choses, quand elle me disait : <br>&#8211; Ah&#8230; il faut ranger ta place, tes poupées !</p>



<p class="wp-block-paragraph">Bien sûr, moi j&rsquo;avais trente six poupées dans mon lit et partout&#8230;<br>&#8211; D&rsquo;accord&#8230; ben puisque ça ne te va pas, range les moi comme tu veux, que je lui disais, autrement je t&rsquo;enlève les photos de ton joli Monsieur que tu ne connais même pas&#8230;(rire)</p>



<p class="wp-block-paragraph">Là, c&rsquo;était le grand drame&#8230;</p>



<p class="wp-block-paragraph">Alors voilà, elle me rangeait ma partie&#8230; J&rsquo;avais compris que c&rsquo;était l&rsquo;histoire de ce monsieur là, qui faisait toute la différence, qui la faisait sourire ou pas sourire&#8230; J&rsquo;étais complètement subjuguée de l&rsquo;effet que ça pouvait avoir sur elle&#8230; C&rsquo;était quelque chose !</p>



<p class="wp-block-paragraph">Je me disais : <br>&#8211; Mais elle fait ça comment ?</p>



<p class="wp-block-paragraph">Et puis après, je vais au jeu de quilles, pour nettoyer le jeu de quilles en bas&#8230; et je vois mon frère avec les Beatles&#8230;</p>



<p class="wp-block-paragraph">&#8211; Ah bon , lui aussi ?<br>C&rsquo;était tout un groupe qui chantait, et il était là tout content&#8230;<br>Tout fou, il allait mettre sa musique en bas, et en nettoyant et il était&#8230; <br>&#8211; Ohhh&#8230;  Mais il fait ça comment ?</p>



<p class="wp-block-paragraph">C&rsquo;était aussi quelque chose de complètement fou, les Beatles, Beatles, Beatles, et j&rsquo;étais toute étonnée de me dire : <br>-&#8230;Tiens, tiens&#8230;</p>



<p class="wp-block-paragraph">Alors que moi, ben&#8230; Non je n&rsquo;avais pas encore compris ça ! J&rsquo;entendais les musiques de Michel Fugain, et c&rsquo;est vrai j&rsquo;aimais bien quand il grattait sur sa guitare&#8230; Je trouvais qu&rsquo;il avait quelque chose de très doux&#8230; <br>J&rsquo;aimais aussi Polnareff, quand il parlait avec ces sons tellement aigus, et je trouvais qu&rsquo;il avait un élevé de voix, qui était assez fantastique.</p>



<p class="wp-block-paragraph">J&rsquo;aimais bien Julien Clerc, parce qu&rsquo;il avait cette voix qui tremblotait, chevrotante, comme ça et que ça me faisait rigoler&#8230; Alors je l&rsquo;imitais, ahahahaha&#8230; <br>J&rsquo;entendais les chanteurs, mais je n&rsquo;aurais pas pu dire comme eux,<br>celui là, celui là, moi je ne les connaissais pas&#8230;!</p>



<p class="wp-block-paragraph">Qu&rsquo;est ce que ça pouvait bien m&rsquo;apporter et me faire ? </p>



<p class="wp-block-paragraph">Même quand j&rsquo;étais à Gstaad&#8230; On m&rsquo;a dit :<br>&#8211; Quoi ? &#8230; Yves Montant ?&#8230;tu vas voir Yves Montant ?</p>



<p class="wp-block-paragraph">Mais ça c&rsquo;est une autre histoire&#8230;</p>



<p class="wp-block-paragraph">Merci Gracias</p>

<p>&lt;Enregistré le 15 Septembre 2015&gt; Ceux là ?&#8230; Ils étaient tous dans le JukeBox. Mais Claude François, ma sœur ne le connaissait ni en blanc ni en noir, et il lui faisait un tel effet, qu&rsquo;elle en occupait toute la paroi de son lit, et puis elle voulait occuper toute ma partie&#8230; de mon côté [&hellip;]</p>
