{"id":704,"date":"2026-01-10T11:22:53","date_gmt":"2026-01-10T11:22:53","guid":{"rendered":"https:\/\/mercigracias.ch\/?page_id=704"},"modified":"2026-06-19T05:27:18","modified_gmt":"2026-06-19T05:27:18","slug":"on-va-danser","status":"publish","type":"page","link":"https:\/\/mercigracias.ch\/?page_id=704","title":{"rendered":"On va danser&#8230;"},"content":{"rendered":"\n<p class=\"wp-block-paragraph\">&lt;Enregistr\u00e9 le 27 Ao\u00fbt 2014&gt;<\/p>\n\n\n\n<p class=\"wp-block-paragraph\">&#8211; <em>Tu as appris tr\u00e8s t\u00f4t \u00e0 te prendre en charge.<\/em>.. <br>&#8211; Ben oui puisque je n&rsquo;avais pas cette s\u00e9curit\u00e9&#8230;<br>Tu vois quand je suis partie avec la danse folklorique du village, <br>j&rsquo;\u00e9tais petite, il a m\u00eame fallu que je cherche un p\u00e8re de substitution&#8230; Mais comment, il fallait bien que je trouve !<\/p>\n\n\n\n<p class=\"wp-block-paragraph\">Je ne sais pas, mais en tout cas j&rsquo;avais 6 ans. C&rsquo;\u00e9tait en 64, on \u00e9tait parti deux jours danser pour le <a href=\"https:\/\/fr.wikipedia.org\/wiki\/Comptoir_suisse\">Comptoir suisse<\/a> mais j&rsquo;\u00e9tais juste prise comme rempla\u00e7ante parce qu&rsquo;il y avait quelqu&rsquo;un qui n&rsquo;\u00e9tait pas bien, alors c&rsquo;\u00e9tait pour le remplacer.<\/p>\n\n\n\n<p class=\"wp-block-paragraph\">Alors l\u00e0, j&rsquo;ai eu l&rsquo;occasion d&rsquo;aller danser, et je me souviens d&rsquo;avoir v\u00e9cu la joie de voir les gens applaudir. C&rsquo;\u00e9tait quelque chose pour moi que les gens m&rsquo;applaudissent, quand je dansais&#8230; En fin de compte j&rsquo;\u00e9tais une danseuse !<\/p>\n\n\n\n<p class=\"wp-block-paragraph\">Ce qui m&rsquo;a fait faire des r\u00eaves, que serai danseuse plus tard, tout au long de ma vie s&rsquo;\u00e9tait toujours mon r\u00eave. J&rsquo;\u00e9tais danseuse, et j&rsquo;avais un public&#8230;<\/p>\n\n\n\n<p class=\"wp-block-paragraph\">Quand j&rsquo;allais m&rsquo;\u00e9vader au galetas, je ne dansais pas, je chantais&#8230; <br>Je chantais l\u00e0 haut, sur le toit du galetas. Mais je dansais dans la grande salle du restaurant, l\u00e0 o\u00f9 le groupe folklorique faisait ses r\u00e9p\u00e9titions. J&rsquo;avais eu de la chance parce que j&rsquo;avais compris quand ils venaient, qu&rsquo;ils utilisaient un transistor, et qu&rsquo;ils l&rsquo;enfermaient dans l&rsquo;armoire&#8230; J&rsquo;avais vu comment ils le mettaient sur Play, dessus et qu&rsquo;il y avait de la musique&#8230;<br>Je savais donc le mettre en marche, et j&rsquo;avais la musique !<\/p>\n\n\n\n<p class=\"wp-block-paragraph\">Quand les grands venaient danser le soir, ils venaient toujours le mardi soir ou le jeudi soir, alors j&rsquo;allais guigner par dessous pour savoir comment il dansaient&#8230; <br>Les grands c&rsquo;\u00e9taient les adultes !<\/p>\n\n\n\n<p class=\"wp-block-paragraph\">Ils faisaient diff\u00e9rentes choses alors j&rsquo;essayais de comprendre pour savoir comment ils faisaient, pour essayer de refaire aussi, tu vois je prenais la main comme \u00e7a&#8230;(rire) et je tournais&#8230;<\/p>\n\n\n\n<p class=\"wp-block-paragraph\">Et au Comptoir Suisse, le soir on a dormi dans un des campements militaires. J&rsquo;avais peur, puisque je n&rsquo;avais pas l&rsquo;habitude de dormir ailleurs que dans mon lit&#8230;<br>J&rsquo;ai dormi dans une couchette, mais comme je n&rsquo;avais jamais dormi seule&#8230; Alors \u00e9videment, j&rsquo;avais le souci de dormir comme \u00e7a toute seule, et l\u00e0, j&rsquo;\u00e9tais tout au fond du dortoir, l\u00e0-bas tout contre le mur&#8230; Je me souviens d&rsquo;avoir eu tr\u00e8s peur de dormir l\u00e0-bas.<\/p>\n\n\n\n<p class=\"wp-block-paragraph\">Mais finalement c&rsquo;\u00e9tait la copine de ma s\u0153ur, la fille du boulanger qui s&rsquo;\u00e9tait mise \u00e0 c\u00f4t\u00e9 de moi, celle qui est d\u00e9c\u00e9d\u00e9e plus tard de la scl\u00e9rose en plaques&#8230; On avait coll\u00e9 les lits jusqu&rsquo;au fond, d&rsquo;un c\u00f4t\u00e9 c&rsquo;\u00e9tait le mur et de l&rsquo;autre c&rsquo;\u00e9tait elle. Elle \u00e9tait venue me rassurer, et elle m&rsquo;avait dit : <br>&#8211; Non, ne t&rsquo;inqui\u00e8te pas, si il y a quelque chose, je suis l\u00e0, tu n&rsquo;as pas \u00e0&#8230;<\/p>\n\n\n\n<p class=\"wp-block-paragraph\">C&rsquo;est la premi\u00e8re fois et la seule fois, je pense, que j&rsquo;ai eu vraiment un contact avec elle&#8230; Elle avait jou\u00e9 \u00e0 la petite maman pour moi, bien qu&rsquo;elle n&rsquo;avait que deux ans de plus que moi&#8230;<\/p>\n\n\n\n<p class=\"wp-block-paragraph\">Il y avait bien mon fr\u00e8re et ma s\u0153ur qui \u00e9taient l\u00e0 aussi, mais avec eux je n&rsquo;ai pas de souvenir de cette journ\u00e9e, aucun. <br>Par contre j&rsquo;ai eu le souvenir aussi de Bernard, un employ\u00e9 de la boulangerie&#8230; C&rsquo;est lui que j&rsquo;avais choisi et qui allait faire ma nounou, qui allait combler mes angoisses, et chez qui quand j&rsquo;avais sommeil, j&rsquo;allais dans ses bras&#8230;<\/p>\n\n\n\n<p class=\"wp-block-paragraph\">Je me souviens que ma s\u0153ur elle s&rsquo;\u00e9tait m\u00eame perdue&#8230; <br>Elle a eu aussi son histoire, comme elle n&rsquo;en faisait qu&rsquo;\u00e0 sa t\u00eate, elle n&rsquo;avait pas suivi le groupe&#8230; (rire)&#8230;Elle a eu aussi sa dose.<\/p>\n\n\n\n<p class=\"wp-block-paragraph\">Moi, j&rsquo;\u00e9tais plus maline, j&rsquo;avais pris un p\u00e8re de substitution qui allait prendre soin de moi, et qui m&rsquo;avait sagement ramen\u00e9e \u00e0 la maison dans ses bras, endormie&#8230;<br>Je m&rsquo;\u00e9tais bien r\u00e9veill\u00e9e plusieurs fois, mais je m&rsquo;\u00e9tais dit :<\/p>\n\n\n\n<p class=\"wp-block-paragraph\">&#8211; Tu vois l\u00e0, t&rsquo;es bien avec celui l\u00e0&#8230; tu le coinces, et il va prendre soin de toi, c&rsquo;est bon !<\/p>\n\n\n\n<p class=\"wp-block-paragraph\">Merci Gracias<\/p>\n\n\n\n<p class=\"wp-block-paragraph\"><\/p>\n\n\n\n<p class=\"wp-block-paragraph\"><\/p>\n","protected":false},"excerpt":{"rendered":"<p>&lt;Enregistr\u00e9 le 27 Ao\u00fbt 2014&gt; &#8211; Tu as appris tr\u00e8s t\u00f4t \u00e0 te prendre en charge&#8230; &#8211; Ben oui puisque je n&rsquo;avais pas cette s\u00e9curit\u00e9&#8230;Tu vois quand je suis partie avec la danse folklorique du village, j&rsquo;\u00e9tais petite, il a m\u00eame fallu que je cherche un p\u00e8re de substitution&#8230; Mais comment, il fallait bien que [&hellip;]<\/p>\n","protected":false},"author":1,"featured_media":0,"parent":0,"menu_order":0,"comment_status":"open","ping_status":"closed","template":"pages-chapitre-04","meta":{"footnotes":""},"class_list":["post-704","page","type-page","status-publish","hentry"],"jetpack_sharing_enabled":true,"_links":{"self":[{"href":"https:\/\/mercigracias.ch\/index.php?rest_route=\/wp\/v2\/pages\/704","targetHints":{"allow":["GET"]}}],"collection":[{"href":"https:\/\/mercigracias.ch\/index.php?rest_route=\/wp\/v2\/pages"}],"about":[{"href":"https:\/\/mercigracias.ch\/index.php?rest_route=\/wp\/v2\/types\/page"}],"author":[{"embeddable":true,"href":"https:\/\/mercigracias.ch\/index.php?rest_route=\/wp\/v2\/users\/1"}],"replies":[{"embeddable":true,"href":"https:\/\/mercigracias.ch\/index.php?rest_route=%2Fwp%2Fv2%2Fcomments&post=704"}],"version-history":[{"count":12,"href":"https:\/\/mercigracias.ch\/index.php?rest_route=\/wp\/v2\/pages\/704\/revisions"}],"predecessor-version":[{"id":4704,"href":"https:\/\/mercigracias.ch\/index.php?rest_route=\/wp\/v2\/pages\/704\/revisions\/4704"}],"wp:attachment":[{"href":"https:\/\/mercigracias.ch\/index.php?rest_route=%2Fwp%2Fv2%2Fmedia&parent=704"}],"curies":[{"name":"wp","href":"https:\/\/api.w.org\/{rel}","templated":true}]}}

<p class="wp-block-paragraph">&lt;Enregistré le 27 Août 2014&gt;</p>



<p class="wp-block-paragraph">&#8211; <em>Tu as appris très tôt à te prendre en charge.</em>.. <br>&#8211; Ben oui puisque je n&rsquo;avais pas cette sécurité&#8230;<br>Tu vois quand je suis partie avec la danse folklorique du village, <br>j&rsquo;étais petite, il a même fallu que je cherche un père de substitution&#8230; Mais comment, il fallait bien que je trouve !</p>



<p class="wp-block-paragraph">Je ne sais pas, mais en tout cas j&rsquo;avais 6 ans. C&rsquo;était en 64, on était parti deux jours danser pour le <a href="https://fr.wikipedia.org/wiki/Comptoir_suisse">Comptoir suisse</a> mais j&rsquo;étais juste prise comme remplaçante parce qu&rsquo;il y avait quelqu&rsquo;un qui n&rsquo;était pas bien, alors c&rsquo;était pour le remplacer.</p>



<p class="wp-block-paragraph">Alors là, j&rsquo;ai eu l&rsquo;occasion d&rsquo;aller danser, et je me souviens d&rsquo;avoir vécu la joie de voir les gens applaudir. C&rsquo;était quelque chose pour moi que les gens m&rsquo;applaudissent, quand je dansais&#8230; En fin de compte j&rsquo;étais une danseuse !</p>



<p class="wp-block-paragraph">Ce qui m&rsquo;a fait faire des rêves, que serai danseuse plus tard, tout au long de ma vie s&rsquo;était toujours mon rêve. J&rsquo;étais danseuse, et j&rsquo;avais un public&#8230;</p>



<p class="wp-block-paragraph">Quand j&rsquo;allais m&rsquo;évader au galetas, je ne dansais pas, je chantais&#8230; <br>Je chantais là haut, sur le toit du galetas. Mais je dansais dans la grande salle du restaurant, là où le groupe folklorique faisait ses répétitions. J&rsquo;avais eu de la chance parce que j&rsquo;avais compris quand ils venaient, qu&rsquo;ils utilisaient un transistor, et qu&rsquo;ils l&rsquo;enfermaient dans l&rsquo;armoire&#8230; J&rsquo;avais vu comment ils le mettaient sur Play, dessus et qu&rsquo;il y avait de la musique&#8230;<br>Je savais donc le mettre en marche, et j&rsquo;avais la musique !</p>



<p class="wp-block-paragraph">Quand les grands venaient danser le soir, ils venaient toujours le mardi soir ou le jeudi soir, alors j&rsquo;allais guigner par dessous pour savoir comment il dansaient&#8230; <br>Les grands c&rsquo;étaient les adultes !</p>



<p class="wp-block-paragraph">Ils faisaient différentes choses alors j&rsquo;essayais de comprendre pour savoir comment ils faisaient, pour essayer de refaire aussi, tu vois je prenais la main comme ça&#8230;(rire) et je tournais&#8230;</p>



<p class="wp-block-paragraph">Et au Comptoir Suisse, le soir on a dormi dans un des campements militaires. J&rsquo;avais peur, puisque je n&rsquo;avais pas l&rsquo;habitude de dormir ailleurs que dans mon lit&#8230;<br>J&rsquo;ai dormi dans une couchette, mais comme je n&rsquo;avais jamais dormi seule&#8230; Alors évidement, j&rsquo;avais le souci de dormir comme ça toute seule, et là, j&rsquo;étais tout au fond du dortoir, là-bas tout contre le mur&#8230; Je me souviens d&rsquo;avoir eu très peur de dormir là-bas.</p>



<p class="wp-block-paragraph">Mais finalement c&rsquo;était la copine de ma sœur, la fille du boulanger qui s&rsquo;était mise à côté de moi, celle qui est décédée plus tard de la sclérose en plaques&#8230; On avait collé les lits jusqu&rsquo;au fond, d&rsquo;un côté c&rsquo;était le mur et de l&rsquo;autre c&rsquo;était elle. Elle était venue me rassurer, et elle m&rsquo;avait dit : <br>&#8211; Non, ne t&rsquo;inquiète pas, si il y a quelque chose, je suis là, tu n&rsquo;as pas à&#8230;</p>



<p class="wp-block-paragraph">C&rsquo;est la première fois et la seule fois, je pense, que j&rsquo;ai eu vraiment un contact avec elle&#8230; Elle avait joué à la petite maman pour moi, bien qu&rsquo;elle n&rsquo;avait que deux ans de plus que moi&#8230;</p>



<p class="wp-block-paragraph">Il y avait bien mon frère et ma sœur qui étaient là aussi, mais avec eux je n&rsquo;ai pas de souvenir de cette journée, aucun. <br>Par contre j&rsquo;ai eu le souvenir aussi de Bernard, un employé de la boulangerie&#8230; C&rsquo;est lui que j&rsquo;avais choisi et qui allait faire ma nounou, qui allait combler mes angoisses, et chez qui quand j&rsquo;avais sommeil, j&rsquo;allais dans ses bras&#8230;</p>



<p class="wp-block-paragraph">Je me souviens que ma sœur elle s&rsquo;était même perdue&#8230; <br>Elle a eu aussi son histoire, comme elle n&rsquo;en faisait qu&rsquo;à sa tête, elle n&rsquo;avait pas suivi le groupe&#8230; (rire)&#8230;Elle a eu aussi sa dose.</p>



<p class="wp-block-paragraph">Moi, j&rsquo;étais plus maline, j&rsquo;avais pris un père de substitution qui allait prendre soin de moi, et qui m&rsquo;avait sagement ramenée à la maison dans ses bras, endormie&#8230;<br>Je m&rsquo;étais bien réveillée plusieurs fois, mais je m&rsquo;étais dit :</p>



<p class="wp-block-paragraph">&#8211; Tu vois là, t&rsquo;es bien avec celui là&#8230; tu le coinces, et il va prendre soin de toi, c&rsquo;est bon !</p>



<p class="wp-block-paragraph">Merci Gracias</p>



<p class="wp-block-paragraph"></p>



<p class="wp-block-paragraph"></p>

<p>&lt;Enregistré le 27 Août 2014&gt; &#8211; Tu as appris très tôt à te prendre en charge&#8230; &#8211; Ben oui puisque je n&rsquo;avais pas cette sécurité&#8230;Tu vois quand je suis partie avec la danse folklorique du village, j&rsquo;étais petite, il a même fallu que je cherche un père de substitution&#8230; Mais comment, il fallait bien que [&hellip;]</p>
